{"id":10015,"date":"2023-12-29T23:33:11","date_gmt":"2023-12-29T23:33:11","guid":{"rendered":"https:\/\/digistar.ma\/?post_type=product&#038;p=10015"},"modified":"2023-12-29T23:34:56","modified_gmt":"2023-12-29T23:34:56","slug":"scanner-hp-scanjet-pro-2000-s2","status":"publish","type":"product","link":"https:\/\/digistar.ma\/?product=scanner-hp-scanjet-pro-2000-s2","title":{"rendered":"Scanner HP ScanJet Pro 2000 s2"},"content":{"rendered":"<h4>Scanner HP ScanJet Pro 2000 s2<\/h4>\n<section>Le\u00a0<strong>HP Scanjet Pro 2000 s2<\/strong>\u00a0est rapide, abordable et con\u00e7u pour r\u00e9pondre \u00e0 tous vos besoins, des travaux couleur simples aux flux de travail complexes. Avec lui, la num\u00e9risation rapide et fiable de vos projets \u00e0 gros volume se fait \u00e0 des vitesses pouvant atteindre 35 ppm\/70 ipm. C&#8217;est un scanner qui est dot\u00e9 d&#8217;un chargeur automatique de documents de 50 pages. Il est recommand\u00e9 pour des volumes de 3 500 pages par jour.<\/section>\n<section><\/section>\n<section><img decoding=\"async\" src=\"https:\/\/media.ldlc.com\/bo\/images\/fiches\/scanner\/hp\/scanjet%20pro%202000%20s2\/scanners-hp-pro-2000-s2-800_1.jpg\" alt=\"\" \/><\/section>\n<section><\/section>\n<section>\n<div class=\"desc-image\"><\/div>\n<div class=\"desc-text\">\n<h2>TAILLE R\u00c9DUITE. NUM\u00c9RISATIONS RAPIDES. M\u00caMES R\u00c9SULTATS FIABLES.<\/h2>\n<p>Produisez des num\u00e9risations \u00e0 jusqu&#8217;\u00e0 35 ppm\/70 ipm avec num\u00e9risation recto-verso qui capture les deux faces \u00e0 la fois. Lib\u00e9rez de l&#8217;espace de travail. Ce scanner HP ScanJet Pro est petit et ultra-plat : un design moderne parfaitement adapt\u00e9 \u00e0 votre bureau.<\/p>\n<p>N&#8217;attendez plus le pr\u00e9chauffage : la technologie de num\u00e9risation HP Instant-on vous permet de commencer rapidement la num\u00e9risation. Placez jusqu&#8217;\u00e0 50 pages dans le chargeur automatique de documents pour des num\u00e9risations rapides sans surveillance.<\/p>\n<\/div>\n<\/section>\n<section>\n<div class=\"desc-text\">\n<h2>OPTIMISEZ LES FLUX DE TRAVAIL\u00a0ET CAPTUREZ DES DOCUMENTS D\u2019ENTREPRISE COMME UN PRO<\/h2>\n<p>Rationalisez le travail de routine avec la touche de num\u00e9risation rapide : cr\u00e9ez des param\u00e8tres personnalis\u00e9s avec une touche d&#8217;acc\u00e8s rapide pour les travaux de num\u00e9risation r\u00e9currents. Num\u00e9risez des images directement dans des applications gr\u00e2ce aux logiciels complets TWAIN et ISIS.<\/p>\n<p>Convertissez facilement des num\u00e9risations en texte modifiable, en fichiers PDF consultables et autres types de fichiers, gr\u00e2ce \u00e0 l\u2019OCR (syst\u00e8me de reconnaissance optique des caract\u00e8res) int\u00e9gr\u00e9. Partagez ou archivez rapidement des num\u00e9risations directement vers des destinations de cloud populaires avec le logiciel HP Scan.<\/p>\n<p>D\u00e9finissez des profils de num\u00e9risation pour les types de documents courants et num\u00e9risez vers plusieurs destinations gr\u00e2ce au logiciel HP Scan. Capturez et organisez des documents, des cartes de visite et d&#8217;autres types de fichiers avec le logiciel riche en fonctionnalit\u00e9s. Produisez des num\u00e9risations claires et lisibles avec des r\u00e9solutions pouvant atteindre 1200 ppp.<\/p>\n<\/div>\n<div class=\"desc-image\"><img decoding=\"async\" src=\"https:\/\/media.ldlc.com\/bo\/images\/fiches\/scanner\/hp\/scanjet%20pro%202000%20s2\/scanners-hp-pro-2000-s2-800_2.jpg\" alt=\"\" \/><\/div>\n<\/section>\n<section class=\"list\">\n<h2>PRINCIPALES CARACT\u00c9RISTIQUES Scanner HP ScanJet Pro 2000 s2<\/h2>\n<ul>\n<li>Design\u00a0compact<\/li>\n<li>Haute qualit\u00e9 : num\u00e9risation optique de 600 x 600 dpi<\/li>\n<li>Taux d&#8217;utilisation quotidien recommand\u00e9 : 3 500 pages<\/li>\n<li>Capacit\u00e9 du bac d&#8217;alimentation automatique : En standard, 50 feuilles<\/li>\n<li>Vitesse du bac d&#8217;alimentation automatique : Jusqu&#8217;\u00e0 35 ppm\/70 ipm 3<\/li>\n<li>Options de num\u00e9risation (ADF)<\/li>\n<li>Recto verso en un seul passage<\/li>\n<li>Formats de fichiers pour la num\u00e9risation : PDF, JPEG, PNG, BMP, TIFF, Word, Excel, PowerPoint, texte<\/li>\n<li>Support pris en charge : Feuilles coup\u00e9es, Papier imprim\u00e9, Papier pr\u00e9-perfor\u00e9, Ch\u00e8ques de banque, Cartes de visite, Factures de marchandises, Formulaires sans carbone, Feuilles de support plastique, Cartes plastique<\/li>\n<li>Syst\u00e8mes d&#8217;exploitation compatibles : Microsoft\u00a0Windows\u00a0(10, 8.1, 7, XP), MacOS (10.15, 10.14,10.13), Linux<\/li>\n<li>Compatible : Citrix<\/li>\n<li>Connectivit\u00e9 : USB 3.0<\/li>\n<li>Dimensions\u00a0(L x P x H) : 300 x 172 x 154 mm<\/li>\n<li>Poids : 2,7 kg<\/li>\n<\/ul>\n<\/section>\n","protected":false},"excerpt":{"rendered":"<p>Scanner \u00e0 d\u00e9filement<br \/>\nRecto 35 pages A4 par minute &#8211; Recto-verso 70 images A4 par minute<br \/>\nR\u00e9solution optique maximale: 600 dpi<br \/>\nProfondeur: 24 bits (externe), 48 bits (internes) &#8211; Niveaux de gris: 256<br \/>\nVitesse de num\u00e9risation chargeur auto: Jusqu&#8217;\u00e0 35 ppm\/70 ipm<br \/>\nTaille maximale de num\u00e9risation : 216 x 3100 mm (chargeur auto)<br \/>\nFormats accept\u00e9s: A4<br \/>\nTaux d&#8217;utilisation: 3500 pages\/jour<br \/>\nConnectivit\u00e9: USB 3.0<br \/>\nCapacit\u00e9 du bac d&#8217;alimentation automatique: 50<\/p>\n","protected":false},"featured_media":10016,"comment_status":"open","ping_status":"closed","template":"","meta":{"_acf_changed":false,"_monsterinsights_skip_tracking":false,"_monsterinsights_sitenote_active":false,"_monsterinsights_sitenote_note":"","_monsterinsights_sitenote_category":0,"_uf_show_specific_survey":0,"_uf_disable_surveys":false,"_joinchat":[]},"product_brand":[],"product_cat":[15,254,295],"product_tag":[],"class_list":{"0":"post-10015","1":"product","2":"type-product","3":"status-publish","4":"has-post-thumbnail","6":"product_cat-imprimante-scanner","7":"product_cat-scanner","8":"product_cat-scanner-a-defilement","10":"first","11":"instock","12":"sale","13":"shipping-taxable","14":"purchasable","15":"product-type-simple"},"acf":[],"jetpack_sharing_enabled":true,"_links":{"self":[{"href":"https:\/\/digistar.ma\/index.php?rest_route=\/wp\/v2\/product\/10015","targetHints":{"allow":["GET"]}}],"collection":[{"href":"https:\/\/digistar.ma\/index.php?rest_route=\/wp\/v2\/product"}],"about":[{"href":"https:\/\/digistar.ma\/index.php?rest_route=\/wp\/v2\/types\/product"}],"replies":[{"embeddable":true,"href":"https:\/\/digistar.ma\/index.php?rest_route=%2Fwp%2Fv2%2Fcomments&post=10015"}],"version-history":[{"count":4,"href":"https:\/\/digistar.ma\/index.php?rest_route=\/wp\/v2\/product\/10015\/revisions"}],"predecessor-version":[{"id":10024,"href":"https:\/\/digistar.ma\/index.php?rest_route=\/wp\/v2\/product\/10015\/revisions\/10024"}],"wp:featuredmedia":[{"embeddable":true,"href":"https:\/\/digistar.ma\/index.php?rest_route=\/wp\/v2\/media\/10016"}],"wp:attachment":[{"href":"https:\/\/digistar.ma\/index.php?rest_route=%2Fwp%2Fv2%2Fmedia&parent=10015"}],"wp:term":[{"taxonomy":"product_brand","embeddable":true,"href":"https:\/\/digistar.ma\/index.php?rest_route=%2Fwp%2Fv2%2Fproduct_brand&post=10015"},{"taxonomy":"product_cat","embeddable":true,"href":"https:\/\/digistar.ma\/index.php?rest_route=%2Fwp%2Fv2%2Fproduct_cat&post=10015"},{"taxonomy":"product_tag","embeddable":true,"href":"https:\/\/digistar.ma\/index.php?rest_route=%2Fwp%2Fv2%2Fproduct_tag&post=10015"}],"curies":[{"name":"wp","href":"https:\/\/api.w.org\/{rel}","templated":true}]}}