{"id":10292,"date":"2024-01-21T22:39:48","date_gmt":"2024-01-21T22:39:48","guid":{"rendered":"https:\/\/digistar.ma\/?post_type=product&#038;p=10292"},"modified":"2024-01-21T22:39:48","modified_gmt":"2024-01-21T22:39:48","slug":"ecran-27-pouces-full-hd-hp-v27i-g5","status":"publish","type":"product","link":"https:\/\/digistar.ma\/?product=ecran-27-pouces-full-hd-hp-v27i-g5","title":{"rendered":"\u00c9cran 27 pouces Full HD HP V27i G5"},"content":{"rendered":"<h3>\u00c9cran 27 pouces Full HD HP V27i G5<\/h3>\n<p>Gagnez en efficacit\u00e9 dans vos projets ou vos \u00e9tudes avec cet \u00e9cran Full HD de 68,6 cm (27 pouces) \u00e9pur\u00e9, qui offre des images pr\u00e9cises et fluides.<\/p>\n<div class=\"split-module aem-GridColumn aem-GridColumn--default--12\">\n<section class=\"c-split-module m-bg-monitors-type-3\">\n<div class=\"c-default-container\">\n<div class=\"c-split-module__item \">\n<div class=\"c-split-module__image\">\n<div class=\"c-image-container hp-image-76a6-af9b with-ratio\"><img decoding=\"async\" class=\"inner-image\" src=\"https:\/\/ssl-product-images.www8-hp.com\/digmedialib\/prodimg\/lowres\/c08340023.png\" alt=\"22C1 - HP V27i G5 FHD Monitor\u200b Front\" \/><\/div>\n<\/div>\n<div class=\"c-split-module__text\">\n<h3 class=\"h2 c-split-module__title\">En mode plein \u00e9cran<\/h3>\n<p class=\"h4 c-split-module__description\">Offrez \u00e0 vos projets et travaux une superbe apparence sur cet \u00e9cran IPS b\u00e9n\u00e9ficiant d\u2019excellentes vues frontales. Avec son taux de rafra\u00eechissement de 75\u00a0<span class=\"m-text-nowrap\">Hz\u00a0<span class=\"c-footnote-container\"><sup><span class=\"footnote__number\">3<\/span><\/sup><\/span><\/span>, une r\u00e9solution Full HD et la technologie AMD FreeSync\u2122, il vous permet de profiter d\u2019images nettes et fluides.<\/p>\n<\/div>\n<\/div>\n<div class=\"c-split-module__item \">\n<div class=\"c-split-module__image\">\n<div class=\"c-image-container hp-image-6e3c-32af with-ratio\"><img decoding=\"async\" class=\"inner-image\" src=\"https:\/\/ssl-product-images.www8-hp.com\/digmedialib\/prodimg\/lowres\/c08339993.png\" alt=\"22C1 - HP V27i G5 FHD Monitor\u200b FrontLeft\" data-wec-listener-initialized=\"true\" \/><\/div>\n<\/div>\n<div class=\"c-split-module__text\">\n<h3 class=\"h2 c-split-module__title\">Un design moderne. Une ad\u00e9quation fonctionnelle.<\/h3>\n<p class=\"h4 c-split-module__description\">Lib\u00e9rez votre esprit et d\u00e9gagez votre bureau avec un \u00e9cran con\u00e7u pour travailler dans n\u2019importe quel espace. Restez concentr\u00e9 sur votre \u00e9cran dot\u00e9 d\u2019un cadre \u00e9l\u00e9gant \u00e0 micro-bords sur 3 c\u00f4t\u00e9s, d\u2019une gestion ordonn\u00e9e des c\u00e2bles et d\u2019un socle ultra-plat avec un r\u00e9glage en inclinaison pour un point de vue parfait.<\/p>\n<\/div>\n<\/div>\n<div class=\"c-split-module__item \">\n<div class=\"c-split-module__image\">\n<div class=\"c-image-container hp-image-6427-6f76 with-ratio\"><img decoding=\"async\" class=\"inner-image\" src=\"https:\/\/ssl-product-images.www8-hp.com\/digmedialib\/prodimg\/lowres\/c08339933.png\" alt=\"22C1 - HP V27i G5 FHD Monitor\u200b FrontRight\" data-wec-listener-initialized=\"true\" \/><\/div>\n<\/div>\n<div class=\"c-split-module__text\">\n<h3 class=\"h2 c-split-module__title\">Facile \u00e0 connecter. Facile \u00e0 utiliser.<\/h3>\n<p class=\"h4 c-split-module__description\">Rationalisez votre espace de travail pour pouvoir vous concentrer sur ce que vous faites le mieux. Configurez en un clin d\u2019\u0153il votre \u00e9cran gr\u00e2ce au bouton Joypad OSD, qui permet une personnalisation intuitive, ou directement \u00e0 l\u2019\u00e9cran avec le HP Display\u00a0<span class=\"m-text-nowrap\">Center\u00a0<span class=\"c-footnote-container\"><sup><span class=\"footnote__number\">4<\/span><\/sup><\/span><\/span>.<\/p>\n<\/div>\n<\/div>\n<\/div>\n<\/section>\n<\/div>\n<div class=\"anchor aem-GridColumn aem-GridColumn--default--12\">\n<div id=\"features\">\n<div>\n<div class=\"column-module\">\n<section class=\"c-column-module m-bg-monitors-type-2\" data-metrics-link-placement=\"catalog:column\">\n<div class=\"c-column-module__title m-bg-monitors\">\n<div class=\"c-default-container\">\n<h3 class=\"h1\">Productivit\u00e9 quotidienne<\/h3>\n<\/div>\n<\/div>\n<div class=\"c-default-container\">\n<div class=\"c-column-module__content\">\n<div class=\"c-column-module__image\">\n<div class=\"c-image-container hp-image-b8d9-3113 with-ratio\"><img decoding=\"async\" class=\"inner-image\" src=\"https:\/\/ssl-product-images.www8-hp.com\/digmedialib\/prodimg\/lowres\/c08339892.png\" alt=\"22C1 - HP V27i G5 FHD Monitor\u200b RightProfile\" data-wec-listener-initialized=\"true\" \/><\/div>\n<\/div>\n<div class=\"c-column-module__features\">\n<div class=\"c-column-module-feature\">\n<h4 class=\"c-column-module-feature__title h4\">Taux de rafra\u00eechissement de 75 Hz<\/h4>\n<div class=\"c-column-module-feature__description h5\">\n<p>B\u00e9n\u00e9ficiez de vid\u00e9os homog\u00e8nes, r\u00e9alistes et de d\u00e9tails nets avec un taux de rafra\u00eechissement de 75 Hz qui offre un mouvement fluide image apr\u00e8s image.<\/p>\n<\/div>\n<\/div>\n<div class=\"c-column-module-feature\">\n<h4 class=\"c-column-module-feature__title h4\">Panneau IPS<\/h4>\n<div class=\"c-column-module-feature__description h5\">\n<p>Quel que soit l\u2019endroit o\u00f9 vous vous tenez, la technologie IPS assure une image pr\u00e9cise et homog\u00e8ne sur de vastes angles d\u2019affichage vertical et horizontal \u00e0 178 degr\u00e9s.<\/p>\n<\/div>\n<\/div>\n<div class=\"c-column-module-feature\">\n<h4 class=\"c-column-module-feature__title h4\">Cadre \u00e0 micro-bords sur 3 c\u00f4t\u00e9s<\/h4>\n<div class=\"c-column-module-feature__description h5\">\n<p>B\u00e9n\u00e9ficiez d\u2019un meilleur point de vue et accomplissez encore davantage sur votre \u00c9cran 27 pouces Full HD HP V27i G5 avec un cadre \u00e0 micro-bords sur 3 c\u00f4t\u00e9s, qui maximise votre espace de vision et permet d\u2019allier un design \u00e9l\u00e9gant et des configurations \u00e0 deux \u00e9crans en toute transparence.<\/p>\n<\/div>\n<\/div>\n<div class=\"c-column-module-feature\">\n<h4 class=\"c-column-module-feature__title h4\">Simplicit\u00e9 du bouton OSD \u00e0 Joypad<\/h4>\n<div class=\"c-column-module-feature__description h5\">\n<p>Il n\u2019a jamais \u00e9t\u00e9 plus simple de configurer votre \u00e9cran avec le bouton OSD \u00e0 Joypad qui vous permet de r\u00e9gler la luminosit\u00e9, la r\u00e9solution et le volume.<\/p>\n<\/div>\n<\/div>\n<\/div>\n<\/div>\n<\/div>\n<\/section>\n<\/div>\n<\/div>\n<\/div>\n<\/div>\n","protected":false},"excerpt":{"rendered":"<p>Taille de l&#8217;\u00e9cran 68,6 cm (27\u00a0pouces) &#8211; Format 16:9<br \/>\nCourbure de l&#8217;\u00e9cran: Plat<br \/>\nType de Dalle: IPS &#8211; R\u00e9tro\u00e9clairage: IPS<br \/>\nR\u00e9solution: FHD (1920 x 1080)<br \/>\nTemps de r\u00e9ponse: 5ms GtG (avec surcharge)<br \/>\nConnecteurs d&#8217;entr\u00e9e: VGA, HDMI, DisplayPort<br \/>\nR\u00e9glages de la position de l&#8217;\u00e9cran: Inclinaison -5\u00b0 \u00e0 +20\u00b0<\/p>\n","protected":false},"featured_media":10293,"comment_status":"open","ping_status":"closed","template":"","meta":{"_acf_changed":false,"_monsterinsights_skip_tracking":false,"_monsterinsights_sitenote_active":false,"_monsterinsights_sitenote_note":"","_monsterinsights_sitenote_category":0,"_uf_show_specific_survey":0,"_uf_disable_surveys":false,"_joinchat":[]},"product_brand":[],"product_cat":[259,239,246],"product_tag":[],"class_list":{"0":"post-10292","1":"product","2":"type-product","3":"status-publish","4":"has-post-thumbnail","6":"product_cat-ecran-pc","7":"product_cat-ecran-moniteur","8":"product_cat-peripherique","10":"first","11":"instock","12":"sale","13":"shipping-taxable","14":"purchasable","15":"product-type-simple"},"acf":[],"jetpack_sharing_enabled":true,"_links":{"self":[{"href":"https:\/\/digistar.ma\/index.php?rest_route=\/wp\/v2\/product\/10292","targetHints":{"allow":["GET"]}}],"collection":[{"href":"https:\/\/digistar.ma\/index.php?rest_route=\/wp\/v2\/product"}],"about":[{"href":"https:\/\/digistar.ma\/index.php?rest_route=\/wp\/v2\/types\/product"}],"replies":[{"embeddable":true,"href":"https:\/\/digistar.ma\/index.php?rest_route=%2Fwp%2Fv2%2Fcomments&post=10292"}],"version-history":[{"count":1,"href":"https:\/\/digistar.ma\/index.php?rest_route=\/wp\/v2\/product\/10292\/revisions"}],"predecessor-version":[{"id":10298,"href":"https:\/\/digistar.ma\/index.php?rest_route=\/wp\/v2\/product\/10292\/revisions\/10298"}],"wp:featuredmedia":[{"embeddable":true,"href":"https:\/\/digistar.ma\/index.php?rest_route=\/wp\/v2\/media\/10293"}],"wp:attachment":[{"href":"https:\/\/digistar.ma\/index.php?rest_route=%2Fwp%2Fv2%2Fmedia&parent=10292"}],"wp:term":[{"taxonomy":"product_brand","embeddable":true,"href":"https:\/\/digistar.ma\/index.php?rest_route=%2Fwp%2Fv2%2Fproduct_brand&post=10292"},{"taxonomy":"product_cat","embeddable":true,"href":"https:\/\/digistar.ma\/index.php?rest_route=%2Fwp%2Fv2%2Fproduct_cat&post=10292"},{"taxonomy":"product_tag","embeddable":true,"href":"https:\/\/digistar.ma\/index.php?rest_route=%2Fwp%2Fv2%2Fproduct_tag&post=10292"}],"curies":[{"name":"wp","href":"https:\/\/api.w.org\/{rel}","templated":true}]}}