{"id":10344,"date":"2024-01-24T22:50:50","date_gmt":"2024-01-24T22:50:50","guid":{"rendered":"https:\/\/digistar.ma\/?post_type=product&#038;p=10344"},"modified":"2024-01-24T22:56:32","modified_gmt":"2024-01-24T22:56:32","slug":"epson-maintenance-box-c9345-c12c934591","status":"publish","type":"product","link":"https:\/\/digistar.ma\/?product=epson-maintenance-box-c9345-c12c934591","title":{"rendered":"Epson Maintenance Box C9345 C12C934591"},"content":{"rendered":"<h3>Epson Maintenance Box C9345 C12C934591<\/h3>\n<p>La bo\u00eete de maintenance d&#8217;encre C9345 stocke l&#8217;encre qui est \u00e9vacu\u00e9e du syst\u00e8me lors du nettoyage de la t\u00eate d&#8217;impression.<\/p>\n<p>Votre imprimante et son logiciel vous indiqueront quand le bo\u00eetier de maintenance doit \u00eatre remplac\u00e9.<\/p>\n<p>** La bo\u00eete de maintenance est responsable de la collecte des d\u00e9chets d\u2019encre g\u00e9n\u00e9r\u00e9s pendant le processus d\u2019impression, contribuant ainsi au maintien de la propret\u00e9 et du bon fonctionnement de l\u2019imprimante.<\/p>\n<p>** La bo\u00eete de maintenance a une capacit\u00e9 limit\u00e9e, et lorsqu\u2019elle est pleine, elle doit \u00eatre remplac\u00e9e. Les imprimantes Epson sont g\u00e9n\u00e9ralement \u00e9quip\u00e9es d\u2019un syst\u00e8me qui avertit l\u2019utilisateur lorsqu\u2019il est temps de remplacer la bo\u00eete de maintenance.<\/p>\n<p>** Epson Maintenance Box C9345 C12C934591 est con\u00e7ue pour \u00eatre compatible avec certaines imprimantes Epson. Il est essentiel de v\u00e9rifier la compatibilit\u00e9 avec le mod\u00e8le d\u2019imprimante sp\u00e9cifique avant de proc\u00e9der \u00e0 l\u2019achat.<\/p>\n<p>** Les imprimantes Epson sont livr\u00e9es avec des instructions d\u00e9taill\u00e9es sur la mani\u00e8re de remplacer la bo\u00eete de maintenance. Il est important de suivre ces instructions pour assurer un remplacement correct.<\/p>\n<p><img fetchpriority=\"high\" decoding=\"async\" class=\"alignnone size-medium wp-image-10348\" src=\"https:\/\/digistar.ma\/wp-content\/uploads\/2024\/01\/Epson-Maintenance-Box-C9345-C12C934591-300x300.jpg\" alt=\"Epson Maintenance Box C9345 - C12C934591\" width=\"300\" height=\"300\" srcset=\"https:\/\/digistar.ma\/wp-content\/uploads\/2024\/01\/Epson-Maintenance-Box-C9345-C12C934591-300x300.jpg 300w, https:\/\/digistar.ma\/wp-content\/uploads\/2024\/01\/Epson-Maintenance-Box-C9345-C12C934591-1024x1024.jpg 1024w, https:\/\/digistar.ma\/wp-content\/uploads\/2024\/01\/Epson-Maintenance-Box-C9345-C12C934591-150x150.jpg 150w, https:\/\/digistar.ma\/wp-content\/uploads\/2024\/01\/Epson-Maintenance-Box-C9345-C12C934591-768x768.jpg 768w, https:\/\/digistar.ma\/wp-content\/uploads\/2024\/01\/Epson-Maintenance-Box-C9345-C12C934591-600x600.jpg 600w, https:\/\/digistar.ma\/wp-content\/uploads\/2024\/01\/Epson-Maintenance-Box-C9345-C12C934591-100x100.jpg 100w, https:\/\/digistar.ma\/wp-content\/uploads\/2024\/01\/Epson-Maintenance-Box-C9345-C12C934591.jpg 1500w\" sizes=\"(max-width: 300px) 100vw, 300px\" \/><\/p>\n<h4>Epson Maintenance Box C9345 &#8211; C12C934591, Couleur du produit: Noir, Compatibilit\u00e9 de marque: Epson<\/h4>\n<ul>\n<li>Epson Ecotank L8050<\/li>\n<li>EPson Ecotank L18050<\/li>\n<li>Epson EcoTank ET-16150<\/li>\n<li>Epson EcoTank ET-M 16600<\/li>\n<li>Epson EcoTank L 6550<\/li>\n<\/ul>\n<p>&nbsp;<\/p>\n<ul>\n<li>Epson EcoTank Pro ET-5880<\/li>\n<li>Epson EcoTank ET-16600<\/li>\n<li>Epson EcoTank ET-M 1668<\/li>\n<li>0Epson EcoTank L 6570<\/li>\n<li>Epson EcoTank Pro L 15180<\/li>\n<li>Epson EcoTank ET-16650<\/li>\n<li>Epson EcoTank L 11160<\/li>\n<\/ul>\n<p>&nbsp;<\/p>\n<ul>\n<li>Epson EcoTank L 8100 Series<\/li>\n<li>Epson EcoTank Pro L 6580<\/li>\n<li>Epson EcoTank ET-18100<\/li>\n<li>Epson EcoTank L 15150<\/li>\n<li>Epson EcoTank L 8160<\/li>\n<li>Epson EcoTank ST-C 8000<\/li>\n<li>Epson EcoTank ET-5800<\/li>\n<li>Epson EcoTank L 15160<\/li>\n<\/ul>\n<p>&nbsp;<\/p>\n<ul>\n<li>Epson EcoTank L 8180<\/li>\n<li>Epson Workforce EC-C 7000<\/li>\n<li>Epson EcoTank ET-5800 Series<\/li>\n<li>Epson EcoTank L 5150<\/li>\n<li>Epson EcoTank Pro ET-16600<\/li>\n<li>Epson Workforce Pro WF-7800 Series<\/li>\n<li>Epson EcoTank ET-5850<\/li>\n<li>Epson EcoTank L 5160<\/li>\n<\/ul>\n<p>&nbsp;<\/p>\n<ul>\n<li>Epson EcoTank Pro ET-16650<\/li>\n<li>Epson Workforce Pro WF-7835 DTWf<\/li>\n<li>Epson EcoTank ET-5880<\/li>\n<li>Epson EcoTank L 6400 Series<\/li>\n<li>Epson EcoTank Pro ET-16680<\/li>\n<li>Epson Workforce Pro WF-7840 DTWf<\/li>\n<li>Epson EcoTank ET-8500<\/li>\n<li>Epson EcoTank L 6460<\/li>\n<li>Epson EcoTank Pro ET-5800<\/li>\n<li>Epson Workforce WF-7310 DTW<\/li>\n<\/ul>\n<p>&nbsp;<\/p>\n<ul>\n<li>Epson EcoTank ET-8500 Series<\/li>\n<li>Epson EcoTank L 6490<\/li>\n<li>Epson EcoTank Pro ET-5800 Series<\/li>\n<li>Epson Workforce WF-7830 DTWf<\/li>\n<li>Epson EcoTank ET-8550<\/li>\n<li>Epson EcoTank L 6500 Series<\/li>\n<li>Epson EcoTank Pro ET-5850<\/li>\n<\/ul>\n<p>&nbsp;<\/p>\n","protected":false},"excerpt":{"rendered":"<p><strong>Appareils principaux qui conviennent :\u00a0<\/strong><\/p>\n<p>Epson Ecotank <strong>L15150<\/strong>, Epson Ecotank L15140, Epson Ecotank <strong>L15160<\/strong>, Epson Ecotank L15180<\/p>\n<p>Epson Ecotank <strong>L8050<\/strong>, Epson Ecotank<strong> L18150<\/strong><\/p>\n<p>Epson Ecotank L6550, Epson Ecotank L6580<\/p>\n<p>Aussi\u00a0 WF-78xx \/ ET-58xx \/ ET-166xx \/ L65xx \/ L151xx Maintenance Box<\/p>\n","protected":false},"featured_media":10350,"comment_status":"open","ping_status":"closed","template":"","meta":{"_acf_changed":false,"_monsterinsights_skip_tracking":false,"_monsterinsights_sitenote_active":false,"_monsterinsights_sitenote_note":"","_monsterinsights_sitenote_category":0,"_uf_show_specific_survey":0,"_uf_disable_surveys":false,"_joinchat":[]},"product_brand":[],"product_cat":[238,251,380,252],"product_tag":[],"class_list":{"0":"post-10344","1":"product","2":"type-product","3":"status-publish","4":"has-post-thumbnail","6":"product_cat-consommables","7":"product_cat-bouteille-dencre","8":"product_cat-epson","9":"product_cat-tete-dimpression","11":"first","12":"instock","13":"sale","14":"shipping-taxable","15":"purchasable","16":"product-type-simple"},"acf":[],"jetpack_sharing_enabled":true,"_links":{"self":[{"href":"https:\/\/digistar.ma\/index.php?rest_route=\/wp\/v2\/product\/10344","targetHints":{"allow":["GET"]}}],"collection":[{"href":"https:\/\/digistar.ma\/index.php?rest_route=\/wp\/v2\/product"}],"about":[{"href":"https:\/\/digistar.ma\/index.php?rest_route=\/wp\/v2\/types\/product"}],"replies":[{"embeddable":true,"href":"https:\/\/digistar.ma\/index.php?rest_route=%2Fwp%2Fv2%2Fcomments&post=10344"}],"version-history":[{"count":5,"href":"https:\/\/digistar.ma\/index.php?rest_route=\/wp\/v2\/product\/10344\/revisions"}],"predecessor-version":[{"id":10355,"href":"https:\/\/digistar.ma\/index.php?rest_route=\/wp\/v2\/product\/10344\/revisions\/10355"}],"wp:featuredmedia":[{"embeddable":true,"href":"https:\/\/digistar.ma\/index.php?rest_route=\/wp\/v2\/media\/10350"}],"wp:attachment":[{"href":"https:\/\/digistar.ma\/index.php?rest_route=%2Fwp%2Fv2%2Fmedia&parent=10344"}],"wp:term":[{"taxonomy":"product_brand","embeddable":true,"href":"https:\/\/digistar.ma\/index.php?rest_route=%2Fwp%2Fv2%2Fproduct_brand&post=10344"},{"taxonomy":"product_cat","embeddable":true,"href":"https:\/\/digistar.ma\/index.php?rest_route=%2Fwp%2Fv2%2Fproduct_cat&post=10344"},{"taxonomy":"product_tag","embeddable":true,"href":"https:\/\/digistar.ma\/index.php?rest_route=%2Fwp%2Fv2%2Fproduct_tag&post=10344"}],"curies":[{"name":"wp","href":"https:\/\/api.w.org\/{rel}","templated":true}]}}