{"id":10478,"date":"2024-02-03T21:26:14","date_gmt":"2024-02-03T21:26:14","guid":{"rendered":"https:\/\/digistar.ma\/?post_type=product&#038;p=10478"},"modified":"2024-02-03T21:27:15","modified_gmt":"2024-02-03T21:27:15","slug":"imprimante-laser-couleur-hp-laserjet-enterprise-6701dn","status":"publish","type":"product","link":"https:\/\/digistar.ma\/?product=imprimante-laser-couleur-hp-laserjet-enterprise-6701dn","title":{"rendered":"Imprimante Laser Couleur HP LaserJet Enterprise 6701dn"},"content":{"rendered":"<h2>Imprimante Laser Couleur HP LaserJet Enterprise 6701dn<\/h2>\n<h2 class=\"h2-master\">Une imprimante laser couleur puissante et efficace<\/h2>\n<section>L&#8217;<strong>imprimante HP Color LaserJet Enterprise 6701dn\u00a0<\/strong>est id\u00e9ale pour les \u00e9quipes dont les travaux d&#8217;impression atteignent jusqu&#8217;\u00e0 100 000 pages par mois.<\/section>\n<section><\/section>\n<section>Cette imprimante laser offre une solution compl\u00e8te pour les besoins d&#8217;impression de votre entreprise. Sa vitesse d&#8217;impression remarquable allant jusqu&#8217;\u00e0 61 ppm assure une productivit\u00e9 exceptionnelle et facilite la gestion des travaux volumineux.L&#8217;\u00e9cran tactile intuitif simplifie la navigation et le recto-verso automatique permet d&#8217;\u00e9conomiser du papier.<\/p>\n<\/section>\n<section>\n<div class=\"desc-image\"><img decoding=\"async\" src=\"https:\/\/media.ldlc.com\/bo\/images\/fiches\/imprimante\/HP\/LaserJet%20Pro%20MFP%204102fdn\/laserjetpromfp4102fdn_800_1.jpg\" alt=\"\" \/><\/div>\n<div class=\"desc-text\">\n<h2>CON\u00c7UE POUR FACILITER LE QUOTIDIEN<\/h2>\n<p>Gr\u00e2ce aux solutions de flux de travail avanc\u00e9es, Imprimante Laser Couleur HP LaserJet Enterprise 6701dn A4 tout \u00e9quip\u00e9e est le compagnon id\u00e9al pour tous vos besoins d\u2019impression.<\/p>\n<p>Lib\u00e9rez votre productivit\u00e9 avec une vitesse d\u2019impression allant jusqu\u2019\u00e0 61 ppm.<\/p>\n<p>Le micrologiciel HP FutureSmart peut \u00eatre mis \u00e0 jour avec les derni\u00e8res fonctionnalit\u00e9s afin d\u2019optimiser votre investissement pour les ann\u00e9es \u00e0 venir.<\/p>\n<p>Gr\u00e2ce \u00e0 la technologie HP Sure Start en arri\u00e8re-plan, le code d\u2019exploitation essentiel (BIOS) est syst\u00e9matiquement v\u00e9rifi\u00e9 lors du d\u00e9marrage et se r\u00e9pare s\u2019il est compromis.<\/p>\n<p>HP Connection Inspector contr\u00f4le les connexions r\u00e9seau. Les connexions r\u00e9seau sortantes de l\u2019imprimante sont inspect\u00e9es pour stopper les demandes suspectes et contrecarrer les logiciels malveillants afin que vous puissiez rester connect\u00e9 et en toute s\u00e9curit\u00e9.<\/p>\n<\/div>\n<\/section>\n","protected":false},"excerpt":{"rendered":"<p>Vitesse d&#8217;impression noir: 61 pages par minute (norme ISO)<br \/>\nVitesse d&#8217;impression couleur: 61 pages par minute (norme ISO)<br \/>\nQualit\u00e9 d&#8217;impression noire: Jusqu&#8217;\u00e0 1200 x 1200 ppp<br \/>\nQualit\u00e9 d&#8217;impression couleur: Jusqu&#8217;\u00e0 1200 x 1200 ppp<br \/>\nVolume de pages mensuel recommand\u00e9: 2000 \u00e0 17,000<br \/>\nImpression recto\/verso: Automatique<br \/>\nFonctionne avec: 4 toners (noire, cyan, magenta, jaune)<br \/>\nConnectivit\u00e9: 1 port USB \u00e0 l\u2019avant; 1 port r\u00e9seau Gigabit Ethernet 10\/100\/1000T; 1 port SuperSpeed USB 3.0 (p\u00e9riph\u00e9rique); 1 port SuperSpeed USB 3.0 (h\u00f4te)<br \/>\nEncres fournies avec l&#8217;imprimante: Cartouche de toner HP LaserJet authentique noir (env. 7 000 pages), Cartouches de toner HP LaserJet authentiques cyan, magenta, jaune (env. 6 000 pages chacune) (cartouches de toner install\u00e9es)<\/p>\n","protected":false},"featured_media":10479,"comment_status":"open","ping_status":"closed","template":"","meta":{"_acf_changed":false,"_monsterinsights_skip_tracking":false,"_monsterinsights_sitenote_active":false,"_monsterinsights_sitenote_note":"","_monsterinsights_sitenote_category":0,"_uf_show_specific_survey":0,"_uf_disable_surveys":false,"_joinchat":[]},"product_brand":[],"product_cat":[15,253,267],"product_tag":[],"class_list":{"0":"post-10478","1":"product","2":"type-product","3":"status-publish","4":"has-post-thumbnail","6":"product_cat-imprimante-scanner","7":"product_cat-imprimante","8":"product_cat-imprimante-laser-couleur","10":"first","11":"instock","12":"sale","13":"shipping-taxable","14":"purchasable","15":"product-type-simple"},"acf":[],"jetpack_sharing_enabled":true,"_links":{"self":[{"href":"https:\/\/digistar.ma\/index.php?rest_route=\/wp\/v2\/product\/10478","targetHints":{"allow":["GET"]}}],"collection":[{"href":"https:\/\/digistar.ma\/index.php?rest_route=\/wp\/v2\/product"}],"about":[{"href":"https:\/\/digistar.ma\/index.php?rest_route=\/wp\/v2\/types\/product"}],"replies":[{"embeddable":true,"href":"https:\/\/digistar.ma\/index.php?rest_route=%2Fwp%2Fv2%2Fcomments&post=10478"}],"version-history":[{"count":3,"href":"https:\/\/digistar.ma\/index.php?rest_route=\/wp\/v2\/product\/10478\/revisions"}],"predecessor-version":[{"id":10486,"href":"https:\/\/digistar.ma\/index.php?rest_route=\/wp\/v2\/product\/10478\/revisions\/10486"}],"wp:featuredmedia":[{"embeddable":true,"href":"https:\/\/digistar.ma\/index.php?rest_route=\/wp\/v2\/media\/10479"}],"wp:attachment":[{"href":"https:\/\/digistar.ma\/index.php?rest_route=%2Fwp%2Fv2%2Fmedia&parent=10478"}],"wp:term":[{"taxonomy":"product_brand","embeddable":true,"href":"https:\/\/digistar.ma\/index.php?rest_route=%2Fwp%2Fv2%2Fproduct_brand&post=10478"},{"taxonomy":"product_cat","embeddable":true,"href":"https:\/\/digistar.ma\/index.php?rest_route=%2Fwp%2Fv2%2Fproduct_cat&post=10478"},{"taxonomy":"product_tag","embeddable":true,"href":"https:\/\/digistar.ma\/index.php?rest_route=%2Fwp%2Fv2%2Fproduct_tag&post=10478"}],"curies":[{"name":"wp","href":"https:\/\/api.w.org\/{rel}","templated":true}]}}