{"id":10487,"date":"2024-02-03T21:54:01","date_gmt":"2024-02-03T21:54:01","guid":{"rendered":"https:\/\/digistar.ma\/?post_type=product&#038;p=10487"},"modified":"2024-02-03T21:54:02","modified_gmt":"2024-02-03T21:54:02","slug":"epson-elpmb22-support-plafond-v12h003b22","status":"publish","type":"product","link":"https:\/\/digistar.ma\/?product=epson-elpmb22-support-plafond-v12h003b22","title":{"rendered":"Epson ELPMB22 Support plafond V12H003B22"},"content":{"rendered":"<h4>Epson ELPMB22 Support plafond V12H003B22<\/h4>\n<p>Accrochez vos projecteurs avec \u00e9l\u00e9gance gr\u00e2ce au support plafond blanc ELPMB22.<\/p>\n<p>Compatible avec une vaste gamme de mod\u00e8les Epson, ce support assure une installation s\u00e9curis\u00e9e et discr\u00e8te pour vos pr\u00e9sentations.<\/p>\n<p>Profitez d&#8217;un positionnement id\u00e9al qui maximise la visibilit\u00e9 de votre projection, offrant ainsi une exp\u00e9rience immersive \u00e0 votre public.<\/p>\n<p>Facile \u00e0 installer et robuste, ce support plafond garantit la stabilit\u00e9 de vos \u00e9quipements, assurant des performances optimales \u00e0 chaque utilisation.<\/p>\n<p>Transformez votre espace de projection avec ce support fiable et pratique.<\/p>\n<h3>Produits compatibles Epson ELPMB22 Support plafond V12H003B22<\/h3>\n<p>EB-1470Ui, EB-4550, EB-4650,<\/p>\n<p>EB-4750W, EB-4770W, EB-4850WU,<\/p>\n<p>EB-4950WU, EB-5520W, EB-5530U, EB-700U,<\/p>\n<p>EB-810E, EB-815E, EB-G5450WU, EB-G5750WU,<\/p>\n<p>EB-G5750WUNL, EB-G6070W, EB-G6270W, EB-G6370,<\/p>\n<p>EB-G6570WU, EB-G6770WU, EB-G6970WU,<\/p>\n<p>EB-G7100, EB-G7200W, EB-G7400U, EB-G7805,<\/p>\n<p>EB-G7900U, EB-G7905U, EB-L1050U (blanc), EB-L1070U (blanc),<\/p>\n<p>EB-L1075U (noir),<\/p>\n<p>EB-L510U, EB-L520U, EB-L530U, EB-L570U,<\/p>\n<p>EB-L610U, EB-L615U, EB-L630SU, EB-L630U,<\/p>\n<p>EB-L635SU, EB-L720U, EB-L730U, EB-L735U, EB-L770U,<\/p>\n<p>EB-L775U, EH-LS11000W, EH-LS12000B, EH-LS800B,<\/p>\n<p>EH-LS800W, EH-TW6600W, EH-TW6700, EH-TW6700W, EH-TW6800,<\/p>\n<p>EH-TW7000, EH-TW7100, EH-TW7200, EH-TW7300,<\/p>\n<p>EH-TW9200, EH-TW9200W, EH-TW9300, EH-TW9300W,<\/p>\n<p>EH-TW9400, EH-TW9400W, Epson EB-G5200WNL, Epson EB-G5600,<\/p>\n<p>Epson EB-G5600NL, Epson EB-G5650W, Epson EB-G5650WNL,<\/p>\n<p>Epson EB-G5900, Epson EB-G5900NL, Epson EB-G5950, Epson EB-G5950NL,<\/p>\n<p>Epson EB-G6050W, Epson EB-G6250W, Epson EB-G6350,<\/p>\n<p>Epson EB-G6550WU, Epson EB-G6650WU, Epson EB-G6800,<\/p>\n<p>Epson EB-G6900WU, Epson EH-TW3200, Epson EH-TW4400,<\/p>\n<p>Epson EH-TW5500, Epson EH-TW5900, Epson EH-TW5910,<\/p>\n<p>Epson EH-TW6000, Epson EH-TW6000W, Epson EH-TW6100,<\/p>\n<p>Epson EH-TW6100W, Epson EH-TW8100, Epson EH-TW9000,<\/p>\n<p>Epson EH-TW9000W, Epson EH-TW9100, Epson EH-TW9100W<\/p>\n","protected":false},"excerpt":{"rendered":"<p>Accrochez vos projecteurs avec \u00e9l\u00e9gance gr\u00e2ce au support plafond blanc ELPMB22.<\/p>\n","protected":false},"featured_media":10488,"comment_status":"open","ping_status":"closed","template":"","meta":{"_acf_changed":false,"_monsterinsights_skip_tracking":false,"_monsterinsights_sitenote_active":false,"_monsterinsights_sitenote_note":"","_monsterinsights_sitenote_category":0,"_uf_show_specific_survey":0,"_uf_disable_surveys":false,"_joinchat":[]},"product_brand":[],"product_cat":[274,342],"product_tag":[],"class_list":{"0":"post-10487","1":"product","2":"type-product","3":"status-publish","4":"has-post-thumbnail","6":"product_cat-videoprojecteur-ecran","7":"product_cat-accessoires-videoprojecteur","9":"first","10":"instock","11":"sale","12":"shipping-taxable","13":"purchasable","14":"product-type-simple"},"acf":[],"jetpack_sharing_enabled":true,"_links":{"self":[{"href":"https:\/\/digistar.ma\/index.php?rest_route=\/wp\/v2\/product\/10487","targetHints":{"allow":["GET"]}}],"collection":[{"href":"https:\/\/digistar.ma\/index.php?rest_route=\/wp\/v2\/product"}],"about":[{"href":"https:\/\/digistar.ma\/index.php?rest_route=\/wp\/v2\/types\/product"}],"replies":[{"embeddable":true,"href":"https:\/\/digistar.ma\/index.php?rest_route=%2Fwp%2Fv2%2Fcomments&post=10487"}],"version-history":[{"count":1,"href":"https:\/\/digistar.ma\/index.php?rest_route=\/wp\/v2\/product\/10487\/revisions"}],"predecessor-version":[{"id":10490,"href":"https:\/\/digistar.ma\/index.php?rest_route=\/wp\/v2\/product\/10487\/revisions\/10490"}],"wp:featuredmedia":[{"embeddable":true,"href":"https:\/\/digistar.ma\/index.php?rest_route=\/wp\/v2\/media\/10488"}],"wp:attachment":[{"href":"https:\/\/digistar.ma\/index.php?rest_route=%2Fwp%2Fv2%2Fmedia&parent=10487"}],"wp:term":[{"taxonomy":"product_brand","embeddable":true,"href":"https:\/\/digistar.ma\/index.php?rest_route=%2Fwp%2Fv2%2Fproduct_brand&post=10487"},{"taxonomy":"product_cat","embeddable":true,"href":"https:\/\/digistar.ma\/index.php?rest_route=%2Fwp%2Fv2%2Fproduct_cat&post=10487"},{"taxonomy":"product_tag","embeddable":true,"href":"https:\/\/digistar.ma\/index.php?rest_route=%2Fwp%2Fv2%2Fproduct_tag&post=10487"}],"curies":[{"name":"wp","href":"https:\/\/api.w.org\/{rel}","templated":true}]}}