{"id":10496,"date":"2024-02-03T22:35:29","date_gmt":"2024-02-03T22:35:29","guid":{"rendered":"https:\/\/digistar.ma\/?post_type=product&#038;p=10496"},"modified":"2024-02-03T22:39:14","modified_gmt":"2024-02-03T22:39:14","slug":"imprimante-laser-couleur-hp-laserjet-enterprise-5700dn","status":"publish","type":"product","link":"https:\/\/digistar.ma\/?product=imprimante-laser-couleur-hp-laserjet-enterprise-5700dn","title":{"rendered":"Imprimante Laser Couleur HP LaserJet Enterprise 5700dn"},"content":{"rendered":"<h3>Imprimante Laser Couleur HP LaserJet Enterprise 5700dn<\/h3>\n<h2 class=\"h2-master\">Imprimante\u00a0couleur rapide et qui vous facilite le travail<\/h2>\n<section>Soutenez votre \u00e9quipe de travail\u00a0avec cette imprimante couleur compacte et performante, id\u00e9ale pour faciliter le travail de 10 utilisateurs. La\u00a0<strong>HP Color LaserJet Enterprise 5700dn<\/strong>, combine vitesse (jusqu&#8217;\u00e0 43 ppm) et facilit\u00e9 d&#8217;utilisation. Elle a \u00e9t\u00e9 pens\u00e9e pour vous rendre, encore plus faciles, toutes vos t\u00e2ches d&#8217;impressions quotidiennes.<\/section>\n<section><\/section>\n<section><\/section>\n<section>Elle vous permettra d&#8217;am\u00e9liorer votre flux de travail avec une vitesse fulgurante pour r\u00e9pondre aux environnements \u00e0 forte demande. Vous appr\u00e9cierez son\u00a0<strong>\u00e9cran tactile couleur 10.9 cm<\/strong>\u00a0et sa connectivit\u00e9 compl\u00e8te\u00a0<strong>USB 3.0\/2.0, h\u00f4te USB et Gigabit Ethernet 1000 Base-T<\/strong>.<\/section>\n<section><\/section>\n<section><\/section>\n<section>\n<div class=\"desc-image\"><img decoding=\"async\" src=\"https:\/\/media.ldlc.com\/bo\/images\/fiches\/imprimante\/HP\/HP%20Color%20LaserJet%20Ent%205700dn\/HP5700dn_800_1.jpg\" alt=\"\" \/><\/div>\n<div class=\"desc-text\">\n<h4>POUR UNE PRODUCTIVIT\u00c9 MAXIMALE<\/h4>\n<p>Avec l&#8217;<strong>imprimante\u00a0HP Color LaserJet Enterprise 5700dn<\/strong>, vous allez enfin pouvoir all\u00e9ger\u00a0votre charge de travail et vous consacrer \u00e0 vos activit\u00e9s. Elle offre en effet un grand choix de fonctionnalit\u00e9s pratiques pour vous faire gagner du temps au quotidien\u00a0comme le\u00a0<strong>mode recto-verso automatique<\/strong>.<\/p>\n<p>C\u00f4t\u00e9 technique, elle imprimera vos documents en quelques secondes (6.8 sec pour la premi\u00e8re page noire et 7.5 sec pour la premi\u00e8re page couleur) pour s&#8217;adapter \u00e0 votre rythme de travail.<\/p>\n<p>Ses 2 bacs d&#8217;une\u00a0<strong>capacit\u00e9 totale de 650 feuilles<\/strong>\u00a0pourront imprimer sans interruption tout au long de la journ\u00e9e. Sa conception simple et son\u00a0<strong>\u00e9cran LCD tactile couleur 10.9 cm<\/strong>\u00a0vous faciliteront son utilisation.<\/p>\n<p>En choisissant les\u00a0<strong>cartouches HP TerraJet authentiques<\/strong>, repens\u00e9es pour r\u00e9duire l\u2019utilisation de plastique et la consommation d\u2019\u00e9nergie lors de l\u2019impression,\u00a0vous optimiserez votre travail et ferez un geste pour la plan\u00e8te.<\/p>\n<\/div>\n<\/section>\n<section class=\"list\">\n<h3>CARACT\u00c9RISTIQUES PRINCIPALES\u00a0 Imprimante Laser Couleur HP LaserJet Enterprise 5700dn<\/h3>\n<ul>\n<li><strong>Imprimante laser\u00a0couleur<\/strong><\/li>\n<li>Vitesse d&#8217;impression : jusqu&#8217;\u00e0 43 ppm (A4)<\/li>\n<li><strong>Recto-verso automatique<\/strong><\/li>\n<li>Bac n\u00b01 de 100 feuilles | Bac n\u00b02 de 550 feuilles<\/li>\n<li>Bac de sortie\u00a0: 250 feuilles<\/li>\n<li>USB : 1 port SuperSpeed USB 3.0 (p\u00e9riph\u00e9rique); 1 port SuperSpeed USB 3.0 (h\u00f4te); 1 port USB 2.0 haut d\u00e9bit (h\u00f4te)<\/li>\n<li>Ethernet : 1 port r\u00e9seau Gigabit Ethernet 10\/100\/1000T<\/li>\n<li>Volume de pages mensuel recommand\u00e9 jusqu&#8217;\u00e0 10000 pages<\/li>\n<li><strong>\u00c9cran LCD\u00a0tactile couleur 10.9 cm\u00a0<\/strong><\/li>\n<li>Protection renforc\u00e9e pour les p\u00e9riph\u00e9riques, donn\u00e9es et documents<\/li>\n<li><strong>Imprimante avec Toners HP 213A\u00a0LaserJet\u00a0<\/strong>noir,\u00a0cyan, magenta, jaune<strong>\u00a0pr\u00e9install\u00e9s<\/strong><\/li>\n<\/ul>\n<\/section>\n","protected":false},"excerpt":{"rendered":"<p>Vitesse d&#8217;impression noir: 43 pages par minute (norme ISO)<br \/>\nVitesse d&#8217;impression couleur: 43 pages par minute (norme ISO)<br \/>\nQualit\u00e9 d&#8217;impression noire: Jusqu\u2019\u00e0 1 200 x 1 200 ppp<br \/>\nQualit\u00e9 d&#8217;impression couleur: Jusqu&#8217;\u00e0 1200 x 1200 ppp<br \/>\nVolume de pages mensuel recommand\u00e9: 2 000 \u00e0 10 000<br \/>\nImpression recto\/verso: Automatique<br \/>\nFonctionne avec: 4 toners\u00a0(noire, cyan, magenta, jaune)<br \/>\nConnectivit\u00e9: 1 port SuperSpeed USB 3.0 (p\u00e9riph\u00e9rique); 1 port SuperSpeed USB 3.0 (h\u00f4te); 1 port USB 2.0 haut d\u00e9bit (h\u00f4te); 1 port r\u00e9seau Gigabit Ethernet 10\/100\/1000T; 1 logement d\u2019int\u00e9gration mat\u00e9rielle de 2e g\u00e9n\u00e9ration (HIP2)<br \/>\nEncres fournies avec l&#8217;imprimante: Cartouche de toner HP LaserJet authentique noir (env. 3 500 pages), Cartouches de toner HP LaserJet authentiques cyan, magenta, jaune (env. 3 000 pages chacune) (cartouches de toner install\u00e9es)<\/p>\n","protected":false},"featured_media":10497,"comment_status":"open","ping_status":"closed","template":"","meta":{"_acf_changed":false,"_monsterinsights_skip_tracking":false,"_monsterinsights_sitenote_active":false,"_monsterinsights_sitenote_note":"","_monsterinsights_sitenote_category":0,"_uf_show_specific_survey":0,"_uf_disable_surveys":false,"_joinchat":[]},"product_brand":[],"product_cat":[15,253],"product_tag":[],"class_list":{"0":"post-10496","1":"product","2":"type-product","3":"status-publish","4":"has-post-thumbnail","6":"product_cat-imprimante-scanner","7":"product_cat-imprimante","9":"first","10":"instock","11":"sale","12":"shipping-taxable","13":"purchasable","14":"product-type-simple"},"acf":[],"jetpack_sharing_enabled":true,"_links":{"self":[{"href":"https:\/\/digistar.ma\/index.php?rest_route=\/wp\/v2\/product\/10496","targetHints":{"allow":["GET"]}}],"collection":[{"href":"https:\/\/digistar.ma\/index.php?rest_route=\/wp\/v2\/product"}],"about":[{"href":"https:\/\/digistar.ma\/index.php?rest_route=\/wp\/v2\/types\/product"}],"replies":[{"embeddable":true,"href":"https:\/\/digistar.ma\/index.php?rest_route=%2Fwp%2Fv2%2Fcomments&post=10496"}],"version-history":[{"count":5,"href":"https:\/\/digistar.ma\/index.php?rest_route=\/wp\/v2\/product\/10496\/revisions"}],"predecessor-version":[{"id":10506,"href":"https:\/\/digistar.ma\/index.php?rest_route=\/wp\/v2\/product\/10496\/revisions\/10506"}],"wp:featuredmedia":[{"embeddable":true,"href":"https:\/\/digistar.ma\/index.php?rest_route=\/wp\/v2\/media\/10497"}],"wp:attachment":[{"href":"https:\/\/digistar.ma\/index.php?rest_route=%2Fwp%2Fv2%2Fmedia&parent=10496"}],"wp:term":[{"taxonomy":"product_brand","embeddable":true,"href":"https:\/\/digistar.ma\/index.php?rest_route=%2Fwp%2Fv2%2Fproduct_brand&post=10496"},{"taxonomy":"product_cat","embeddable":true,"href":"https:\/\/digistar.ma\/index.php?rest_route=%2Fwp%2Fv2%2Fproduct_cat&post=10496"},{"taxonomy":"product_tag","embeddable":true,"href":"https:\/\/digistar.ma\/index.php?rest_route=%2Fwp%2Fv2%2Fproduct_tag&post=10496"}],"curies":[{"name":"wp","href":"https:\/\/api.w.org\/{rel}","templated":true}]}}