{"id":10550,"date":"2024-02-04T14:18:07","date_gmt":"2024-02-04T14:18:07","guid":{"rendered":"https:\/\/digistar.ma\/?post_type=product&#038;p=10550"},"modified":"2024-02-04T14:18:07","modified_gmt":"2024-02-04T14:18:07","slug":"hp-e27-g5-ecran-27-pouces-full-hd-6n4e2as","status":"publish","type":"product","link":"https:\/\/digistar.ma\/?product=hp-e27-g5-ecran-27-pouces-full-hd-6n4e2as","title":{"rendered":"HP E27 G5 \u00c9cran 27 pouces Full HD 6N4E2AS"},"content":{"rendered":"<h4>HP E27 G5 \u00c9cran 27 pouces Full HD 6N4E2AS<\/h4>\n<section id=\"overview\" class=\"Overview-module_root__RhEk6 Overview-module_descriptionOnly__ICYb2\" data-test-hook=\"@hpstellar\/core\/overview\">\n<div class=\"Container-module_root__luUPH Container-module_container__jSUGk Overview-module_main__uI137\" data-test-hook=\"@hpstellar\/core\/container\">\n<div class=\"Overview-module_wrapper__SKeLx\">\n<div class=\"Typography-module_root__eQwd4 Typography-module_titleM__lNAVX Typography-module_responsive__iddT7\" data-test-hook=\"@hpstellar\/core\/typography\">\n<div><span>Con\u00e7u intentionnellement pour offrir des visuels nets, un confort personnalis\u00e9 et une v\u00e9ritable flexibilit\u00e9, le moniteur HP E27 G5 FHD red\u00e9finit le confort, pour qu&#8217;il n&#8217;y ait rien entre vous et votre meilleur. \u00c9l\u00e9gamment con\u00e7u en pensant \u00e0 la plan\u00e8te, cet \u00e9cran convient parfaitement au bureau et \u00e0 la maison.<\/span><\/div>\n<\/div>\n<\/div>\n<\/div>\n<\/section>\n<div class=\"KeySellingPoints-module_root__JZjAD\" data-test-hook=\"@hpstellar\/pdp\/key-selling-points\">\n<div class=\"Container-module_root__luUPH Container-module_container__jSUGk\" data-test-hook=\"@hpstellar\/core\/container\">\n<div class=\"Container-module_row__K-k6j Container-module_negativeMargin__9e8-u\" data-test-hook=\"@hpstellar\/core\/grid-container\">\n<div class=\"Col-module_col__IAg7z Col-module_lg-5__Qi2IF KeySellingPoints-module_item__jLTOO Col-module_gutter__kiWeK\" data-test-hook=\"@hpstellar\/pdp\/key-selling-points__bundle-item\">\n<h3 class=\"Typography-module_root__eQwd4 Typography-module_titleM__lNAVX KeySellingPoints-module_title__Qgiiz Typography-module_responsive__iddT7\" data-test-hook=\"@hpstellar\/core\/typography\"><span>Tout voir, tout faire<\/span><\/h3>\n<p class=\"Typography-module_root__eQwd4 Typography-module_bodyM__XNddq KeySellingPoints-module_description__x3kQG Typography-module_responsive__iddT7\" data-test-hook=\"@hpstellar\/core\/typography\"><span>Lorsque la diff\u00e9rence r\u00e9side dans les d\u00e9tails, ce moniteur FHD de 27 pouces de diagonale affiche la clart\u00e9 dont vous avez besoin pour rester concentr\u00e9 sur la t\u00e2che \u00e0 accomplir. Avec une profondeur de couleur sRGB riche de 99 % et la technologie IPS <\/span><span>, vous verrez des couleurs claires et vives sur de larges angles de vision <\/span><span>\u00a0.<\/span><\/p>\n<\/div>\n<div class=\"Col-module_col__IAg7z Col-module_lg-5__Qi2IF Col-module_offset-lg-1__jW9ZJ KeySellingPoints-module_item__jLTOO Col-module_gutter__kiWeK\" data-test-hook=\"@hpstellar\/pdp\/key-selling-points__bundle-item\">\n<h3 class=\"Typography-module_root__eQwd4 Typography-module_titleM__lNAVX KeySellingPoints-module_title__Qgiiz Typography-module_responsive__iddT7\" data-test-hook=\"@hpstellar\/core\/typography\"><span>Apportez du confort au travail<\/span><\/h3>\n<p class=\"Typography-module_root__eQwd4 Typography-module_bodyM__XNddq KeySellingPoints-module_description__x3kQG Typography-module_responsive__iddT7\" data-test-hook=\"@hpstellar\/core\/typography\"><span>Lorsque faire de votre mieux d\u00e9pend de se sentir mieux, il est facile de trouver un confort qui dure toute la journ\u00e9e gr\u00e2ce \u00e0 un r\u00e9glage dans 4 directions optimis\u00e9 par le guide de configuration ergonomique \u00e9tape par \u00e9tape dans HP Display Center\u00a0<\/span><span>\u00a0. <\/span><\/p>\n<p class=\"Typography-module_root__eQwd4 Typography-module_bodyM__XNddq KeySellingPoints-module_description__x3kQG Typography-module_responsive__iddT7\" data-test-hook=\"@hpstellar\/core\/typography\"><span>Aidez \u00e0 garder vos yeux \u00e0 l&#8217;aise avec un moniteur dot\u00e9 d&#8217;une technologie sans scintillement, d&#8217;un taux de rafra\u00eechissement de 75 Hz <\/span><span>\u00a0et de HP Eye Ease, un filtre de lumi\u00e8re bleue faible int\u00e9gr\u00e9 et toujours actif.<\/span><\/p>\n<\/div>\n<div class=\"Col-module_col__IAg7z Col-module_lg-5__Qi2IF KeySellingPoints-module_item__jLTOO Col-module_gutter__kiWeK\" data-test-hook=\"@hpstellar\/pdp\/key-selling-points__bundle-item\">\n<h3 class=\"Typography-module_root__eQwd4 Typography-module_titleM__lNAVX KeySellingPoints-module_title__Qgiiz Typography-module_responsive__iddT7\" data-test-hook=\"@hpstellar\/core\/typography\"><span>Connectez-vous intuitivement<\/span><\/h3>\n<p class=\"Typography-module_root__eQwd4 Typography-module_bodyM__XNddq KeySellingPoints-module_description__x3kQG Typography-module_responsive__iddT7\" data-test-hook=\"@hpstellar\/core\/typography\"><span>Travaillez comme vous le souhaitez avec une connectivit\u00e9 et des param\u00e8tres flexibles. \u00c0 port\u00e9e de main, les ports accessibles facilitent et acc\u00e9l\u00e8rent la connexion de vos appareils, tandis que vous parcourez sans effort vos param\u00e8tres \u00e0 l&#8217;\u00e9cran gr\u00e2ce au bouton OSD intuitif du joypad.<\/span><\/p>\n<\/div>\n<div class=\"Col-module_col__IAg7z Col-module_lg-5__Qi2IF Col-module_offset-lg-1__jW9ZJ KeySellingPoints-module_item__jLTOO Col-module_gutter__kiWeK\" data-test-hook=\"@hpstellar\/pdp\/key-selling-points__bundle-item\">\n<h3 class=\"Typography-module_root__eQwd4 Typography-module_titleM__lNAVX KeySellingPoints-module_title__Qgiiz Typography-module_responsive__iddT7\" data-test-hook=\"@hpstellar\/core\/typography\"><span>Un design qui inspire<\/span><\/h3>\n<p class=\"Typography-module_root__eQwd4 Typography-module_bodyM__XNddq KeySellingPoints-module_description__x3kQG Typography-module_responsive__iddT7\" data-test-hook=\"@hpstellar\/core\/typography\"><span>Stimulez la joie sur votre bureau et dans le monde avec un moniteur construit autour de vous. Le design \u00e9l\u00e9gant et efficace et le cadre \u00e0 micro-bords sur 3 c\u00f4t\u00e9s sur\u00e9l\u00e8vent votre bureau tout en maximisant l&#8217;espace. Au-del\u00e0 de l&#8217;apparence, sentez-vous bien avec un moniteur contenant des plastiques recycl\u00e9s <\/span><span>et des m\u00e9taux\u00a0<\/span><\/p>\n<p class=\"Typography-module_root__eQwd4 Typography-module_bodyM__XNddq KeySellingPoints-module_description__x3kQG Typography-module_responsive__iddT7\" data-test-hook=\"@hpstellar\/core\/typography\"><span>Et personnalisez votre espace pour augmenter votre productivit\u00e9 avec l&#8217;\u00e9cosyst\u00e8me d&#8217;accessoires correspondant<\/span><\/p>\n<\/div>\n<\/div>\n<\/div>\n<\/div>\n","protected":false},"excerpt":{"rendered":"<p>Taille de l&#8217;\u00e9cran: 68,6 cm (27 pouces) &#8211; Format 16:9<br \/>\nCourbure de l&#8217;\u00e9cran: Plat<br \/>\nType de Dalle: IPS &#8211; R\u00e9tro\u00e9clairage: IPS<br \/>\nR\u00e9solution: FHD (1920 x 1080)<br \/>\nTemps de r\u00e9ponse: 5ms GtG (avec surcharge)<br \/>\nTaux de rafra\u00eechissement: 75 Hz<br \/>\nConnecteurs d&#8217;entr\u00e9e: HDMI, DisplayPort<br \/>\nR\u00e9glages de la position de l&#8217;\u00e9cran: Inclinaison -5\u00b0 \u00e0 +20\u00b0, pivot \u00b190\u00b0, rotation \u00b145\u00b0<\/p>\n","protected":false},"featured_media":10552,"comment_status":"open","ping_status":"closed","template":"","meta":{"_acf_changed":false,"_monsterinsights_skip_tracking":false,"_monsterinsights_sitenote_active":false,"_monsterinsights_sitenote_note":"","_monsterinsights_sitenote_category":0,"_uf_show_specific_survey":0,"_uf_disable_surveys":false,"_joinchat":[]},"product_brand":[],"product_cat":[259,239],"product_tag":[],"class_list":{"0":"post-10550","1":"product","2":"type-product","3":"status-publish","4":"has-post-thumbnail","6":"product_cat-ecran-pc","7":"product_cat-ecran-moniteur","9":"first","10":"instock","11":"sale","12":"shipping-taxable","13":"purchasable","14":"product-type-simple"},"acf":[],"jetpack_sharing_enabled":true,"_links":{"self":[{"href":"https:\/\/digistar.ma\/index.php?rest_route=\/wp\/v2\/product\/10550","targetHints":{"allow":["GET"]}}],"collection":[{"href":"https:\/\/digistar.ma\/index.php?rest_route=\/wp\/v2\/product"}],"about":[{"href":"https:\/\/digistar.ma\/index.php?rest_route=\/wp\/v2\/types\/product"}],"replies":[{"embeddable":true,"href":"https:\/\/digistar.ma\/index.php?rest_route=%2Fwp%2Fv2%2Fcomments&post=10550"}],"version-history":[{"count":1,"href":"https:\/\/digistar.ma\/index.php?rest_route=\/wp\/v2\/product\/10550\/revisions"}],"predecessor-version":[{"id":10554,"href":"https:\/\/digistar.ma\/index.php?rest_route=\/wp\/v2\/product\/10550\/revisions\/10554"}],"wp:featuredmedia":[{"embeddable":true,"href":"https:\/\/digistar.ma\/index.php?rest_route=\/wp\/v2\/media\/10552"}],"wp:attachment":[{"href":"https:\/\/digistar.ma\/index.php?rest_route=%2Fwp%2Fv2%2Fmedia&parent=10550"}],"wp:term":[{"taxonomy":"product_brand","embeddable":true,"href":"https:\/\/digistar.ma\/index.php?rest_route=%2Fwp%2Fv2%2Fproduct_brand&post=10550"},{"taxonomy":"product_cat","embeddable":true,"href":"https:\/\/digistar.ma\/index.php?rest_route=%2Fwp%2Fv2%2Fproduct_cat&post=10550"},{"taxonomy":"product_tag","embeddable":true,"href":"https:\/\/digistar.ma\/index.php?rest_route=%2Fwp%2Fv2%2Fproduct_tag&post=10550"}],"curies":[{"name":"wp","href":"https:\/\/api.w.org\/{rel}","templated":true}]}}