{"id":10645,"date":"2024-02-24T22:31:02","date_gmt":"2024-02-24T22:31:02","guid":{"rendered":"https:\/\/digistar.ma\/?post_type=product&#038;p=10645"},"modified":"2024-02-24T22:31:39","modified_gmt":"2024-02-24T22:31:39","slug":"imprimante-epson-workforce-al-m320dn-laser-monochrome","status":"publish","type":"product","link":"https:\/\/digistar.ma\/?product=imprimante-epson-workforce-al-m320dn-laser-monochrome","title":{"rendered":"Imprimante Epson WorkForce AL-M320DN Laser Monochrome"},"content":{"rendered":"<h3>Imprimante Epson WorkForce AL-M320DN Laser Monochrome<\/h3>\n<p>Imprimante laser monochrome, A4, ultra-performante et dot\u00e9e de la connectivit\u00e9 r\u00e9seau pour une int\u00e9gration facile au sein des petits et moyens groupes de travail.<\/p>\n<p>Parfaite pour les groupes de travail exigeants \u00e0 la recherche de r\u00e9sultats \u00e9conomiques, cette imprimante r\u00e9alise des impressions de qualit\u00e9, avec une grande efficacit\u00e9.<\/p>\n<p>Dot\u00e9e d\u2019une connectivit\u00e9 Ethernet Gigabit et des langages de description de page PCL6 et PostScript\u00a03, elle permet une int\u00e9gration facile dans les environnements professionnels.<\/p>\n<p>Les cartouches toner de grande autonomie permettent un co\u00fbt d\u2019impression r\u00e9duit.<\/p>\n<p><b>Impression rapide<\/b><br \/>\nVitesses d\u2019impression ISO de 40\u00a0ppm<\/p>\n<p><b>Grande fiabilit\u00e9<\/b><br \/>\nVolum\u00e9trie mensuelle max. de 50\u00a0000<\/p>\n<p><b>Toner de grande autonomie<\/b><br \/>\nImprimez jusqu\u2019\u00e0 13\u00a0300 pages<\/p>\n<p><b>Langages de description de page<\/b><br \/>\nPCL6, PostScript\u00a03 et PDF\u00a01.7 inclus<\/p>\n<p><b>Convient aux groupes de travail<\/b><br \/>\nPlacez votre imprimante sur des bureaux gr\u00e2ce \u00e0 son faible encombrement.<\/p>\n<h4 class=\"title\">Points forts de : Imprimante Epson WorkForce AL-M320DN Laser Monochrome<\/h4>\n<ul>\n<li>Vitesses d&#8217;impression ISO de 40\u00a0ppm<\/li>\n<li>Imprimez jusqu&#8217;\u00e0 13\u00a0300 pages<\/li>\n<li>Placez votre imprimante sur des bureaux gr\u00e2ce \u00e0 son faible encombrement<\/li>\n<\/ul>\n","protected":false},"excerpt":{"rendered":"<p>Epson WorkForce AL-M320DN<\/p>\n<p>Imprimante &#8211; monochrome<\/p>\n<p>Recto-verso<\/p>\n<p>Laser<\/p>\n<p>A4\/Legal<\/p>\n<p>1200 x 1200 ppp<\/p>\n<p>jusqu&#8217;\u00e0 40 ppm<\/p>\n<p>capacit\u00e9 : 350 feuilles<\/p>\n<p>USB 2.0, Gigabit LAN<\/p>\n","protected":false},"featured_media":10646,"comment_status":"open","ping_status":"closed","template":"","meta":{"_acf_changed":false,"_monsterinsights_skip_tracking":false,"_monsterinsights_sitenote_active":false,"_monsterinsights_sitenote_note":"","_monsterinsights_sitenote_category":0,"_uf_show_specific_survey":0,"_uf_disable_surveys":false,"_joinchat":[]},"product_brand":[],"product_cat":[15,380,253,270],"product_tag":[],"class_list":{"0":"post-10645","1":"product","2":"type-product","3":"status-publish","4":"has-post-thumbnail","6":"product_cat-imprimante-scanner","7":"product_cat-epson","8":"product_cat-imprimante","9":"product_cat-imprimante-laser-monochrome","11":"first","12":"instock","13":"sale","14":"shipping-taxable","15":"purchasable","16":"product-type-simple"},"acf":[],"jetpack_sharing_enabled":true,"_links":{"self":[{"href":"https:\/\/digistar.ma\/index.php?rest_route=\/wp\/v2\/product\/10645","targetHints":{"allow":["GET"]}}],"collection":[{"href":"https:\/\/digistar.ma\/index.php?rest_route=\/wp\/v2\/product"}],"about":[{"href":"https:\/\/digistar.ma\/index.php?rest_route=\/wp\/v2\/types\/product"}],"replies":[{"embeddable":true,"href":"https:\/\/digistar.ma\/index.php?rest_route=%2Fwp%2Fv2%2Fcomments&post=10645"}],"version-history":[{"count":2,"href":"https:\/\/digistar.ma\/index.php?rest_route=\/wp\/v2\/product\/10645\/revisions"}],"predecessor-version":[{"id":10654,"href":"https:\/\/digistar.ma\/index.php?rest_route=\/wp\/v2\/product\/10645\/revisions\/10654"}],"wp:featuredmedia":[{"embeddable":true,"href":"https:\/\/digistar.ma\/index.php?rest_route=\/wp\/v2\/media\/10646"}],"wp:attachment":[{"href":"https:\/\/digistar.ma\/index.php?rest_route=%2Fwp%2Fv2%2Fmedia&parent=10645"}],"wp:term":[{"taxonomy":"product_brand","embeddable":true,"href":"https:\/\/digistar.ma\/index.php?rest_route=%2Fwp%2Fv2%2Fproduct_brand&post=10645"},{"taxonomy":"product_cat","embeddable":true,"href":"https:\/\/digistar.ma\/index.php?rest_route=%2Fwp%2Fv2%2Fproduct_cat&post=10645"},{"taxonomy":"product_tag","embeddable":true,"href":"https:\/\/digistar.ma\/index.php?rest_route=%2Fwp%2Fv2%2Fproduct_tag&post=10645"}],"curies":[{"name":"wp","href":"https:\/\/api.w.org\/{rel}","templated":true}]}}