{"id":10703,"date":"2024-03-03T17:13:19","date_gmt":"2024-03-03T17:13:19","guid":{"rendered":"https:\/\/digistar.ma\/?post_type=product&#038;p=10703"},"modified":"2024-03-03T17:14:12","modified_gmt":"2024-03-03T17:14:12","slug":"imprimante-multifonction-laser-monochrome-hp-laser-tank-1602w","status":"publish","type":"product","link":"https:\/\/digistar.ma\/?product=imprimante-multifonction-laser-monochrome-hp-laser-tank-1602w","title":{"rendered":"Imprimante Multifonction Laser Monochrome HP Laser Tank 1602w"},"content":{"rendered":"<h3>Imprimante Multifonction Laser Monochrome HP Laser Tank 1602w<\/h3>\n<h2 class=\"h2-master\">L&#8217;imprimante 3-en-1 qui vous fera r\u00e9ussir !<\/h2>\n<section>D\u00e9couvrez des fonctionnalit\u00e9s pr\u00eates \u00e0 l\u2019emploi et faites des \u00e9conomies avec l<strong>\u2019imprimante multifonction laser monochrome 3-en-1<\/strong>\u00a0(impression, copie, num\u00e9risation)\u00a0<strong>HP LaserJet Tank 1602w<\/strong>\u00a0pr\u00e9-remplie avec un toner HP authentique pouvant imprimer jusqu\u2019\u00e0 5 000 pages.<\/section>\n<section>\n<div class=\"desc-image\"><img decoding=\"async\" src=\"https:\/\/media.ldlc.com\/bo\/images\/fiches\/imprimante\/HP\/MFP%201604w\/MFP1604w_800_1.jpg\" alt=\"\" \/><\/div>\n<div class=\"desc-text\">\n<h2>POUR R\u00c9ALISER DES \u00c9CONOMIES<\/h2>\n<p>Con\u00e7ue pour l\u2019<strong>impression \u00e0 grand volume, la copie et la num\u00e9risation<\/strong>, cette imprimante vous fait r\u00e9aliser\u00a0des \u00e9conomies gr\u00e2ce au kit de recharge de toner HP \u00e0 tr\u00e8s haut rendement. Profitez d&#8217;impressions d\u2019une qualit\u00e9 exceptionnelle avec un texte net et des noirs profonds, page apr\u00e8s page.<\/p>\n<p>Rechargez facilement le toner HP authentique en 15 secondes. Vous \u00eates s\u00fbr de passer moins de temps \u00e0 l&#8217;arr\u00eat\u00a0avec les options de recharge de toner HP de 2 500 et 5 000 pages. Le kit de recharge de toner HP authentique poss\u00e8de un design unique, fabriqu\u00e9 avec plus de 75% de plastique en moins.<\/p>\n<p>Am\u00e9liorez votre productivit\u00e9 avec des vitesses d\u2019impression pouvant atteindre 22 ppm. Imprimez o\u00f9 que vous soyez, sur n\u2019importe quel appareil, avec l\u2019application HP Smart. Maintenance r\u00e9duite avec une longue dur\u00e9e de vie du tambour d\u2019imagerie allant jusqu\u2019\u00e0 50 000 pages. Protection fondamentale adapt\u00e9e aux besoins du quotidien avec HP Wolf Essential security.<\/p>\n<\/div>\n<\/section>\n<section>\n<h2>CARACT\u00c9RISTIQUES PRINCIPALES Imprimante Multifonction Laser Monochrome HP Laser Tank 1602w<\/h2>\n<ul>\n<li><strong>Imprimante laser\u00a0monochrome\u00a0<\/strong><\/li>\n<li><strong>3-en-1 : impression, copie, num\u00e9risation<\/strong><\/li>\n<li>Vitesse d&#8217;impression : jusqu&#8217;\u00e0 22 ppm (A4)<\/li>\n<li>R\u00e9solution de num\u00e9risation, optique : 600 x 600<\/li>\n<li>Vitesse de copie : 14 cpm<\/li>\n<li>Bac de 150 feuilles<\/li>\n<li>Ports USB 2.0<strong>\u00a0<\/strong>haut d\u00e9bit h\u00f4te\/p\u00e9riph\u00e9rique<\/li>\n<li>Wi-Fi 802.11b\/g\/n (2,4\/5\u00a0GHz) int\u00e9gr\u00e9<\/li>\n<li>\u00c9cran Icon LCD<\/li>\n<li>Protection renforc\u00e9e pour les p\u00e9riph\u00e9riques, donn\u00e9es et documents<\/li>\n<li>Pour des \u00e9quipes de 5 utilisateurs<\/li>\n<li><strong>Fonctionnalit\u00e9s<\/strong>\u00a0: HP\u00a0Smart, Apple AirPrint, Certifi\u00e9e Mopria<\/li>\n<li><strong>Imprimante avec Toner\u00a0LaserJet noir pr\u00e9install\u00e9\u00a0<\/strong>(rendement : 5000 pages)<\/li>\n<li>Dimensions : 368 x 326 x 255 mm<\/li>\n<li>Poids : 7.9 kg<\/li>\n<\/ul>\n<\/section>\n","protected":false},"excerpt":{"rendered":"<p>Impression, copie, num\u00e9risation<br \/>\nVitesse d&#8217;impression noir: Jusqu&#8217;\u00e0 22 pages par minute (norme ISO)<br \/>\nQualit\u00e9 d&#8217;impression noire: Jusqu&#8217;\u00e0 600 x 600 ppp<br \/>\nVolume de pages mensuel recommand\u00e9: 250 \u00e0 2500<br \/>\nImpression recto\/verso: Manuel (avec prise en charge des pilotes)<br \/>\nFonctionne avec: 1 Toner (noire)<br \/>\nConnectivit\u00e9: USB haut d\u00e9bit (compatible avec les sp\u00e9cifications USB 2.0); Wi-Fi<br \/>\nEncres fournies avec l&#8217;imprimante: Toner HP LaserJet noir authentique pr\u00e9install\u00e9 (5 000 pages)<\/p>\n","protected":false},"featured_media":10704,"comment_status":"open","ping_status":"closed","template":"","meta":{"_acf_changed":false,"_monsterinsights_skip_tracking":false,"_monsterinsights_sitenote_active":false,"_monsterinsights_sitenote_note":"","_monsterinsights_sitenote_category":0,"_uf_show_specific_survey":0,"_uf_disable_surveys":false,"_joinchat":[]},"product_brand":[],"product_cat":[15,253,271],"product_tag":[],"class_list":{"0":"post-10703","1":"product","2":"type-product","3":"status-publish","4":"has-post-thumbnail","6":"product_cat-imprimante-scanner","7":"product_cat-imprimante","8":"product_cat-multifonction-laser-monochrome","10":"first","11":"instock","12":"sale","13":"shipping-taxable","14":"purchasable","15":"product-type-simple"},"acf":[],"jetpack_sharing_enabled":true,"_links":{"self":[{"href":"https:\/\/digistar.ma\/index.php?rest_route=\/wp\/v2\/product\/10703","targetHints":{"allow":["GET"]}}],"collection":[{"href":"https:\/\/digistar.ma\/index.php?rest_route=\/wp\/v2\/product"}],"about":[{"href":"https:\/\/digistar.ma\/index.php?rest_route=\/wp\/v2\/types\/product"}],"replies":[{"embeddable":true,"href":"https:\/\/digistar.ma\/index.php?rest_route=%2Fwp%2Fv2%2Fcomments&post=10703"}],"version-history":[{"count":2,"href":"https:\/\/digistar.ma\/index.php?rest_route=\/wp\/v2\/product\/10703\/revisions"}],"predecessor-version":[{"id":10711,"href":"https:\/\/digistar.ma\/index.php?rest_route=\/wp\/v2\/product\/10703\/revisions\/10711"}],"wp:featuredmedia":[{"embeddable":true,"href":"https:\/\/digistar.ma\/index.php?rest_route=\/wp\/v2\/media\/10704"}],"wp:attachment":[{"href":"https:\/\/digistar.ma\/index.php?rest_route=%2Fwp%2Fv2%2Fmedia&parent=10703"}],"wp:term":[{"taxonomy":"product_brand","embeddable":true,"href":"https:\/\/digistar.ma\/index.php?rest_route=%2Fwp%2Fv2%2Fproduct_brand&post=10703"},{"taxonomy":"product_cat","embeddable":true,"href":"https:\/\/digistar.ma\/index.php?rest_route=%2Fwp%2Fv2%2Fproduct_cat&post=10703"},{"taxonomy":"product_tag","embeddable":true,"href":"https:\/\/digistar.ma\/index.php?rest_route=%2Fwp%2Fv2%2Fproduct_tag&post=10703"}],"curies":[{"name":"wp","href":"https:\/\/api.w.org\/{rel}","templated":true}]}}