{"id":10748,"date":"2024-03-08T11:17:00","date_gmt":"2024-03-08T11:17:00","guid":{"rendered":"https:\/\/digistar.ma\/?post_type=product&#038;p=10748"},"modified":"2024-03-08T11:17:01","modified_gmt":"2024-03-08T11:17:01","slug":"papier-de-transfert-sublimation-a4-dos-rose-quaff","status":"publish","type":"product","link":"https:\/\/digistar.ma\/?product=papier-de-transfert-sublimation-a4-dos-rose-quaff","title":{"rendered":"Papier de transfert sublimation A4 dos rose Quaff"},"content":{"rendered":"<p><strong>Papier de transfert sublimation A4 dos rose Quaff<\/strong><\/p>\n<p>Ce papier vous permettra de r\u00e9aliser tous types de cr\u00e9ations sur tee-shirts polyester, mugs, puzzles, coques iphone, casquettes, c\u00e9ramiques, porte-cl\u00e9s et bien plus encore &#8230;<\/p>\n<p>Papier de transfert sublimation A4 dos rose Quaff\u00a0 b\u00e9n\u00e9ficie d&#8217;un excellent rapport qualit\u00e9 prix, d&#8217;un bon niveau de blancheur et d&#8217;une excellente stabilit\u00e9. Le temps de s\u00e9chage est court, et le rendu des couleurs parfait !<\/p>\n<p><a href=\"https:\/\/www.creadhesif.com\/cartouche-artainium-sublijet-pour-ricoh-sg3110-sg7100.html\" target=\"_blank\" rel=\"noopener\"><\/p>\n<p><\/a><strong>L&#8217;Astuce <em>Digistar.ma<\/em> :<\/strong> pensez \u00e0 maintenir votre transfert sur l&#8217;objet \u00e0 sublimer \u00e0 l&#8217;aide du scotch haute temp\u00e9rature.<\/p>\n","protected":false},"excerpt":{"rendered":"<ul>\n<li>Papier transfert pour sublimation professionnel rose<\/li>\n<li>Format : 100 Feuilles\u00a0<strong>A4<\/strong><\/li>\n<li>Excellent taux d\u2019absorption de l\u2019encre<\/li>\n<li>Marque : Quaff<\/li>\n<\/ul>\n","protected":false},"featured_media":10750,"comment_status":"open","ping_status":"closed","template":"","meta":{"_acf_changed":false,"_monsterinsights_skip_tracking":false,"_monsterinsights_sitenote_active":false,"_monsterinsights_sitenote_note":"","_monsterinsights_sitenote_category":0,"_uf_show_specific_survey":0,"_uf_disable_surveys":false,"_joinchat":[]},"product_brand":[],"product_cat":[384,386,385],"product_tag":[],"class_list":{"0":"post-10748","1":"product","2":"type-product","3":"status-publish","4":"has-post-thumbnail","6":"product_cat-fournitures-dimpression","7":"product_cat-consommables-sublimation-dtf","8":"product_cat-sublimation","10":"first","11":"instock","12":"sale","13":"shipping-taxable","14":"purchasable","15":"product-type-simple"},"acf":[],"jetpack_sharing_enabled":true,"_links":{"self":[{"href":"https:\/\/digistar.ma\/index.php?rest_route=\/wp\/v2\/product\/10748","targetHints":{"allow":["GET"]}}],"collection":[{"href":"https:\/\/digistar.ma\/index.php?rest_route=\/wp\/v2\/product"}],"about":[{"href":"https:\/\/digistar.ma\/index.php?rest_route=\/wp\/v2\/types\/product"}],"replies":[{"embeddable":true,"href":"https:\/\/digistar.ma\/index.php?rest_route=%2Fwp%2Fv2%2Fcomments&post=10748"}],"version-history":[{"count":1,"href":"https:\/\/digistar.ma\/index.php?rest_route=\/wp\/v2\/product\/10748\/revisions"}],"predecessor-version":[{"id":10754,"href":"https:\/\/digistar.ma\/index.php?rest_route=\/wp\/v2\/product\/10748\/revisions\/10754"}],"wp:featuredmedia":[{"embeddable":true,"href":"https:\/\/digistar.ma\/index.php?rest_route=\/wp\/v2\/media\/10750"}],"wp:attachment":[{"href":"https:\/\/digistar.ma\/index.php?rest_route=%2Fwp%2Fv2%2Fmedia&parent=10748"}],"wp:term":[{"taxonomy":"product_brand","embeddable":true,"href":"https:\/\/digistar.ma\/index.php?rest_route=%2Fwp%2Fv2%2Fproduct_brand&post=10748"},{"taxonomy":"product_cat","embeddable":true,"href":"https:\/\/digistar.ma\/index.php?rest_route=%2Fwp%2Fv2%2Fproduct_cat&post=10748"},{"taxonomy":"product_tag","embeddable":true,"href":"https:\/\/digistar.ma\/index.php?rest_route=%2Fwp%2Fv2%2Fproduct_tag&post=10748"}],"curies":[{"name":"wp","href":"https:\/\/api.w.org\/{rel}","templated":true}]}}