{"id":10931,"date":"2024-03-19T14:38:14","date_gmt":"2024-03-19T14:38:14","guid":{"rendered":"https:\/\/digistar.ma\/?post_type=product&#038;p=10931"},"modified":"2025-09-17T17:21:30","modified_gmt":"2025-09-17T17:21:30","slug":"poudre-blanche-pour-transfert-dtf-1kg","status":"publish","type":"product","link":"https:\/\/digistar.ma\/?product=poudre-blanche-pour-transfert-dtf-1kg","title":{"rendered":"Poudre blanche pour transfert DTF &#8211; 1kg"},"content":{"rendered":"<p><strong>Poudre blanche pour transfert DTF &#8211; 1kg<\/strong><\/p>\n<p><span class=\"goog-text-highlight\"><strong>D\u00e9couvrez notre poudre pour transfert DTF !<\/strong><br \/>\n<\/span><\/p>\n<p>&nbsp;<\/p>\n<p>Vous pouvez utiliser notre poudre avec l&#8217;ensemble des imprimantes DTF utilisant des encres et des films pour transfert DTF. Il s&#8217;agit d&#8217;une poudre adh\u00e9sive thermofusible de polyur\u00e9thane thermoplastique ( TPU) sp\u00e9cialement formul\u00e9e pour le DTF.<\/p>\n<p><strong>Comment utiliser la poudre thermofusible?<\/p>\n<p><\/strong>Le transfert DTF est r\u00e9alis\u00e9 \u00e0 l&#8217;aide de films de transfert DTF et de poudre de transfert DTF.<\/p>\n<p>Tout d&#8217;abord, imprimez \u00e0 partir de votre imprimante adapt\u00e9e DTF ou DTG avec de l&#8217;encre textile ou de l&#8217;encre DTF sur des feuilles ou des rouleaux de films DTF.<br \/>\nPuis recouvrez votre impression avec la Poudre blanche pour transfert DTF &#8211; 1kg.<\/p>\n<p>Il reste \u00e0 s\u00e9cher la poudre pendant 120\u00b0C pendant 90 secondes. Pour l&#8217;\u00e9tape de s\u00e9chage du transfert, vous pouvez utiliser une presse \u00e0 chaud, un tunnel de s\u00e9rigraphie, un s\u00e9cheur interm\u00e9diaire de s\u00e9rigraphie, une \u00e9tuve ou un four traditionnel.<\/p>\n<p>Il ne reste plus qu&#8217;\u00e0 appliquer votre transfert sur votre textile \u00e0 150\u00b0C pendant 8 \u00e0 10 secondes avec un pelage \u00e0 froid.<\/p>\n<p>&nbsp;<\/p>\n<p><strong>Vous pouvez :<\/strong><br \/>\n&#8211; Pour vos textles blancs ou clairs : imprimer uniquement vos couleurs<br \/>\n&#8211; Pour vos textiles fonc\u00e9s : vous devez imprimer une sous couche de blanc puis vos couleurs<\/p>\n<p>&nbsp;<\/p>\n<p><strong>Quel est l&#8217;avantage du DTF (Direct to Film)?<br \/>\n<\/strong><\/p>\n<p>&nbsp;<\/p>\n<p>Le DTF permet les transferts sur des textiles clairs et fonc\u00e9s gr\u00e2ce aux encres blanches appliqu\u00e9es en sous-couche.<br \/>\nLe DTF donne un transfert a\u00e9r\u00e9, lisse au toucher et plus extensible.<br \/>\nLe DTF ne n\u00e9cessite pas de d\u00e9couper l&#8217;image sur le transfert.<br \/>\nLe DTF permet d&#8217;obtenir des couleurs vives.<\/p>\n<p>&nbsp;<\/p>\n<p>Les conditions de pressage de votre transfert sont de 160\u00b0C-180\u00b0C pendant 10 \u00e0 15 secondes, pelage \u00e0 froid.<\/p>\n<p>&nbsp;<\/p>\n<p>La poudre se conserve dans un endroit sec sur une dur\u00e9e de 2 ans. Elle conf\u00e8re \u00e0 votre transfert une excellente r\u00e9sistance au lavage ( jusqu&#8217;\u00e0 90\u00b0C).<\/p>\n","protected":false},"excerpt":{"rendered":"<ul>\n<li>Applicables sur coton, polyester<\/li>\n<li>Compatibles imprimante\u00a0 DTF<\/li>\n<li>1 Kg de poudre<\/li>\n<li>Couleur\u00a0<strong>Blanc<\/strong><\/li>\n<\/ul>\n","protected":false},"featured_media":10932,"comment_status":"open","ping_status":"closed","template":"","meta":{"_acf_changed":false,"_monsterinsights_skip_tracking":false,"_monsterinsights_sitenote_active":false,"_monsterinsights_sitenote_note":"","_monsterinsights_sitenote_category":0,"_uf_show_specific_survey":0,"_uf_disable_surveys":false,"_joinchat":[]},"product_brand":[],"product_cat":[384,386],"product_tag":[],"class_list":{"0":"post-10931","1":"product","2":"type-product","3":"status-publish","4":"has-post-thumbnail","6":"product_cat-fournitures-dimpression","7":"product_cat-consommables-sublimation-dtf","9":"first","10":"instock","11":"sale","12":"shipping-taxable","13":"purchasable","14":"product-type-simple"},"acf":[],"jetpack_sharing_enabled":true,"_links":{"self":[{"href":"https:\/\/digistar.ma\/index.php?rest_route=\/wp\/v2\/product\/10931","targetHints":{"allow":["GET"]}}],"collection":[{"href":"https:\/\/digistar.ma\/index.php?rest_route=\/wp\/v2\/product"}],"about":[{"href":"https:\/\/digistar.ma\/index.php?rest_route=\/wp\/v2\/types\/product"}],"replies":[{"embeddable":true,"href":"https:\/\/digistar.ma\/index.php?rest_route=%2Fwp%2Fv2%2Fcomments&post=10931"}],"version-history":[{"count":1,"href":"https:\/\/digistar.ma\/index.php?rest_route=\/wp\/v2\/product\/10931\/revisions"}],"predecessor-version":[{"id":10936,"href":"https:\/\/digistar.ma\/index.php?rest_route=\/wp\/v2\/product\/10931\/revisions\/10936"}],"wp:featuredmedia":[{"embeddable":true,"href":"https:\/\/digistar.ma\/index.php?rest_route=\/wp\/v2\/media\/10932"}],"wp:attachment":[{"href":"https:\/\/digistar.ma\/index.php?rest_route=%2Fwp%2Fv2%2Fmedia&parent=10931"}],"wp:term":[{"taxonomy":"product_brand","embeddable":true,"href":"https:\/\/digistar.ma\/index.php?rest_route=%2Fwp%2Fv2%2Fproduct_brand&post=10931"},{"taxonomy":"product_cat","embeddable":true,"href":"https:\/\/digistar.ma\/index.php?rest_route=%2Fwp%2Fv2%2Fproduct_cat&post=10931"},{"taxonomy":"product_tag","embeddable":true,"href":"https:\/\/digistar.ma\/index.php?rest_route=%2Fwp%2Fv2%2Fproduct_tag&post=10931"}],"curies":[{"name":"wp","href":"https:\/\/api.w.org\/{rel}","templated":true}]}}