{"id":10990,"date":"2024-03-19T23:47:43","date_gmt":"2024-03-19T23:47:43","guid":{"rendered":"https:\/\/digistar.ma\/?post_type=product&#038;p=10990"},"modified":"2024-03-19T23:47:44","modified_gmt":"2024-03-19T23:47:44","slug":"presse-a-chaud-manuelle-multifonction-5en1","status":"publish","type":"product","link":"https:\/\/digistar.ma\/?product=presse-a-chaud-manuelle-multifonction-5en1","title":{"rendered":"Presse \u00e0 chaud manuelle multifonction 5en1"},"content":{"rendered":"<p><strong>Presse \u00e0 chaud manuelle multifonction 5en1<\/strong><\/p>\n<p>Presse manuelle multifonctions pour le transfert a chaud livr\u00e9e avec ses 5 accessoires interchangeables pour imprimer des supports textiles (tapis de souris, fanions, bavoirs, drapeaux, torchons, serviettes de bains, casquettes\u2026)<\/p>\n<p>que des supports durs (mugs, tirelires, assiettes, carrelages, briquets, porte-cl\u00e9s, dessous de verres, plaques aluminium\u2026).<\/p>\n<p>Machine de presse \u00e0 transfert thermique 5 en 1. La presse \u00e0 chaud est la machine qui presse un milieu de transfert sur un support imprimable.<\/p>\n<p><img fetchpriority=\"high\" decoding=\"async\" class=\"alignnone size-medium wp-image-10992\" src=\"https:\/\/digistar.ma\/wp-content\/uploads\/2024\/03\/Machine-d-tiquetage-5-en-1-pour-impression-de-LOGO-chaud-transfert-impression-application-pour-T.jpg_-e1710891404572-300x300.webp\" alt=\"Presse \u00e0 chaud manuelle multifonction 5en1\" width=\"300\" height=\"300\" srcset=\"https:\/\/digistar.ma\/wp-content\/uploads\/2024\/03\/Machine-d-tiquetage-5-en-1-pour-impression-de-LOGO-chaud-transfert-impression-application-pour-T.jpg_-e1710891404572-300x300.webp 300w, https:\/\/digistar.ma\/wp-content\/uploads\/2024\/03\/Machine-d-tiquetage-5-en-1-pour-impression-de-LOGO-chaud-transfert-impression-application-pour-T.jpg_-e1710891404572-150x150.webp 150w, https:\/\/digistar.ma\/wp-content\/uploads\/2024\/03\/Machine-d-tiquetage-5-en-1-pour-impression-de-LOGO-chaud-transfert-impression-application-pour-T.jpg_-e1710891404572-100x100.webp 100w, https:\/\/digistar.ma\/wp-content\/uploads\/2024\/03\/Machine-d-tiquetage-5-en-1-pour-impression-de-LOGO-chaud-transfert-impression-application-pour-T.jpg_-e1710891404572.webp 641w\" sizes=\"(max-width: 300px) 100vw, 300px\" \/><\/p>\n<p>En utilisant des temp\u00e9ratures et des pressions \u00e9lev\u00e9es \u00e0 un certain moment, le milieu de transfert est int\u00e9gr\u00e9 de mani\u00e8re permanente dans le produit.<\/p>\n<p>Les presseurs thermiques sont recommand\u00e9s pour des r\u00e9sultats professionnels et satisfaisants simplement parce que les appareils de stratification standard et les fers \u00e0 main domestiques ne peuvent pas atteindre m\u00eame pr\u00e8s des temp\u00e9ratures requises pour un milieu de transfert fiable.<\/p>\n","protected":false},"excerpt":{"rendered":"<ul>\n<li>Plateau T-shirt : 38 x 29 cm<\/li>\n<li>Accessoire grande assiettes<\/li>\n<li>Accessoire mini\u00a0 assiettes<\/li>\n<li>Plateaux pour casquette<\/li>\n<li>presse \u00e0 tasse ou mugs<\/li>\n<\/ul>\n","protected":false},"featured_media":10992,"comment_status":"open","ping_status":"closed","template":"","meta":{"_acf_changed":false,"_monsterinsights_skip_tracking":false,"_monsterinsights_sitenote_active":false,"_monsterinsights_sitenote_note":"","_monsterinsights_sitenote_category":0,"_uf_show_specific_survey":0,"_uf_disable_surveys":false,"_joinchat":[]},"product_brand":[],"product_cat":[384,388],"product_tag":[],"class_list":{"0":"post-10990","1":"product","2":"type-product","3":"status-publish","4":"has-post-thumbnail","6":"product_cat-fournitures-dimpression","7":"product_cat-presse-a-chaud","9":"first","10":"instock","11":"sale","12":"shipping-taxable","13":"purchasable","14":"product-type-simple"},"acf":[],"jetpack_sharing_enabled":true,"_links":{"self":[{"href":"https:\/\/digistar.ma\/index.php?rest_route=\/wp\/v2\/product\/10990","targetHints":{"allow":["GET"]}}],"collection":[{"href":"https:\/\/digistar.ma\/index.php?rest_route=\/wp\/v2\/product"}],"about":[{"href":"https:\/\/digistar.ma\/index.php?rest_route=\/wp\/v2\/types\/product"}],"replies":[{"embeddable":true,"href":"https:\/\/digistar.ma\/index.php?rest_route=%2Fwp%2Fv2%2Fcomments&post=10990"}],"version-history":[{"count":1,"href":"https:\/\/digistar.ma\/index.php?rest_route=\/wp\/v2\/product\/10990\/revisions"}],"predecessor-version":[{"id":10996,"href":"https:\/\/digistar.ma\/index.php?rest_route=\/wp\/v2\/product\/10990\/revisions\/10996"}],"wp:featuredmedia":[{"embeddable":true,"href":"https:\/\/digistar.ma\/index.php?rest_route=\/wp\/v2\/media\/10992"}],"wp:attachment":[{"href":"https:\/\/digistar.ma\/index.php?rest_route=%2Fwp%2Fv2%2Fmedia&parent=10990"}],"wp:term":[{"taxonomy":"product_brand","embeddable":true,"href":"https:\/\/digistar.ma\/index.php?rest_route=%2Fwp%2Fv2%2Fproduct_brand&post=10990"},{"taxonomy":"product_cat","embeddable":true,"href":"https:\/\/digistar.ma\/index.php?rest_route=%2Fwp%2Fv2%2Fproduct_cat&post=10990"},{"taxonomy":"product_tag","embeddable":true,"href":"https:\/\/digistar.ma\/index.php?rest_route=%2Fwp%2Fv2%2Fproduct_tag&post=10990"}],"curies":[{"name":"wp","href":"https:\/\/api.w.org\/{rel}","templated":true}]}}