{"id":11094,"date":"2024-03-28T22:32:10","date_gmt":"2024-03-28T22:32:10","guid":{"rendered":"https:\/\/digistar.ma\/?post_type=product&#038;p=11094"},"modified":"2025-07-23T17:29:50","modified_gmt":"2025-07-23T17:29:50","slug":"decoupeuse-electrique-de-cartes-de-visite","status":"publish","type":"product","link":"https:\/\/digistar.ma\/?product=decoupeuse-electrique-de-cartes-de-visite","title":{"rendered":"D\u00e9coupeuse \u00e9lectrique de cartes de visite"},"content":{"rendered":"<h3 class=\"product_title entry-title\">D\u00e9coupeuse \u00e9lectrique de cartes de visite<\/h3>\n<p>R\u00e9aliser des cartes de visite \u00e0 la hauteur de vos ambitions !<\/p>\n<p>Offrez-vous ces d\u00e9coupeuse de carte de visite et r\u00e9aliser vos cartes en toute simplicit\u00e9. Il vous suffit d&#8217;imprimer une planche de 10 cartes de visite sur une feuille de papier A4.<\/p>\n<p>Les cartes sont ensuite d\u00e9coup\u00e9es par la d\u00e9coupeuse en quelques secondes avec des contours parfaitement lisses.<\/p>\n<p>En outre, la disposition avec espacement entre les cartes vous permet d\u00e9sormais d&#8217;imprimer sur toute la surface de la carte (\u00e0 fond perdu) sans risque de superposition.<\/p>\n<p>Vous obtenez ainsi la qualit\u00e9 d&#8217;un imprimeur au meilleur prix !!!<\/p>\n<p><img fetchpriority=\"high\" decoding=\"async\" class=\"alignnone size-medium wp-image-11096\" src=\"https:\/\/digistar.ma\/wp-content\/uploads\/2024\/03\/Decoupeuse-electrique-de-cartes-de-visite-1-300x300.jpg\" alt=\"D\u00e9coupeuse \u00e9lectrique de cartes de visite\" width=\"300\" height=\"300\" srcset=\"https:\/\/digistar.ma\/wp-content\/uploads\/2024\/03\/Decoupeuse-electrique-de-cartes-de-visite-1-300x300.jpg 300w, https:\/\/digistar.ma\/wp-content\/uploads\/2024\/03\/Decoupeuse-electrique-de-cartes-de-visite-1-150x150.jpg 150w, https:\/\/digistar.ma\/wp-content\/uploads\/2024\/03\/Decoupeuse-electrique-de-cartes-de-visite-1-768x768.jpg 768w, https:\/\/digistar.ma\/wp-content\/uploads\/2024\/03\/Decoupeuse-electrique-de-cartes-de-visite-1-600x600.jpg 600w, https:\/\/digistar.ma\/wp-content\/uploads\/2024\/03\/Decoupeuse-electrique-de-cartes-de-visite-1-100x100.jpg 100w, https:\/\/digistar.ma\/wp-content\/uploads\/2024\/03\/Decoupeuse-electrique-de-cartes-de-visite-1.jpg 1001w\" sizes=\"(max-width: 300px) 100vw, 300px\" \/><\/p>\n<p>Encore plus pr\u00e9cis qu&#8217;un massicot, D\u00e9coupeuse \u00e9lectrique de cartes de visite ne prend que quelques minutes pour fabriquer une centaine de cartes.<\/p>\n<p>Un investissement id\u00e9al pour produire des cartes de visite en nombre et rapidement.<\/p>\n<p>Avec cette d\u00e9coupeuse \u00e9lectrique et une imprimante, vous voil\u00e0 pr\u00eat \u00e0 fabriquer instantan\u00e9ment des cartes de visite pour vos clients ou vos \u00e9quipes.<\/p>\n","protected":false},"excerpt":{"rendered":"<ul>\n<li>D\u00e9coupeuse \u00e9lectrique<\/li>\n<li>Grammage papier : 100 \u2013 350 g\/ m\u00b2<\/li>\n<li>Alimentation : 220V<\/li>\n<\/ul>\n","protected":false},"featured_media":11095,"comment_status":"open","ping_status":"closed","template":"","meta":{"_acf_changed":false,"_monsterinsights_skip_tracking":false,"_monsterinsights_sitenote_active":false,"_monsterinsights_sitenote_note":"","_monsterinsights_sitenote_category":0,"_uf_show_specific_survey":0,"_uf_disable_surveys":false,"_joinchat":[]},"product_brand":[],"product_cat":[384],"product_tag":[],"class_list":{"0":"post-11094","1":"product","2":"type-product","3":"status-publish","4":"has-post-thumbnail","6":"product_cat-fournitures-dimpression","8":"first","9":"instock","10":"sale","11":"shipping-taxable","12":"purchasable","13":"product-type-simple"},"acf":[],"jetpack_sharing_enabled":true,"_links":{"self":[{"href":"https:\/\/digistar.ma\/index.php?rest_route=\/wp\/v2\/product\/11094","targetHints":{"allow":["GET"]}}],"collection":[{"href":"https:\/\/digistar.ma\/index.php?rest_route=\/wp\/v2\/product"}],"about":[{"href":"https:\/\/digistar.ma\/index.php?rest_route=\/wp\/v2\/types\/product"}],"replies":[{"embeddable":true,"href":"https:\/\/digistar.ma\/index.php?rest_route=%2Fwp%2Fv2%2Fcomments&post=11094"}],"version-history":[{"count":4,"href":"https:\/\/digistar.ma\/index.php?rest_route=\/wp\/v2\/product\/11094\/revisions"}],"predecessor-version":[{"id":11102,"href":"https:\/\/digistar.ma\/index.php?rest_route=\/wp\/v2\/product\/11094\/revisions\/11102"}],"wp:featuredmedia":[{"embeddable":true,"href":"https:\/\/digistar.ma\/index.php?rest_route=\/wp\/v2\/media\/11095"}],"wp:attachment":[{"href":"https:\/\/digistar.ma\/index.php?rest_route=%2Fwp%2Fv2%2Fmedia&parent=11094"}],"wp:term":[{"taxonomy":"product_brand","embeddable":true,"href":"https:\/\/digistar.ma\/index.php?rest_route=%2Fwp%2Fv2%2Fproduct_brand&post=11094"},{"taxonomy":"product_cat","embeddable":true,"href":"https:\/\/digistar.ma\/index.php?rest_route=%2Fwp%2Fv2%2Fproduct_cat&post=11094"},{"taxonomy":"product_tag","embeddable":true,"href":"https:\/\/digistar.ma\/index.php?rest_route=%2Fwp%2Fv2%2Fproduct_tag&post=11094"}],"curies":[{"name":"wp","href":"https:\/\/api.w.org\/{rel}","templated":true}]}}