{"id":11132,"date":"2024-03-29T01:24:59","date_gmt":"2024-03-29T01:24:59","guid":{"rendered":"https:\/\/digistar.ma\/?post_type=product&#038;p=11132"},"modified":"2024-03-29T01:24:59","modified_gmt":"2024-03-29T01:24:59","slug":"machine-decoupe-de-carte-en-pvc-avec-coins-arrondis","status":"publish","type":"product","link":"https:\/\/digistar.ma\/?product=machine-decoupe-de-carte-en-pvc-avec-coins-arrondis","title":{"rendered":"Machine D\u00e9coupe De Carte En PVC Avec Coins Arrondis"},"content":{"rendered":"<p><strong>Machine D\u00e9coupe De Carte En PVC Avec Coins Arrondis<\/strong><\/p>\n<div class=\"detailmodule_text-image\">\n<p id=\"tl_1\" class=\"detail-desc-decorate-title\">Machine manuelle de d\u00e9coupe de cartes en PVC Poin\u00e7onneuse de d\u00e9coupe de cartes de visite 86*54 outils de coupe<\/p>\n<\/div>\n<div class=\"detailmodule_text-image\">\n<ul class=\"seo-sellpoints--sellerPoint--bfm7Az1\">\n<li>\n<pre data-spm-anchor-id=\"a2g0o.detail.0.i3.1a2eMegxMegxdr\">fabriqu\u00e9 professionnellement: Fabriqu\u00e9 professionnellement par des professionnels, le fabricant est sp\u00e9cialis\u00e9 dans la production de produits d'\u00e9quipement d'origine. Fabriqu\u00e9 professionnellement avec les meilleures performances, il a une grande fiabilit\u00e9 et durabilit\u00e9, ce qui est tr\u00e8s adapt\u00e9 \u00e0 votre appareil. Fabriqu\u00e9 professionnellement, robuste et durable pour une utilisation.<\/pre>\n<\/li>\n<li>\n<pre>r\u00e9sistant \u00e0 la corrosion: R\u00e9sistant, r\u00e9sistant \u00e0 l'usure et durable pour une utilisation de longue dur\u00e9e.\r\n Alliage d'aluminium, r\u00e9sistant \u00e0 la corrosion, robuste et durable.<\/pre>\n<\/li>\n<li>\n<pre>des tailles diff\u00e9rentes: La conception de la carte \u00e0 puce unique, le contr\u00f4le automatique des cartes de visite peut \u00eatre vu par des personnes diff\u00e9rentes.<\/pre>\n<\/li>\n<li>\n<pre>petit format et l\u00e9ger: Petit et l\u00e9ger, pratique pour le stockage.<\/pre>\n<\/li>\n<li>\n<pre>brancher et utiliser: Il suffit de brancher et d'allumer, vous pouvez obtenir un logiciel complet. En plus, il suffit de brancher et de jouer, le support de carte \u00e0 puce peut \u00eatre utilis\u00e9 pour la carte d'identit\u00e9 de l'ordinateur ou le lecteur vid\u00e9o.<\/pre>\n<\/li>\n<li>\n<pre>accessoires parfaits: Accessoires parfaits pour l'utilisation de cartes de visite, cartes de nom ou tout autre objet.<\/pre>\n<\/li>\n<li>\n<pre>installation facile: Installation facile, il suffit de connecter la machine \u00e0 carte et vous pouvez commencer \u00e0 l'utiliser. Conception de structure simple et installation facile. Installation facile, pas besoin d'outils compliqu\u00e9s et pratique \u00e0 utiliser.<\/pre>\n<\/li>\n<li>\n<pre>facile \u00e0 installer: Facile \u00e0 installer, vous pouvez l'utiliser n'importe o\u00f9. Facile \u00e0 installer et peut \u00eatre utilis\u00e9 n'importe o\u00f9.<\/pre>\n<\/li>\n<li>\n<pre data-spm-anchor-id=\"a2g0o.detail.0.i2.1a2eMegxMegxdr\">haute transparence: L'\u00e9chelle est clairement visible, l'image est claire et nette, la haute transparence, et il n'y a pas de distorsion. Haute transparence, haute r\u00e9solution et large gamme de couleurs.<\/pre>\n<\/li>\n<\/ul>\n<\/div>\n","protected":false},"excerpt":{"rendered":"<ul>\n<li>Taille de poin\u00e7onnage: 54 X 86<\/li>\n<\/ul>\n","protected":false},"featured_media":11133,"comment_status":"open","ping_status":"closed","template":"","meta":{"_acf_changed":false,"_monsterinsights_skip_tracking":false,"_monsterinsights_sitenote_active":false,"_monsterinsights_sitenote_note":"","_monsterinsights_sitenote_category":0,"_uf_show_specific_survey":0,"_uf_disable_surveys":false,"_joinchat":[]},"product_brand":[],"product_cat":[384],"product_tag":[],"class_list":{"0":"post-11132","1":"product","2":"type-product","3":"status-publish","4":"has-post-thumbnail","6":"product_cat-fournitures-dimpression","8":"first","9":"instock","10":"sale","11":"shipping-taxable","12":"purchasable","13":"product-type-simple"},"acf":[],"jetpack_sharing_enabled":true,"_links":{"self":[{"href":"https:\/\/digistar.ma\/index.php?rest_route=\/wp\/v2\/product\/11132","targetHints":{"allow":["GET"]}}],"collection":[{"href":"https:\/\/digistar.ma\/index.php?rest_route=\/wp\/v2\/product"}],"about":[{"href":"https:\/\/digistar.ma\/index.php?rest_route=\/wp\/v2\/types\/product"}],"replies":[{"embeddable":true,"href":"https:\/\/digistar.ma\/index.php?rest_route=%2Fwp%2Fv2%2Fcomments&post=11132"}],"version-history":[{"count":1,"href":"https:\/\/digistar.ma\/index.php?rest_route=\/wp\/v2\/product\/11132\/revisions"}],"predecessor-version":[{"id":11138,"href":"https:\/\/digistar.ma\/index.php?rest_route=\/wp\/v2\/product\/11132\/revisions\/11138"}],"wp:featuredmedia":[{"embeddable":true,"href":"https:\/\/digistar.ma\/index.php?rest_route=\/wp\/v2\/media\/11133"}],"wp:attachment":[{"href":"https:\/\/digistar.ma\/index.php?rest_route=%2Fwp%2Fv2%2Fmedia&parent=11132"}],"wp:term":[{"taxonomy":"product_brand","embeddable":true,"href":"https:\/\/digistar.ma\/index.php?rest_route=%2Fwp%2Fv2%2Fproduct_brand&post=11132"},{"taxonomy":"product_cat","embeddable":true,"href":"https:\/\/digistar.ma\/index.php?rest_route=%2Fwp%2Fv2%2Fproduct_cat&post=11132"},{"taxonomy":"product_tag","embeddable":true,"href":"https:\/\/digistar.ma\/index.php?rest_route=%2Fwp%2Fv2%2Fproduct_tag&post=11132"}],"curies":[{"name":"wp","href":"https:\/\/api.w.org\/{rel}","templated":true}]}}