{"id":11266,"date":"2024-04-05T21:54:47","date_gmt":"2024-04-05T21:54:47","guid":{"rendered":"https:\/\/digistar.ma\/?post_type=product&#038;p=11266"},"modified":"2024-04-05T21:54:47","modified_gmt":"2024-04-05T21:54:47","slug":"plotter-de-decoupe-flex-et-vinyle-teneth-th740l","status":"publish","type":"product","link":"https:\/\/digistar.ma\/?product=plotter-de-decoupe-flex-et-vinyle-teneth-th740l","title":{"rendered":"Plotter de d\u00e9coupe flex et vinyle Teneth TH740L"},"content":{"rendered":"<h4 class=\"product_title entry-title\">Plotter de d\u00e9coupe flex et vinyle Teneth TH740L<\/h4>\n<p>Plotter de d\u00e9coupe est une machine qui permet de d\u00e9couper des mati\u00e8res adh\u00e9sives sous forme de rouleaux, telles que le flex pour le marquage textile ou le vinyle pour toutes les surfaces ext\u00e9rieures (vitres, voitures\u2026 ).<\/p>\n<p>Ce plotter nouvelle g\u00e9n\u00e9ration r\u00e9pondra \u00e0 toutes vos attentes , Un \u0153il optique int\u00e9gr\u00e9 pour le guidage laser num\u00e9risera de mani\u00e8re semi-automatique qui permet de d\u00e9couper n\u2019importe quelle forme d\u2019etiquettes ( vinyle ou flex imprimable ) en temps r\u00e9el.<\/p>\n<div class=\"text-left d-tem21-title border-color d-interval\" data-detail=\"wrap\">\n<div class=\"title-header\">\n<div class=\"title bg-color\">\n<div class=\"text-left d-tem21-title border-color d-interval\" data-detail=\"wrap\">\n<div class=\"title-header\">\n<h4 class=\"title bg-color\"><strong><strong>Sp\u00e9cifications de <\/strong><\/strong>Plotter de d\u00e9coupe flex et vinyle Teneth TH740L<\/h4>\n<div><\/div>\n<\/div>\n<\/div>\n<div class=\"table-responsive\">\n<table class=\"table table-bordered table-hover\">\n<tbody>\n<tr class=\"firstRow\">\n<td><strong>Mod\u00e8le<\/strong><\/td>\n<td colspan=\"4\">TH-740L<\/td>\n<\/tr>\n<tr>\n<td><strong>Carte principale<\/strong><\/td>\n<td colspan=\"4\">Processeur ARM7 32 bits, m\u00e9moire cache haute vitesse 64 Mo<\/td>\n<\/tr>\n<tr>\n<td><strong>Panneau de commande<\/strong><\/td>\n<td colspan=\"4\">11 boutons \u00e0 membrane + \u00e9cran tactile 2,4 pouces<\/td>\n<\/tr>\n<tr>\n<td><strong>Chauffeur<\/strong><\/td>\n<td colspan=\"4\">Moteur pas \u00e0 pas haute vitesse et grande puissance, pilote micro-pas<\/td>\n<\/tr>\n<tr>\n<td><strong>Largeur d\u2019alimentation papier maximale<\/strong><\/td>\n<td colspan=\"4\">740mm<\/td>\n<\/tr>\n<tr>\n<td><strong>Largeur de coupe maximale<\/strong><\/td>\n<td colspan=\"4\">635mm<\/td>\n<\/tr>\n<tr>\n<td><strong>D\u00e9couper<\/strong><\/td>\n<td colspan=\"4\">10-500g<\/td>\n<\/tr>\n<tr>\n<td><strong>Vitesse de coupe<\/strong><\/td>\n<td colspan=\"4\">500 mm\/s<\/td>\n<\/tr>\n<tr>\n<td><strong>Pr\u00e9cision m\u00e9canique<\/strong><\/td>\n<td colspan=\"4\">0,025 mm<\/td>\n<\/tr>\n<tr>\n<td><strong>Pr\u00e9cision reproductible<\/strong><\/td>\n<td colspan=\"4\">&lt;+-0.025mm<\/td>\n<\/tr>\n<tr>\n<td><strong>Stylo traceur<\/strong><\/td>\n<td colspan=\"4\">Tous les types de stylo traceur de diam\u00e8tre 11,4 mm<\/td>\n<\/tr>\n<tr>\n<td><strong>Instruction traceur<\/strong><\/td>\n<td colspan=\"4\">DM-PL\/HP-GL<\/td>\n<\/tr>\n<tr>\n<td><strong>Interface<\/strong><\/td>\n<td colspan=\"4\">USB\/disque U\/port s\u00e9rie\/WIFI<\/td>\n<\/tr>\n<tr>\n<td><strong>Couteau<\/strong><\/td>\n<td colspan=\"4\">Dixi\u00e8me lame import\u00e9e<\/td>\n<\/tr>\n<tr>\n<td><strong>Source de courant<\/strong><\/td>\n<td colspan=\"4\">AC220V\/110V, 50-60Hz<\/td>\n<\/tr>\n<tr>\n<td><strong>Consommation d\u2019\u00e9nergie<\/strong><\/td>\n<td colspan=\"4\">&lt;80W<\/td>\n<\/tr>\n<tr>\n<td><strong>Taille du paquet<\/strong><\/td>\n<td colspan=\"4\">1060*340*400mm<\/td>\n<\/tr>\n<tr>\n<td><strong>Poids brut<\/strong><\/td>\n<td colspan=\"4\">27 kg<\/td>\n<\/tr>\n<tr>\n<td><strong>garantie<\/strong><\/td>\n<td colspan=\"4\">1 an<\/td>\n<\/tr>\n<\/tbody>\n<\/table>\n<\/div>\n<\/div>\n<\/div>\n<\/div>\n","protected":false},"excerpt":{"rendered":"<ul>\n<li>Largeur : 740 mm<\/li>\n<li>\u00a0Logiciel de pilotage signmaster<\/li>\n<li>Oeil optique int\u00e9gr\u00e9<\/li>\n<li>Garantie 1an<\/li>\n<li>Marque: Teneth<\/li>\n<\/ul>\n","protected":false},"featured_media":11267,"comment_status":"open","ping_status":"closed","template":"","meta":{"_acf_changed":false,"_monsterinsights_skip_tracking":false,"_monsterinsights_sitenote_active":false,"_monsterinsights_sitenote_note":"","_monsterinsights_sitenote_category":0,"_uf_show_specific_survey":0,"_uf_disable_surveys":false,"_joinchat":[]},"product_brand":[],"product_cat":[384],"product_tag":[],"class_list":{"0":"post-11266","1":"product","2":"type-product","3":"status-publish","4":"has-post-thumbnail","6":"product_cat-fournitures-dimpression","8":"first","9":"instock","10":"sale","11":"shipping-taxable","12":"purchasable","13":"product-type-simple"},"acf":[],"jetpack_sharing_enabled":true,"_links":{"self":[{"href":"https:\/\/digistar.ma\/index.php?rest_route=\/wp\/v2\/product\/11266","targetHints":{"allow":["GET"]}}],"collection":[{"href":"https:\/\/digistar.ma\/index.php?rest_route=\/wp\/v2\/product"}],"about":[{"href":"https:\/\/digistar.ma\/index.php?rest_route=\/wp\/v2\/types\/product"}],"replies":[{"embeddable":true,"href":"https:\/\/digistar.ma\/index.php?rest_route=%2Fwp%2Fv2%2Fcomments&post=11266"}],"version-history":[{"count":1,"href":"https:\/\/digistar.ma\/index.php?rest_route=\/wp\/v2\/product\/11266\/revisions"}],"predecessor-version":[{"id":11271,"href":"https:\/\/digistar.ma\/index.php?rest_route=\/wp\/v2\/product\/11266\/revisions\/11271"}],"wp:featuredmedia":[{"embeddable":true,"href":"https:\/\/digistar.ma\/index.php?rest_route=\/wp\/v2\/media\/11267"}],"wp:attachment":[{"href":"https:\/\/digistar.ma\/index.php?rest_route=%2Fwp%2Fv2%2Fmedia&parent=11266"}],"wp:term":[{"taxonomy":"product_brand","embeddable":true,"href":"https:\/\/digistar.ma\/index.php?rest_route=%2Fwp%2Fv2%2Fproduct_brand&post=11266"},{"taxonomy":"product_cat","embeddable":true,"href":"https:\/\/digistar.ma\/index.php?rest_route=%2Fwp%2Fv2%2Fproduct_cat&post=11266"},{"taxonomy":"product_tag","embeddable":true,"href":"https:\/\/digistar.ma\/index.php?rest_route=%2Fwp%2Fv2%2Fproduct_tag&post=11266"}],"curies":[{"name":"wp","href":"https:\/\/api.w.org\/{rel}","templated":true}]}}