{"id":11272,"date":"2024-04-06T12:24:23","date_gmt":"2024-04-06T12:24:23","guid":{"rendered":"https:\/\/digistar.ma\/?post_type=product&#038;p=11272"},"modified":"2024-04-06T12:24:24","modified_gmt":"2024-04-06T12:24:24","slug":"presse-a-chaud-manuelle-multifonctions-5en1-40x40","status":"publish","type":"product","link":"https:\/\/digistar.ma\/?product=presse-a-chaud-manuelle-multifonctions-5en1-40x40","title":{"rendered":"Presse \u00e0 Chaud Manuelle Multifonctions 5en1 40\u00d740"},"content":{"rendered":"<h2>Presse \u00e0 Chaud Manuelle Multifonctions 5en1 40\u00d740<\/h2>\n<p>La Presse \u00e0 Chaud Manuelle Multifonctions 5en1 40\u00d740 est l&#8217;outil id\u00e9al pour les passionn\u00e9s de la personnalisation et les professionnels de l&#8217;impression. Avec ses cinq fonctions int\u00e9gr\u00e9es, cette presse vous permet de transf\u00e9rer facilement des motifs sur une vari\u00e9t\u00e9 de supports, offrant ainsi une polyvalence in\u00e9gal\u00e9e dans vos projets de personnalisation.<\/p>\n<p><img fetchpriority=\"high\" decoding=\"async\" class=\"size-medium wp-image-11276\" src=\"https:\/\/digistar.ma\/wp-content\/uploads\/2024\/04\/Presse-a-Chaud-Manuelle-Multifonctions-5en1-40\u00d740-5-300x300.jpg\" alt=\"Presse \u00e0 Chaud Manuelle Multifonctions 5en1 40\u00d740\" width=\"300\" height=\"300\" srcset=\"https:\/\/digistar.ma\/wp-content\/uploads\/2024\/04\/Presse-a-Chaud-Manuelle-Multifonctions-5en1-40\u00d740-5-300x300.jpg 300w, https:\/\/digistar.ma\/wp-content\/uploads\/2024\/04\/Presse-a-Chaud-Manuelle-Multifonctions-5en1-40\u00d740-5-1024x1024.jpg 1024w, https:\/\/digistar.ma\/wp-content\/uploads\/2024\/04\/Presse-a-Chaud-Manuelle-Multifonctions-5en1-40\u00d740-5-150x150.jpg 150w, https:\/\/digistar.ma\/wp-content\/uploads\/2024\/04\/Presse-a-Chaud-Manuelle-Multifonctions-5en1-40\u00d740-5-768x768.jpg 768w, https:\/\/digistar.ma\/wp-content\/uploads\/2024\/04\/Presse-a-Chaud-Manuelle-Multifonctions-5en1-40\u00d740-5-1536x1536.jpg 1536w, https:\/\/digistar.ma\/wp-content\/uploads\/2024\/04\/Presse-a-Chaud-Manuelle-Multifonctions-5en1-40\u00d740-5-600x600.jpg 600w, https:\/\/digistar.ma\/wp-content\/uploads\/2024\/04\/Presse-a-Chaud-Manuelle-Multifonctions-5en1-40\u00d740-5-100x100.jpg 100w, https:\/\/digistar.ma\/wp-content\/uploads\/2024\/04\/Presse-a-Chaud-Manuelle-Multifonctions-5en1-40\u00d740-5.jpg 2000w\" sizes=\"(max-width: 300px) 100vw, 300px\" \/><\/p>\n<p>Dot\u00e9e d&#8217;une surface de presse de 40\u00d740 centim\u00e8tres, cette presse \u00e0 chaud offre une capacit\u00e9 suffisante pour travailler sur une large gamme d&#8217;articles, tels que les t-shirts, les casquettes, les coussins, les sacs et bien plus encore. Sa conception manuelle vous permet un contr\u00f4le pr\u00e9cis du processus de transfert, assurant ainsi des r\u00e9sultats professionnels \u00e0 chaque utilisation.<\/p>\n<p><img decoding=\"async\" class=\"size-medium wp-image-11278\" src=\"https:\/\/digistar.ma\/wp-content\/uploads\/2024\/04\/Presse-a-Chaud-Manuelle-Multifonctions-5en1-40\u00d740-4-1-300x300.jpg\" alt=\"Presse \u00e0 Chaud Manuelle Multifonctions 5en1 40\u00d740\" width=\"300\" height=\"300\" srcset=\"https:\/\/digistar.ma\/wp-content\/uploads\/2024\/04\/Presse-a-Chaud-Manuelle-Multifonctions-5en1-40\u00d740-4-1-300x300.jpg 300w, https:\/\/digistar.ma\/wp-content\/uploads\/2024\/04\/Presse-a-Chaud-Manuelle-Multifonctions-5en1-40\u00d740-4-1-1024x1024.jpg 1024w, https:\/\/digistar.ma\/wp-content\/uploads\/2024\/04\/Presse-a-Chaud-Manuelle-Multifonctions-5en1-40\u00d740-4-1-150x150.jpg 150w, https:\/\/digistar.ma\/wp-content\/uploads\/2024\/04\/Presse-a-Chaud-Manuelle-Multifonctions-5en1-40\u00d740-4-1-768x768.jpg 768w, https:\/\/digistar.ma\/wp-content\/uploads\/2024\/04\/Presse-a-Chaud-Manuelle-Multifonctions-5en1-40\u00d740-4-1-1536x1536.jpg 1536w, https:\/\/digistar.ma\/wp-content\/uploads\/2024\/04\/Presse-a-Chaud-Manuelle-Multifonctions-5en1-40\u00d740-4-1-600x600.jpg 600w, https:\/\/digistar.ma\/wp-content\/uploads\/2024\/04\/Presse-a-Chaud-Manuelle-Multifonctions-5en1-40\u00d740-4-1-100x100.jpg 100w, https:\/\/digistar.ma\/wp-content\/uploads\/2024\/04\/Presse-a-Chaud-Manuelle-Multifonctions-5en1-40\u00d740-4-1.jpg 2000w\" sizes=\"(max-width: 300px) 100vw, 300px\" \/><\/p>\n<p>Polyvalente et facile \u00e0 utiliser, cette presse \u00e0 chaud est \u00e9quip\u00e9e de commandes intuitives qui vous permettent de r\u00e9gler facilement la temp\u00e9rature et la dur\u00e9e du transfert en fonction du mat\u00e9riau que vous utilisez. Que vous soyez un d\u00e9butant ou un expert, vous appr\u00e9cierez sa simplicit\u00e9 d&#8217;utilisation et sa fiabilit\u00e9.<\/p>\n<p><img decoding=\"async\" class=\"size-medium wp-image-11277\" src=\"https:\/\/digistar.ma\/wp-content\/uploads\/2024\/04\/Presse-a-Chaud-Manuelle-Multifonctions-5en1-40\u00d740-300x300.jpg\" alt=\"Presse \u00e0 Chaud Manuelle Multifonctions 5en1 40\u00d740\" width=\"300\" height=\"300\" srcset=\"https:\/\/digistar.ma\/wp-content\/uploads\/2024\/04\/Presse-a-Chaud-Manuelle-Multifonctions-5en1-40\u00d740-300x300.jpg 300w, https:\/\/digistar.ma\/wp-content\/uploads\/2024\/04\/Presse-a-Chaud-Manuelle-Multifonctions-5en1-40\u00d740-1024x1024.jpg 1024w, https:\/\/digistar.ma\/wp-content\/uploads\/2024\/04\/Presse-a-Chaud-Manuelle-Multifonctions-5en1-40\u00d740-150x150.jpg 150w, https:\/\/digistar.ma\/wp-content\/uploads\/2024\/04\/Presse-a-Chaud-Manuelle-Multifonctions-5en1-40\u00d740-768x768.jpg 768w, https:\/\/digistar.ma\/wp-content\/uploads\/2024\/04\/Presse-a-Chaud-Manuelle-Multifonctions-5en1-40\u00d740-1536x1536.jpg 1536w, https:\/\/digistar.ma\/wp-content\/uploads\/2024\/04\/Presse-a-Chaud-Manuelle-Multifonctions-5en1-40\u00d740-600x600.jpg 600w, https:\/\/digistar.ma\/wp-content\/uploads\/2024\/04\/Presse-a-Chaud-Manuelle-Multifonctions-5en1-40\u00d740-100x100.jpg 100w, https:\/\/digistar.ma\/wp-content\/uploads\/2024\/04\/Presse-a-Chaud-Manuelle-Multifonctions-5en1-40\u00d740.jpg 2000w\" sizes=\"(max-width: 300px) 100vw, 300px\" \/><\/p>\n<p>Offrez-vous une polyvalence illimit\u00e9e dans vos projets de personnalisation avec la Presse \u00e0 Chaud Manuelle Multifonctions 5en1 40\u00d740, et donnez vie \u00e0 vos id\u00e9es avec facilit\u00e9 et pr\u00e9cision.<\/p>\n<p>&nbsp;<\/p>\n<ul>\n<li>Plateau T-shirt: 38 x 38 cm<\/li>\n<li>Accessoire grande assiettes<\/li>\n<li>Accessoire mini-assiettes<\/li>\n<li>Plateaux pour casquette<\/li>\n<li>Presse \u00e0 tasse ou mug<\/li>\n<li>Garantie 1 an<\/li>\n<\/ul>\n","protected":false},"excerpt":{"rendered":"<ul>\n<li>Plateau T-shirt: 38 x 38 cm<\/li>\n<li>Accessoire grande assiettes<\/li>\n<li>Accessoire mini-assiettes<\/li>\n<li>Plateaux pour casquette<\/li>\n<li>Presse \u00e0 tasse ou mug<\/li>\n<li>Garantie 1 an<\/li>\n<\/ul>\n","protected":false},"featured_media":11277,"comment_status":"open","ping_status":"closed","template":"","meta":{"_acf_changed":false,"_monsterinsights_skip_tracking":false,"_monsterinsights_sitenote_active":false,"_monsterinsights_sitenote_note":"","_monsterinsights_sitenote_category":0,"_uf_show_specific_survey":0,"_uf_disable_surveys":false,"_joinchat":[]},"product_brand":[],"product_cat":[384,388],"product_tag":[],"class_list":{"0":"post-11272","1":"product","2":"type-product","3":"status-publish","4":"has-post-thumbnail","6":"product_cat-fournitures-dimpression","7":"product_cat-presse-a-chaud","9":"first","10":"instock","11":"sale","12":"shipping-taxable","13":"purchasable","14":"product-type-simple"},"acf":[],"jetpack_sharing_enabled":true,"_links":{"self":[{"href":"https:\/\/digistar.ma\/index.php?rest_route=\/wp\/v2\/product\/11272","targetHints":{"allow":["GET"]}}],"collection":[{"href":"https:\/\/digistar.ma\/index.php?rest_route=\/wp\/v2\/product"}],"about":[{"href":"https:\/\/digistar.ma\/index.php?rest_route=\/wp\/v2\/types\/product"}],"replies":[{"embeddable":true,"href":"https:\/\/digistar.ma\/index.php?rest_route=%2Fwp%2Fv2%2Fcomments&post=11272"}],"version-history":[{"count":1,"href":"https:\/\/digistar.ma\/index.php?rest_route=\/wp\/v2\/product\/11272\/revisions"}],"predecessor-version":[{"id":11285,"href":"https:\/\/digistar.ma\/index.php?rest_route=\/wp\/v2\/product\/11272\/revisions\/11285"}],"wp:featuredmedia":[{"embeddable":true,"href":"https:\/\/digistar.ma\/index.php?rest_route=\/wp\/v2\/media\/11277"}],"wp:attachment":[{"href":"https:\/\/digistar.ma\/index.php?rest_route=%2Fwp%2Fv2%2Fmedia&parent=11272"}],"wp:term":[{"taxonomy":"product_brand","embeddable":true,"href":"https:\/\/digistar.ma\/index.php?rest_route=%2Fwp%2Fv2%2Fproduct_brand&post=11272"},{"taxonomy":"product_cat","embeddable":true,"href":"https:\/\/digistar.ma\/index.php?rest_route=%2Fwp%2Fv2%2Fproduct_cat&post=11272"},{"taxonomy":"product_tag","embeddable":true,"href":"https:\/\/digistar.ma\/index.php?rest_route=%2Fwp%2Fv2%2Fproduct_tag&post=11272"}],"curies":[{"name":"wp","href":"https:\/\/api.w.org\/{rel}","templated":true}]}}