{"id":11344,"date":"2024-04-08T14:42:20","date_gmt":"2024-04-08T14:42:20","guid":{"rendered":"https:\/\/digistar.ma\/?post_type=product&#038;p=11344"},"modified":"2024-04-08T14:42:20","modified_gmt":"2024-04-08T14:42:20","slug":"presse-a-mug-manuelle-economique-freesub","status":"publish","type":"product","link":"https:\/\/digistar.ma\/?product=presse-a-mug-manuelle-economique-freesub","title":{"rendered":"Presse \u00e0 mug manuelle \u00e9conomique FreeSub"},"content":{"rendered":"<h2>Presse \u00e0 mug manuelle \u00e9conomique FreeSub<\/h2>\n<p>La presse \u00e0 mug manuelle \u00e9conomique FreeSub est l&#8217;outil id\u00e9al pour la personnalisation de mugs de mani\u00e8re simple et efficace. Avec son design pratique et son fonctionnement manuel, cette presse offre une solution abordable pour cr\u00e9er des mugs personnalis\u00e9s avec facilit\u00e9.<\/p>\n<p>&nbsp;<\/p>\n<p><img fetchpriority=\"high\" decoding=\"async\" class=\"size-medium wp-image-11352\" src=\"https:\/\/digistar.ma\/wp-content\/uploads\/2024\/04\/Presse-a-mug-manuelle-economique-FreeSub5-1-300x285.jpg\" alt=\"Presse \u00e0 mug manuelle \u00e9conomique FreeSub\" width=\"300\" height=\"285\" srcset=\"https:\/\/digistar.ma\/wp-content\/uploads\/2024\/04\/Presse-a-mug-manuelle-economique-FreeSub5-1-300x285.jpg 300w, https:\/\/digistar.ma\/wp-content\/uploads\/2024\/04\/Presse-a-mug-manuelle-economique-FreeSub5-1-1024x971.jpg 1024w, https:\/\/digistar.ma\/wp-content\/uploads\/2024\/04\/Presse-a-mug-manuelle-economique-FreeSub5-1-768x729.jpg 768w, https:\/\/digistar.ma\/wp-content\/uploads\/2024\/04\/Presse-a-mug-manuelle-economique-FreeSub5-1-600x569.jpg 600w, https:\/\/digistar.ma\/wp-content\/uploads\/2024\/04\/Presse-a-mug-manuelle-economique-FreeSub5-1.jpg 1500w\" sizes=\"(max-width: 300px) 100vw, 300px\" \/><\/p>\n<p>La minuterie automatique et le r\u00e9glage num\u00e9rique de la temp\u00e9rature offrent une utilisation pratique et conviviale, permettant une personnalisation pr\u00e9cise en fonction des besoins de chaque projet. De plus, avec une garantie d&#8217;un an, vous pouvez avoir l&#8217;assurance d&#8217;une performance fiable et durable.<\/p>\n<p>&nbsp;<\/p>\n<p><img decoding=\"async\" class=\"size-medium wp-image-11348\" src=\"https:\/\/digistar.ma\/wp-content\/uploads\/2024\/04\/Presse-a-mug-manuelle-economique-FreeSub3-300x300.jpg\" alt=\"Presse \u00e0 mug manuelle \u00e9conomique FreeSub\" width=\"300\" height=\"300\" srcset=\"https:\/\/digistar.ma\/wp-content\/uploads\/2024\/04\/Presse-a-mug-manuelle-economique-FreeSub3-300x300.jpg 300w, https:\/\/digistar.ma\/wp-content\/uploads\/2024\/04\/Presse-a-mug-manuelle-economique-FreeSub3-1024x1024.jpg 1024w, https:\/\/digistar.ma\/wp-content\/uploads\/2024\/04\/Presse-a-mug-manuelle-economique-FreeSub3-150x150.jpg 150w, https:\/\/digistar.ma\/wp-content\/uploads\/2024\/04\/Presse-a-mug-manuelle-economique-FreeSub3-768x768.jpg 768w, https:\/\/digistar.ma\/wp-content\/uploads\/2024\/04\/Presse-a-mug-manuelle-economique-FreeSub3-600x600.jpg 600w, https:\/\/digistar.ma\/wp-content\/uploads\/2024\/04\/Presse-a-mug-manuelle-economique-FreeSub3-100x100.jpg 100w, https:\/\/digistar.ma\/wp-content\/uploads\/2024\/04\/Presse-a-mug-manuelle-economique-FreeSub3.jpg 1500w\" sizes=\"(max-width: 300px) 100vw, 300px\" \/><\/p>\n<p>Dot\u00e9e d&#8217;une construction robuste et d&#8217;une pression r\u00e9glable, cette presse \u00e0 mug manuelle \u00e9conomique FreeSub garantit des transferts de haute qualit\u00e9 sur une vari\u00e9t\u00e9 de mugs en c\u00e9ramique ou en verre. La fermeture manuelle permet un contr\u00f4le pr\u00e9cis du processus de transfert, assurant ainsi des r\u00e9sultats homog\u00e8nes et durables \u00e0 chaque utilisation.<\/p>\n<p><img decoding=\"async\" class=\"size-medium wp-image-11351\" src=\"https:\/\/digistar.ma\/wp-content\/uploads\/2024\/04\/Presse-a-mug-manuelle-economique-FreeSub6-300x289.jpg\" alt=\"Presse \u00e0 mug manuelle \u00e9conomique FreeSub\" width=\"300\" height=\"289\" srcset=\"https:\/\/digistar.ma\/wp-content\/uploads\/2024\/04\/Presse-a-mug-manuelle-economique-FreeSub6-300x289.jpg 300w, https:\/\/digistar.ma\/wp-content\/uploads\/2024\/04\/Presse-a-mug-manuelle-economique-FreeSub6-1024x987.jpg 1024w, https:\/\/digistar.ma\/wp-content\/uploads\/2024\/04\/Presse-a-mug-manuelle-economique-FreeSub6-768x740.jpg 768w, https:\/\/digistar.ma\/wp-content\/uploads\/2024\/04\/Presse-a-mug-manuelle-economique-FreeSub6-600x578.jpg 600w, https:\/\/digistar.ma\/wp-content\/uploads\/2024\/04\/Presse-a-mug-manuelle-economique-FreeSub6.jpg 1500w\" sizes=\"(max-width: 300px) 100vw, 300px\" \/><\/p>\n<p>&nbsp;<\/p>\n<ul>\n<li>Pression r\u00e9glable<\/li>\n<li>Garantie de 1 an<\/li>\n<li>Presse \u00e0 chaud pour mugs<\/li>\n<li>R\u00e9glage num\u00e9rique de la temp\u00e9rature<\/li>\n<li>Fermeture manuelle Minuterie automatique<\/li>\n<\/ul>\n","protected":false},"excerpt":{"rendered":"<ul>\n<li>Pression r\u00e9glable<\/li>\n<li>Garantie de 1 an<\/li>\n<li>Presse \u00e0 chaud pour mugs<\/li>\n<li>R\u00e9glage num\u00e9rique de la temp\u00e9rature<\/li>\n<li>Fermeture manuelle Minuterie automatiques<\/li>\n<\/ul>\n","protected":false},"featured_media":11345,"comment_status":"open","ping_status":"closed","template":"","meta":{"_acf_changed":false,"_monsterinsights_skip_tracking":false,"_monsterinsights_sitenote_active":false,"_monsterinsights_sitenote_note":"","_monsterinsights_sitenote_category":0,"_uf_show_specific_survey":0,"_uf_disable_surveys":false,"_joinchat":[]},"product_brand":[],"product_cat":[384,388],"product_tag":[],"class_list":{"0":"post-11344","1":"product","2":"type-product","3":"status-publish","4":"has-post-thumbnail","6":"product_cat-fournitures-dimpression","7":"product_cat-presse-a-chaud","9":"first","10":"instock","11":"sale","12":"shipping-taxable","13":"purchasable","14":"product-type-simple"},"acf":[],"jetpack_sharing_enabled":true,"_links":{"self":[{"href":"https:\/\/digistar.ma\/index.php?rest_route=\/wp\/v2\/product\/11344","targetHints":{"allow":["GET"]}}],"collection":[{"href":"https:\/\/digistar.ma\/index.php?rest_route=\/wp\/v2\/product"}],"about":[{"href":"https:\/\/digistar.ma\/index.php?rest_route=\/wp\/v2\/types\/product"}],"replies":[{"embeddable":true,"href":"https:\/\/digistar.ma\/index.php?rest_route=%2Fwp%2Fv2%2Fcomments&post=11344"}],"version-history":[{"count":1,"href":"https:\/\/digistar.ma\/index.php?rest_route=\/wp\/v2\/product\/11344\/revisions"}],"predecessor-version":[{"id":11353,"href":"https:\/\/digistar.ma\/index.php?rest_route=\/wp\/v2\/product\/11344\/revisions\/11353"}],"wp:featuredmedia":[{"embeddable":true,"href":"https:\/\/digistar.ma\/index.php?rest_route=\/wp\/v2\/media\/11345"}],"wp:attachment":[{"href":"https:\/\/digistar.ma\/index.php?rest_route=%2Fwp%2Fv2%2Fmedia&parent=11344"}],"wp:term":[{"taxonomy":"product_brand","embeddable":true,"href":"https:\/\/digistar.ma\/index.php?rest_route=%2Fwp%2Fv2%2Fproduct_brand&post=11344"},{"taxonomy":"product_cat","embeddable":true,"href":"https:\/\/digistar.ma\/index.php?rest_route=%2Fwp%2Fv2%2Fproduct_cat&post=11344"},{"taxonomy":"product_tag","embeddable":true,"href":"https:\/\/digistar.ma\/index.php?rest_route=%2Fwp%2Fv2%2Fproduct_tag&post=11344"}],"curies":[{"name":"wp","href":"https:\/\/api.w.org\/{rel}","templated":true}]}}