{"id":11467,"date":"2024-05-18T19:04:06","date_gmt":"2024-05-18T19:04:06","guid":{"rendered":"https:\/\/digistar.ma\/?post_type=product&#038;p=11467"},"modified":"2024-05-18T19:05:48","modified_gmt":"2024-05-18T19:05:48","slug":"ecran-incurve-24-samsung-essential-curved-monitor-s3","status":"publish","type":"product","link":"https:\/\/digistar.ma\/?product=ecran-incurve-24-samsung-essential-curved-monitor-s3","title":{"rendered":"\u00c9cran incurv\u00e9 24 Samsung Essential Curved Monitor S3"},"content":{"rendered":"<h2>\u00c9cran incurv\u00e9 24 Samsung Essential Curved Monitor S3<\/h2>\n<h2 class=\"feature-benefit__title contrast-target\" data-font-size-mo=\"30\" data-font-size-pc=\"48\">Design incurv\u00e9 pour un engagement sup\u00e9rieur<\/h2>\n<div class=\"feature-benefit__desc-wrap\">\n<h3 class=\"feature-benefit__sub-title contrast-target\" data-font-size-mo=\"16\" data-font-size-pc=\"28\">\u00c9cran incurv\u00e9<\/h3>\n<p class=\"feature-benefit__desc contrast-target\" data-font-size-mo=\"12\" data-font-size-pc=\"18\">Une exp\u00e9rience de visualisation plus immersive. L \u00e9cran incurv\u00e9 24 Samsung Essential Curved Monitor S3 entoure plus \u00e9troitement votre champ de vision pour cr\u00e9er une vue plus large qui am\u00e9liore la perception de la profondeur et r\u00e9duit les distractions p\u00e9riph\u00e9riques, ce qui permet de rester concentr\u00e9 sur ce qui est affich\u00e9 \u00e0 l\u2019\u00e9cran.<\/p>\n<p data-font-size-mo=\"12\" data-font-size-pc=\"18\"><img fetchpriority=\"high\" decoding=\"async\" class=\"\" src=\"https:\/\/images.samsung.com\/is\/image\/samsung\/p6pim\/n_africa\/feature\/164472687\/n_africa-feature-the-curved-for-enriched-engagement-535844708?$FB_TYPE_A_JPG$\" alt=\"Design incurv\u00e9 pour un engagement sup\u00e9rieur\" width=\"771\" height=\"520\" \/><\/p>\n<h2 class=\"feature-benefit__title contrast-target\" data-font-size-mo=\"30\" data-font-size-pc=\"48\">Exp\u00e9rience de jeu fluide<\/h2>\n<div class=\"feature-benefit__desc-wrap\">\n<h3 class=\"feature-benefit__sub-title contrast-target\" data-font-size-mo=\"16\" data-font-size-pc=\"28\">AMD FreeSync<\/h3>\n<p class=\"feature-benefit__desc contrast-target\" data-font-size-mo=\"12\" data-font-size-pc=\"18\">Une exp\u00e9rience de jeu sans latence. La technologie AMD Radeon FreeSync\u2122 maintient la synchronisation du taux de rafra\u00eechissement de votre carte graphique et de votre moniteur pour r\u00e9duire le fractionnement de l\u2019image. Jouez \u00e0 vos jeux pr\u00e9f\u00e9r\u00e9s sans interruption. M\u00eame les sc\u00e8nes rapides sont fluides et naturelles.<\/p>\n<p data-font-size-mo=\"12\" data-font-size-pc=\"18\"><img decoding=\"async\" class=\"\" src=\"https:\/\/images.samsung.com\/is\/image\/samsung\/p6pim\/n_africa\/feature\/164472686\/n_africa-feature-seamless-gaming-experience-535844704?$FB_TYPE_A_JPG$\" alt=\"Exp\u00e9rience de jeu fluide\" width=\"768\" height=\"589\" \/><\/p>\n<h2 class=\"feature-benefit__title contrast-target\" data-font-size-mo=\"30\" data-font-size-pc=\"48\">Jeu synchronis\u00e9<\/h2>\n<div class=\"feature-benefit__desc-wrap\">\n<h3 class=\"feature-benefit__sub-title contrast-target\" data-font-size-mo=\"16\" data-font-size-pc=\"28\">Taux de rafra\u00eechissement de 75\u00a0Hz<\/h3>\n<p class=\"feature-benefit__desc contrast-target\" data-font-size-mo=\"12\" data-font-size-pc=\"18\">Des visuels ultra fluides. La fr\u00e9quence de rafra\u00eechissement de 75\u00a0Hz offre des sc\u00e8nes plus fluides. Jouez \u00e0 des jeux, regardez des vid\u00e9os sur YouTube ou d\u2019autres contenus avec moins de d\u00e9calage et sans effet de d\u00e9doublement.<\/p>\n<p data-font-size-mo=\"12\" data-font-size-pc=\"18\"><img decoding=\"async\" class=\"\" src=\"https:\/\/images.samsung.com\/is\/image\/samsung\/p6pim\/n_africa\/feature\/164472691\/n_africa-feature-synchronized-gameplay-535844720?$FB_TYPE_A_JPG$\" alt=\"Jeu synchronis\u00e9\" width=\"769\" height=\"512\" \/><\/p>\n<h2 class=\"feature-benefit__title contrast-target\" data-font-size-mo=\"30\" data-font-size-pc=\"48\">Plus de puissance de jeu<\/h2>\n<div class=\"feature-benefit__desc-wrap\">\n<h3 class=\"feature-benefit__sub-title contrast-target\" data-font-size-mo=\"16\" data-font-size-pc=\"28\">Mode Jeu<\/h3>\n<p class=\"feature-benefit__desc contrast-target\" data-font-size-mo=\"12\" data-font-size-pc=\"18\">Les param\u00e8tres de jeu optimaux pour vous donner l\u2019avantage. Ajustez instantan\u00e9ment les couleurs et le contraste d\u2019image pour voir les sc\u00e8nes de mani\u00e8re plus vivante et rep\u00e9rer les ennemis qui se cachent dans l\u2019obscurit\u00e9. Le mode Jeu, lui, permet d\u2019ajuster n\u2019importe quel jeu pour remplir l\u2019\u00e9cran des moindres d\u00e9tails visibles.<\/p>\n<p data-font-size-mo=\"12\" data-font-size-pc=\"18\"><img loading=\"lazy\" decoding=\"async\" class=\"\" src=\"https:\/\/images.samsung.com\/is\/image\/samsung\/p6pim\/n_africa\/feature\/164472690\/n_africa-feature-more-gaming-power-535844716?$FB_TYPE_A_JPG$\" alt=\"Plus de puissance de jeu\" width=\"780\" height=\"434\" \/><\/p>\n<h2 class=\"feature-benefit__title contrast-target\" data-font-size-mo=\"30\" data-font-size-pc=\"48\">Prenez soin de vos yeux<\/h2>\n<div class=\"feature-benefit__desc-wrap\">\n<h3 class=\"feature-benefit__sub-title contrast-target\" data-font-size-mo=\"16\" data-font-size-pc=\"28\">Mode Eye Saver et Flicker Free<\/h3>\n<p class=\"feature-benefit__desc contrast-target\" data-font-size-mo=\"12\" data-font-size-pc=\"18\">Prot\u00e9gez vos yeux. La technologie avanc\u00e9e de confort oculaire certifi\u00e9e TUV r\u00e9duit la fatigue oculaire en r\u00e9duisant la lumi\u00e8re bleue tout en \u00e9liminant le scintillement irritant de l\u2019\u00e9cran.<\/p>\n<\/div>\n<h3 class=\"LC20lb MBeuO DKV0Md\">caract\u00e9ristique technique de l \u00c9cran incurv\u00e9 24\u00a0 Samsung Essential Curved Monitor S3<\/h3>\n<\/div>\n<\/div>\n<p data-font-size-mo=\"12\" data-font-size-pc=\"18\">Taille de l&#8217;\u00e9cran: 24&#8243; &#8211; Format 16:9<br \/>\nCourbure de l&#8217;\u00e9cran: 1800R<br \/>\nType de Dalle: VA<br \/>\nR\u00e9solution: Full HD 1920 x 1080<br \/>\nTemps de r\u00e9ponse: 4 ms (GTG)<br \/>\nTaux de rafra\u00eechissement: Max 75 Hz<br \/>\nConnecteurs d&#8217;entr\u00e9e: HDMI, VGA<br \/>\nR\u00e9glages de la position de l&#8217;\u00e9cran: Inclinaison -2.0\u00ba(\u00b12.0\u00ba) ~ 22\u00ba(\u00b12.0\u00ba)<\/p>\n<\/div>\n<\/div>\n","protected":false},"excerpt":{"rendered":"<p>Taille de l&#8217;\u00e9cran: 24&#8243; &#8211; Format 16:9<br \/>\nCourbure de l&#8217;\u00e9cran: 1800R<br \/>\nType de Dalle: VA<br \/>\nR\u00e9solution: Full HD 1920 x 1080<br \/>\nTemps de r\u00e9ponse: 4 ms (GTG)<br \/>\nTaux de rafra\u00eechissement: Max 75 Hz<br \/>\nConnecteurs d&#8217;entr\u00e9e: HDMI, VGA<br \/>\nR\u00e9glages de la position de l&#8217;\u00e9cran: Inclinaison -2.0\u00ba(\u00b12.0\u00ba) ~ 22\u00ba(\u00b12.0\u00ba)<\/p>\n","protected":false},"featured_media":11468,"comment_status":"open","ping_status":"closed","template":"","meta":{"_acf_changed":false,"_monsterinsights_skip_tracking":false,"_monsterinsights_sitenote_active":false,"_monsterinsights_sitenote_note":"","_monsterinsights_sitenote_category":0,"_uf_show_specific_survey":0,"_uf_disable_surveys":false,"_joinchat":[]},"product_brand":[],"product_cat":[239],"product_tag":[],"class_list":{"0":"post-11467","1":"product","2":"type-product","3":"status-publish","4":"has-post-thumbnail","6":"product_cat-ecran-moniteur","8":"first","9":"instock","10":"sale","11":"shipping-taxable","12":"purchasable","13":"product-type-simple"},"acf":[],"jetpack_sharing_enabled":true,"_links":{"self":[{"href":"https:\/\/digistar.ma\/index.php?rest_route=\/wp\/v2\/product\/11467","targetHints":{"allow":["GET"]}}],"collection":[{"href":"https:\/\/digistar.ma\/index.php?rest_route=\/wp\/v2\/product"}],"about":[{"href":"https:\/\/digistar.ma\/index.php?rest_route=\/wp\/v2\/types\/product"}],"replies":[{"embeddable":true,"href":"https:\/\/digistar.ma\/index.php?rest_route=%2Fwp%2Fv2%2Fcomments&post=11467"}],"version-history":[{"count":1,"href":"https:\/\/digistar.ma\/index.php?rest_route=\/wp\/v2\/product\/11467\/revisions"}],"predecessor-version":[{"id":11483,"href":"https:\/\/digistar.ma\/index.php?rest_route=\/wp\/v2\/product\/11467\/revisions\/11483"}],"wp:featuredmedia":[{"embeddable":true,"href":"https:\/\/digistar.ma\/index.php?rest_route=\/wp\/v2\/media\/11468"}],"wp:attachment":[{"href":"https:\/\/digistar.ma\/index.php?rest_route=%2Fwp%2Fv2%2Fmedia&parent=11467"}],"wp:term":[{"taxonomy":"product_brand","embeddable":true,"href":"https:\/\/digistar.ma\/index.php?rest_route=%2Fwp%2Fv2%2Fproduct_brand&post=11467"},{"taxonomy":"product_cat","embeddable":true,"href":"https:\/\/digistar.ma\/index.php?rest_route=%2Fwp%2Fv2%2Fproduct_cat&post=11467"},{"taxonomy":"product_tag","embeddable":true,"href":"https:\/\/digistar.ma\/index.php?rest_route=%2Fwp%2Fv2%2Fproduct_tag&post=11467"}],"curies":[{"name":"wp","href":"https:\/\/api.w.org\/{rel}","templated":true}]}}