{"id":11484,"date":"2024-05-18T23:50:16","date_gmt":"2024-05-18T23:50:16","guid":{"rendered":"https:\/\/digistar.ma\/?post_type=product&#038;p=11484"},"modified":"2024-05-18T23:50:17","modified_gmt":"2024-05-18T23:50:17","slug":"flex-de-decoupe-pour-transfert-a-chaud-blanc","status":"publish","type":"product","link":"https:\/\/digistar.ma\/?product=flex-de-decoupe-pour-transfert-a-chaud-blanc","title":{"rendered":"Flex de d\u00e9coupe pour transfert \u00e0 chaud Blanc"},"content":{"rendered":"<p><strong>Flex de d\u00e9coupe pour transfert \u00e0 chaud Blanc<\/strong><\/p>\n<p>Que vous soyez une entreprise, un particulier, une association, ou un club sportif, le marquage textile peut s&#8217;inscrire id\u00e9alement dans tous vos projets de cr\u00e9ations.<\/p>\n<p>Il est aujourd&#8217;hui tr\u00e8s pl\u00e9biscit\u00e9 par les entreprises pour r\u00e9aliser une communication efficace et v\u00e9hiculer une image de marque pertinente.<\/p>\n<p><strong>Mode d\u2019application et d\u2019utilisation de Flex de d\u00e9coupe pour transfert \u00e0 chaud Blanc :<\/strong><\/p>\n<ul>\n<li>Couper en mode miroir et retirer les pi\u00e8ces restantes<\/li>\n<li>Appliquer directement sur le tissu<\/li>\n<li>R\u00e9glez la temp\u00e9rature et la pression du fer en fonction du tissu \u00e0 personnaliser<\/li>\n<li>Les valeurs moyennes de temp\u00e9rature et de temps sont de 150 \u00e0 12 secondes avec une pression moyenne \/ \u00e9lev\u00e9e de la plaque<\/li>\n<li>Retirez le convoyeur en polyester une fois que le vinyle est<\/li>\n<li>Attendre 24 heures avant le lavage et ne pas utiliser d\u2019eau de javel, la temp\u00e9rature de l\u2019eau ne d\u00e9passant pas 40\u00ba<\/li>\n<li>Laver de pr\u00e9f\u00e9rence \u00e0 l\u2019envers.<\/li>\n<\/ul>\n<p>Disponible \u00e0 la vente au<strong> m\u00e8tre<\/strong> ou en <strong>rouleau de 25m<\/strong>.<\/p>\n<p>&nbsp;<\/p>\n","protected":false},"excerpt":{"rendered":"<p>Disponible \u00e0 la vente au<strong> m\u00e8tre<\/strong> ou en <strong>rouleau<\/strong>.<\/p>\n<p>Largeur : 50 cm<br \/>\nLongueurs : Rouleau de 25 M<br \/>\nCouleur:\u00a0 Blanc &#8211; White<br \/>\nLavage \u2013 40\u00b0C<br \/>\nRendu final (effet) \u2013 Mat<br \/>\nCompatibilit\u00e9 textile \u2013 Coton, Polyester, Acrylique<\/p>\n","protected":false},"featured_media":11485,"comment_status":"open","ping_status":"closed","template":"","meta":{"_acf_changed":false,"_monsterinsights_skip_tracking":false,"_monsterinsights_sitenote_active":false,"_monsterinsights_sitenote_note":"","_monsterinsights_sitenote_category":0,"_uf_show_specific_survey":0,"_uf_disable_surveys":false,"_joinchat":[]},"product_brand":[],"product_cat":[384],"product_tag":[],"class_list":{"0":"post-11484","1":"product","2":"type-product","3":"status-publish","4":"has-post-thumbnail","6":"product_cat-fournitures-dimpression","8":"first","9":"instock","10":"sale","11":"shipping-taxable","12":"purchasable","13":"product-type-simple"},"acf":[],"jetpack_sharing_enabled":true,"_links":{"self":[{"href":"https:\/\/digistar.ma\/index.php?rest_route=\/wp\/v2\/product\/11484","targetHints":{"allow":["GET"]}}],"collection":[{"href":"https:\/\/digistar.ma\/index.php?rest_route=\/wp\/v2\/product"}],"about":[{"href":"https:\/\/digistar.ma\/index.php?rest_route=\/wp\/v2\/types\/product"}],"replies":[{"embeddable":true,"href":"https:\/\/digistar.ma\/index.php?rest_route=%2Fwp%2Fv2%2Fcomments&post=11484"}],"version-history":[{"count":1,"href":"https:\/\/digistar.ma\/index.php?rest_route=\/wp\/v2\/product\/11484\/revisions"}],"predecessor-version":[{"id":11490,"href":"https:\/\/digistar.ma\/index.php?rest_route=\/wp\/v2\/product\/11484\/revisions\/11490"}],"wp:featuredmedia":[{"embeddable":true,"href":"https:\/\/digistar.ma\/index.php?rest_route=\/wp\/v2\/media\/11485"}],"wp:attachment":[{"href":"https:\/\/digistar.ma\/index.php?rest_route=%2Fwp%2Fv2%2Fmedia&parent=11484"}],"wp:term":[{"taxonomy":"product_brand","embeddable":true,"href":"https:\/\/digistar.ma\/index.php?rest_route=%2Fwp%2Fv2%2Fproduct_brand&post=11484"},{"taxonomy":"product_cat","embeddable":true,"href":"https:\/\/digistar.ma\/index.php?rest_route=%2Fwp%2Fv2%2Fproduct_cat&post=11484"},{"taxonomy":"product_tag","embeddable":true,"href":"https:\/\/digistar.ma\/index.php?rest_route=%2Fwp%2Fv2%2Fproduct_tag&post=11484"}],"curies":[{"name":"wp","href":"https:\/\/api.w.org\/{rel}","templated":true}]}}