{"id":11578,"date":"2024-05-28T17:48:31","date_gmt":"2024-05-28T17:48:31","guid":{"rendered":"https:\/\/digistar.ma\/?post_type=product&#038;p=11578"},"modified":"2024-05-28T17:49:19","modified_gmt":"2024-05-28T17:49:19","slug":"encolleuse-a-dos-carre-colle-professionnelle","status":"publish","type":"product","link":"https:\/\/digistar.ma\/?product=encolleuse-a-dos-carre-colle-professionnelle","title":{"rendered":"Encolleuse \u00e0 dos carr\u00e9 coll\u00e9 professionnelle"},"content":{"rendered":"<h3 class=\"product_title entry-title\">Encolleuse \u00e0 dos carr\u00e9 coll\u00e9 professionnelle<\/h3>\n<div class=\"product-meta\">Donnez une allure \u00e9l\u00e9gante et sophistiqu\u00e9e \u00e0 vos brochures, catalogues et livres gr\u00e2ce \u00e0 cette Encolleuse \u00e0 dos carr\u00e9 coll\u00e9 professionnelle !<\/div>\n<div class=\"product-meta\">Con\u00e7ue pour les ateliers d&#8217;imprimerie, de reliure et les services de reprographie, cette machine de pointe offre des r\u00e9sultats d&#8217;une qualit\u00e9 irr\u00e9prochable.<\/div>\n<div><\/div>\n<div>Dot\u00e9e d&#8217;un syst\u00e8me de collage perfectionn\u00e9, elle assemble les pages avec une pr\u00e9cision millim\u00e9trique pour un dos d&#8217;une parfaite r\u00e9gularit\u00e9.<\/div>\n<div>Investissez dans cette Encolleuse \u00e0 dos carr\u00e9 coll\u00e9 professionnelle et donnez une touche de prestige \u00e0 tous vos ouvrages imprim\u00e9s ! Votre client\u00e8le sera s\u00e9duite par la qualit\u00e9 irr\u00e9prochable de vos r\u00e9alisations.<\/div>\n<div><\/div>\n<div>\n<h3 class=\"product_title entry-title\">Encolleuse \u00e0 dos carr\u00e9 coll\u00e9 professionnelle<\/h3>\n<\/div>\n<div>\n<ul>\n<li>Thermorelieur dos carr\u00e9 coll\u00e9<\/li>\n<li>Souplesse d\u2019utilisation<\/li>\n<li>Relie jusqu\u2019au format A4+<\/li>\n<li>Multi-fonctions<\/li>\n<\/ul>\n<\/div>\n","protected":false},"excerpt":{"rendered":"<ul>\n<li>Thermorelieur dos carr\u00e9 coll\u00e9<\/li>\n<li>Souplesse d\u2019utilisation<\/li>\n<li>Relie jusqu\u2019au format A4+<\/li>\n<li>Multi-fonctions<\/li>\n<\/ul>\n","protected":false},"featured_media":11581,"comment_status":"open","ping_status":"closed","template":"","meta":{"_acf_changed":false,"_monsterinsights_skip_tracking":false,"_monsterinsights_sitenote_active":false,"_monsterinsights_sitenote_note":"","_monsterinsights_sitenote_category":0,"_uf_show_specific_survey":0,"_uf_disable_surveys":false,"_joinchat":[]},"product_brand":[],"product_cat":[384],"product_tag":[],"class_list":{"0":"post-11578","1":"product","2":"type-product","3":"status-publish","4":"has-post-thumbnail","6":"product_cat-fournitures-dimpression","8":"first","9":"instock","10":"sale","11":"shipping-taxable","12":"purchasable","13":"product-type-simple"},"acf":[],"jetpack_sharing_enabled":true,"_links":{"self":[{"href":"https:\/\/digistar.ma\/index.php?rest_route=\/wp\/v2\/product\/11578","targetHints":{"allow":["GET"]}}],"collection":[{"href":"https:\/\/digistar.ma\/index.php?rest_route=\/wp\/v2\/product"}],"about":[{"href":"https:\/\/digistar.ma\/index.php?rest_route=\/wp\/v2\/types\/product"}],"replies":[{"embeddable":true,"href":"https:\/\/digistar.ma\/index.php?rest_route=%2Fwp%2Fv2%2Fcomments&post=11578"}],"version-history":[{"count":2,"href":"https:\/\/digistar.ma\/index.php?rest_route=\/wp\/v2\/product\/11578\/revisions"}],"predecessor-version":[{"id":11586,"href":"https:\/\/digistar.ma\/index.php?rest_route=\/wp\/v2\/product\/11578\/revisions\/11586"}],"wp:featuredmedia":[{"embeddable":true,"href":"https:\/\/digistar.ma\/index.php?rest_route=\/wp\/v2\/media\/11581"}],"wp:attachment":[{"href":"https:\/\/digistar.ma\/index.php?rest_route=%2Fwp%2Fv2%2Fmedia&parent=11578"}],"wp:term":[{"taxonomy":"product_brand","embeddable":true,"href":"https:\/\/digistar.ma\/index.php?rest_route=%2Fwp%2Fv2%2Fproduct_brand&post=11578"},{"taxonomy":"product_cat","embeddable":true,"href":"https:\/\/digistar.ma\/index.php?rest_route=%2Fwp%2Fv2%2Fproduct_cat&post=11578"},{"taxonomy":"product_tag","embeddable":true,"href":"https:\/\/digistar.ma\/index.php?rest_route=%2Fwp%2Fv2%2Fproduct_tag&post=11578"}],"curies":[{"name":"wp","href":"https:\/\/api.w.org\/{rel}","templated":true}]}}