{"id":11657,"date":"2024-05-30T08:59:00","date_gmt":"2024-05-30T08:59:00","guid":{"rendered":"https:\/\/digistar.ma\/?post_type=product&#038;p=11657"},"modified":"2025-02-15T23:57:01","modified_gmt":"2025-02-15T23:57:01","slug":"machine-de-gravure-decoupe-laser-40x40cm-50w","status":"publish","type":"product","link":"https:\/\/digistar.ma\/?product=machine-de-gravure-decoupe-laser-40x40cm-50w","title":{"rendered":"Machine de Gravure &#038; D\u00e9coupe Laser 40x40cm 50W"},"content":{"rendered":"<h4 class=\"product_title entry-title\">Machine de Gravure &amp; D\u00e9coupe Laser 40x40cm 50W<\/h4>\n<p>Vous pouvez utiliser des machines laser CO2 pour la d\u00e9coupe et la gravure au laser d\u2019un grand nombre de mat\u00e9riaux \u00e0 l\u2019aide d\u2019une lumi\u00e8re laser:<\/p>\n<ul class=\"has-medium-font-size\">\n<li>Plastique tel que plexiglas\u2026<\/li>\n<li>Papier et carton<\/li>\n<li>Textiles, cuir et latex<\/li>\n<li>Bois tel que contreplaqu\u00e9, contreplaqu\u00e9, MDF, h\u00eatre, etc.<\/li>\n<li>Tampon en caoutchouc<\/li>\n<li>Publicit\u00e9; troph\u00e9es, plaques bicolores, acrylique, ..<\/li>\n<\/ul>\n<h3 data-start=\"0\" data-end=\"101\">Pr\u00e9cision et Polyvalence pour Tous Vos Projets<\/h3>\n<p data-start=\"103\" data-end=\"449\">Cette machine de gravure et d\u00e9coupe laser 50W est l\u2019outil id\u00e9al pour les professionnels et les artisans souhaitant travailler avec pr\u00e9cision sur divers mat\u00e9riaux.<\/p>\n<p data-start=\"103\" data-end=\"449\">Avec une surface de travail de 40&#215;40 cm, elle permet de r\u00e9aliser des gravures et d\u00e9coupes de haute qualit\u00e9 sur le bois, l\u2019acrylique, le cuir, le plastique et bien d\u2019autres supports.<\/p>\n<h3 data-start=\"451\" data-end=\"485\">Caract\u00e9ristiques principales<\/h3>\n<ul data-start=\"486\" data-end=\"948\">\n<li data-start=\"486\" data-end=\"566\"><strong data-start=\"488\" data-end=\"508\">Puissance de 50W<\/strong> : gravure et d\u00e9coupe rapides avec une grande pr\u00e9cision.<\/li>\n<li data-start=\"567\" data-end=\"639\"><strong data-start=\"569\" data-end=\"597\">Zone de travail 40&#215;40 cm<\/strong> : adapt\u00e9e aux petits et moyens formats.<\/li>\n<li data-start=\"640\" data-end=\"763\"><strong data-start=\"642\" data-end=\"667\">Compatibilit\u00e9 \u00e9tendue<\/strong> : prise en charge de plusieurs mat\u00e9riaux comme le bois, l\u2019acrylique, le cuir et le plastique.<\/li>\n<li data-start=\"764\" data-end=\"866\"><strong data-start=\"766\" data-end=\"787\">Logiciel intuitif<\/strong> : compatible avec plusieurs formats de fichiers pour une utilisation facile.<\/li>\n<li data-start=\"867\" data-end=\"948\"><strong data-start=\"869\" data-end=\"899\">Syst\u00e8me de refroidissement<\/strong> : assure un fonctionnement stable et prolong\u00e9.<\/li>\n<\/ul>\n<h3 data-start=\"950\" data-end=\"1013\">Pourquoi choisir cette machine de gravure &amp; d\u00e9coupe laser<\/h3>\n<ul data-start=\"1014\" data-end=\"1238\">\n<li data-start=\"1014\" data-end=\"1088\">Id\u00e9ale pour la personnalisation d\u2019objets et la fabrication sur mesure.<\/li>\n<li data-start=\"1089\" data-end=\"1163\">Grande pr\u00e9cision et rapidit\u00e9 d\u2019ex\u00e9cution pour une finition impeccable.<\/li>\n<li data-start=\"1164\" data-end=\"1238\">Convient aux ateliers, aux fabricants de signal\u00e9tique et aux artisans.<\/li>\n<\/ul>\n<p data-start=\"1240\" data-end=\"1382\">Commandez votre machine de gravure &amp; d\u00e9coupe laser 40x40cm 50W sur <a href=\"https:\/\/www.digistar.ma\" target=\"_new\" rel=\"noopener\" data-start=\"1307\" data-end=\"1349\">www.digistar.ma<\/a> et donnez vie \u00e0 vos cr\u00e9ations.<\/p>\n","protected":false},"excerpt":{"rendered":"<ul>\n<li>Gravure d\u2019objets de d\u00e9coration<\/li>\n<li>Prix comp\u00e9titifs<\/li>\n<li>Surface de travail 40\u00d740 cm<\/li>\n<\/ul>\n","protected":false},"featured_media":11658,"comment_status":"open","ping_status":"closed","template":"","meta":{"_acf_changed":false,"_monsterinsights_skip_tracking":false,"_monsterinsights_sitenote_active":false,"_monsterinsights_sitenote_note":"","_monsterinsights_sitenote_category":0,"_uf_show_specific_survey":0,"_uf_disable_surveys":false,"_joinchat":[]},"product_brand":[],"product_cat":[384,386],"product_tag":[],"class_list":{"0":"post-11657","1":"product","2":"type-product","3":"status-publish","4":"has-post-thumbnail","6":"product_cat-fournitures-dimpression","7":"product_cat-consommables-sublimation-dtf","9":"first","10":"instock","11":"sale","12":"shipping-taxable","13":"purchasable","14":"product-type-simple"},"acf":[],"jetpack_sharing_enabled":true,"_links":{"self":[{"href":"https:\/\/digistar.ma\/index.php?rest_route=\/wp\/v2\/product\/11657","targetHints":{"allow":["GET"]}}],"collection":[{"href":"https:\/\/digistar.ma\/index.php?rest_route=\/wp\/v2\/product"}],"about":[{"href":"https:\/\/digistar.ma\/index.php?rest_route=\/wp\/v2\/types\/product"}],"replies":[{"embeddable":true,"href":"https:\/\/digistar.ma\/index.php?rest_route=%2Fwp%2Fv2%2Fcomments&post=11657"}],"version-history":[{"count":8,"href":"https:\/\/digistar.ma\/index.php?rest_route=\/wp\/v2\/product\/11657\/revisions"}],"predecessor-version":[{"id":14089,"href":"https:\/\/digistar.ma\/index.php?rest_route=\/wp\/v2\/product\/11657\/revisions\/14089"}],"wp:featuredmedia":[{"embeddable":true,"href":"https:\/\/digistar.ma\/index.php?rest_route=\/wp\/v2\/media\/11658"}],"wp:attachment":[{"href":"https:\/\/digistar.ma\/index.php?rest_route=%2Fwp%2Fv2%2Fmedia&parent=11657"}],"wp:term":[{"taxonomy":"product_brand","embeddable":true,"href":"https:\/\/digistar.ma\/index.php?rest_route=%2Fwp%2Fv2%2Fproduct_brand&post=11657"},{"taxonomy":"product_cat","embeddable":true,"href":"https:\/\/digistar.ma\/index.php?rest_route=%2Fwp%2Fv2%2Fproduct_cat&post=11657"},{"taxonomy":"product_tag","embeddable":true,"href":"https:\/\/digistar.ma\/index.php?rest_route=%2Fwp%2Fv2%2Fproduct_tag&post=11657"}],"curies":[{"name":"wp","href":"https:\/\/api.w.org\/{rel}","templated":true}]}}