{"id":12406,"date":"2024-06-29T23:21:56","date_gmt":"2024-06-29T23:21:56","guid":{"rendered":"https:\/\/digistar.ma\/?post_type=product&#038;p=12406"},"modified":"2024-12-07T21:11:56","modified_gmt":"2024-12-07T21:11:56","slug":"souris-filaire-logitech-mouse-m90-usb","status":"publish","type":"product","link":"https:\/\/digistar.ma\/?product=souris-filaire-logitech-mouse-m90-usb","title":{"rendered":"Souris filaire Logitech Mouse M90 &#8211; USB"},"content":{"rendered":"<h4 class=\"h1 productpage_title\">Souris filaire Logitech Mouse M90 &#8211; USB<\/h4>\n<h2>JUSTE L&#8217;ESSENTIEL<\/h2>\n<p>Avec la souris\u00a0<strong>Logitech Mouse M90<\/strong>, allez \u00e0 l&#8217;essentiel en mati\u00e8re de confort et de fiabilit\u00e9. Fabriqu\u00e9e par Logitech, le sp\u00e9cialiste des souris, cette souris b\u00e9n\u00e9ficie de toute l&#8217;expertise d&#8217;un fabricant ayant produit plus d&#8217;un milliard de souris. De conception filaire, il vous suffit de connecter le c\u00e2ble \u00e0 un port USB pour pouvoir l&#8217;utiliser quant \u00e0 sa forme de taille standard, adapt\u00e9e \u00e0 la main droite comme \u00e0 la main gauche, permet de positionner votre main confortablement, alors que le suivi optique haute d\u00e9finition (1 000 dpi) vous garantit un contr\u00f4le r\u00e9actif et fluide du pointeur, permettant un suivi pr\u00e9cis et une s\u00e9lection\u00a0de texte ais\u00e9e.<\/p>\n<table border=\"0\" width=\"100%\" cellspacing=\"1\" cellpadding=\"1\">\n<tbody>\n<tr>\n<td>\n<h2>SUIVI OPTIQUE HAUTE D\u00c9FINITION<\/h2>\n<div>Con\u00e7ue pour satisfaire les mains droites et gauche,\u00a0<strong>la Logitech Mouse M90 restera donc toujours confortable, m\u00eame apr\u00e8s des heures d&#8217;utilisation<\/strong>. De plus, gr\u00e2ce au suivi optique haute d\u00e9finition,\u00a0<strong>vous b\u00e9n\u00e9ficiez d&#8217;un contr\u00f4le r\u00e9actif et fluide du pointeur de 1000 dpi<\/strong>.Facile \u00e0 installer et \u00e0 utiliser, il suffit de connecter le c\u00e2ble \u00e0 un port USB pour utiliser la M90, pas besoin de logiciel \u00e0 installer !<\/p>\n<\/div>\n<\/td>\n<td width=\"430\"><img decoding=\"async\" src=\"https:\/\/media.ldlc.com\/bo\/images\/fiches\/souris\/logitech\/m90\/4.jpg\" alt=\"\" \/><\/td>\n<\/tr>\n<\/tbody>\n<\/table>\n<p>&nbsp;<\/p>\n<h2>CARACT\u00c9RISTIQUES Souris filaire Logitech Mouse M90 &#8211; USB<\/h2>\n<ul>\n<li><strong>Souris filaire optique de\u00a01 000 dpi<\/strong><\/li>\n<li>Conception ambidextre pour un confort optimal<\/li>\n<li>Un suivi pr\u00e9cis<\/li>\n<li><strong>Nombre de boutons :\u00a02<\/strong><\/li>\n<li>Compatible Windows 10<\/li>\n<\/ul>\n","protected":false},"excerpt":{"rendered":"<ul>\n<li><strong>Souris filaire optique de\u00a01 000 dpi<\/strong><\/li>\n<li>Conception ambidextre pour un confort optimal<\/li>\n<li>Un suivi pr\u00e9cis<\/li>\n<li><strong>Nombre de boutons :\u00a02<\/strong><\/li>\n<\/ul>\n","protected":false},"featured_media":12407,"comment_status":"open","ping_status":"closed","template":"","meta":{"_acf_changed":false,"_monsterinsights_skip_tracking":false,"_monsterinsights_sitenote_active":false,"_monsterinsights_sitenote_note":"","_monsterinsights_sitenote_category":0,"_uf_show_specific_survey":0,"_uf_disable_surveys":false,"_joinchat":[]},"product_brand":[],"product_cat":[246,263,324],"product_tag":[],"class_list":{"0":"post-12406","1":"product","2":"type-product","3":"status-publish","4":"has-post-thumbnail","6":"product_cat-peripherique","7":"product_cat-souris-clavier","8":"product_cat-souris-avec-fil","10":"first","11":"instock","12":"sale","13":"shipping-taxable","14":"purchasable","15":"product-type-simple"},"acf":[],"jetpack_sharing_enabled":true,"_links":{"self":[{"href":"https:\/\/digistar.ma\/index.php?rest_route=\/wp\/v2\/product\/12406","targetHints":{"allow":["GET"]}}],"collection":[{"href":"https:\/\/digistar.ma\/index.php?rest_route=\/wp\/v2\/product"}],"about":[{"href":"https:\/\/digistar.ma\/index.php?rest_route=\/wp\/v2\/types\/product"}],"replies":[{"embeddable":true,"href":"https:\/\/digistar.ma\/index.php?rest_route=%2Fwp%2Fv2%2Fcomments&post=12406"}],"version-history":[{"count":3,"href":"https:\/\/digistar.ma\/index.php?rest_route=\/wp\/v2\/product\/12406\/revisions"}],"predecessor-version":[{"id":15377,"href":"https:\/\/digistar.ma\/index.php?rest_route=\/wp\/v2\/product\/12406\/revisions\/15377"}],"wp:featuredmedia":[{"embeddable":true,"href":"https:\/\/digistar.ma\/index.php?rest_route=\/wp\/v2\/media\/12407"}],"wp:attachment":[{"href":"https:\/\/digistar.ma\/index.php?rest_route=%2Fwp%2Fv2%2Fmedia&parent=12406"}],"wp:term":[{"taxonomy":"product_brand","embeddable":true,"href":"https:\/\/digistar.ma\/index.php?rest_route=%2Fwp%2Fv2%2Fproduct_brand&post=12406"},{"taxonomy":"product_cat","embeddable":true,"href":"https:\/\/digistar.ma\/index.php?rest_route=%2Fwp%2Fv2%2Fproduct_cat&post=12406"},{"taxonomy":"product_tag","embeddable":true,"href":"https:\/\/digistar.ma\/index.php?rest_route=%2Fwp%2Fv2%2Fproduct_tag&post=12406"}],"curies":[{"name":"wp","href":"https:\/\/api.w.org\/{rel}","templated":true}]}}