{"id":12415,"date":"2024-06-30T00:01:01","date_gmt":"2024-06-30T00:01:01","guid":{"rendered":"https:\/\/digistar.ma\/?post_type=product&#038;p=12415"},"modified":"2024-06-30T00:03:24","modified_gmt":"2024-06-30T00:03:24","slug":"souris-gaming-sans-fil-logitech-g502-x-lightspeed","status":"publish","type":"product","link":"https:\/\/digistar.ma\/?product=souris-gaming-sans-fil-logitech-g502-x-lightspeed","title":{"rendered":"Souris Gaming Sans Fil Logitech G502 X lightspeed"},"content":{"rendered":"<h4>Souris Gaming Sans Fil Logitech G502 X lightspeed<\/h4>\n<h2 class=\"h2-master\">L&#8217;ic\u00f4ne r\u00e9invent\u00e9e<\/h2>\n<section>Devenez redoutable et redout\u00e9e gr\u00e2ce \u00e0 la souris sans fil\u00a0<strong>Logitech G G502X Lightspeed<\/strong>. Elle est notamment \u00e9quip\u00e9e d&#8217;un capteur optique HERO de 25000 dpi pour une pr\u00e9cision et une r\u00e9activit\u00e9 optimale. De plus, elle embarque des boutons Lightforce qui sont des boutons hybrides optique-m\u00e9canique offrant une vitesse incroyable et fiable.\u00a0Elle dispose de la technologie Lightspeed afin de vous permettre une r\u00e9activit\u00e9 et une connectivit\u00e9 de qualit\u00e9 professionnelle pour des sessions de jeu longue dur\u00e9e allant jusqu&#8217;\u00e0 140 heures.Enti\u00e8rement redesign\u00e9e, cette souris Logitech G G502X Lightspeed\u00a0ne fait qu&#8217;une bouch\u00e9e de vos adversaires.<\/p>\n<\/section>\n<section>\n<div class=\"desc-image\"><img decoding=\"async\" src=\"https:\/\/media.ldlc.com\/bo\/images\/fiches\/souris\/logitech\/G502X_Lightspeed\/texte1.jpg\" alt=\"\" \/><\/div>\n<div class=\"desc-text\">\n<h2>UN CAPTEUR HERO 25K<\/h2>\n<p>Obtenez une pr\u00e9cision de suivi maximale gr\u00e2ce au\u00a0<strong>capteur optique HERO<\/strong>\u00a0de Logitech, encore plus r\u00e9actif. Fort du traitement de d\u00e9bit d&#8217;images le plus rapide \u00e0 ce jour, HERO\u00a0<strong>d\u00e9passe les 400\u00a0IPS et les 40G d&#8217;acc\u00e9l\u00e9ration<\/strong>,<strong>\u00a0<\/strong>offre\u00a0<strong>une sensibilit\u00e9 allant de 100 \u00e0 25 000\u00a0dpi<\/strong>\u00a0et ne g\u00e9n\u00e8re ni lissage, ni filtrage, ni acc\u00e9l\u00e9ration.<\/p>\n<p>De plus, il atteint une pr\u00e9cision exceptionnelle et une r\u00e9activit\u00e9 toujours constante.<\/p>\n<\/div>\n<\/section>\n<section>\n<div class=\"desc-text\">\n<h2>DES BOUTONS HYBRIDES OPTIQUE-M\u00c9CANIQUE<\/h2>\n<p>La Logitech G G502X Lightspeed est dot\u00e9e de\u00a0<strong>boutons hybrides optique-m\u00e9canique\u00a0Lightforce<\/strong>\u00a0qui offrent une vitesse incroyable et fiable ainsi qu&#8217;une pr\u00e9cision et un temps de r\u00e9ponse id\u00e9ale pour des heures de performance gaming. Vos adversaires ne peuvent rien faire face \u00e0 vous gr\u00e2ce \u00e0 cette r\u00e9activit\u00e9 sans faille.<\/p>\n<p>Et avec la\u00a0<strong>molette super rapide<\/strong>, passez du roulement hyper rapide au mode pr\u00e9cis en un rien de temps.<\/p>\n<\/div>\n<div class=\"desc-image\"><img decoding=\"async\" src=\"https:\/\/media.ldlc.com\/bo\/images\/fiches\/souris\/logitech\/G502X_Lightspeed\/texte2.jpg\" alt=\"\" \/><\/div>\n<\/section>\n<section>\n<div class=\"desc-image\"><img decoding=\"async\" src=\"https:\/\/media.ldlc.com\/bo\/images\/fiches\/souris\/logitech\/G502X_Lightspeed\/texte3.jpg\" alt=\"\" \/><\/div>\n<div class=\"desc-text\">\n<h2>TECHNOLOGIE SANS FIL LIGHTSPEED<\/h2>\n<p>Lors des combats intensifs, la latence peut devenir un facteur d\u00e9cisif de la victoire ou de la d\u00e9faite. La souris Logitech G G502X Lightspeed est \u00e9quip\u00e9e de la technologie sans fil Lightspeed qui offre un taux de rapport d&#8217;une milliseconde et\u00a0<strong>une connexion sans fil hautement optimis\u00e9e<\/strong>\u00a0pour vous permettre de remporter un duel crucial lors de vos parties endiabl\u00e9es.<\/p>\n<p>Et avec\u00a0<strong>une autonomie pouvant atteindre 36 heures<\/strong>, n&#8217;ayez plus aucune crainte sur le manque de batterie pendant vos parties.<\/p>\n<\/div>\n<\/section>\n<section class=\"list\">\n<h2>CARACT\u00c9RISTIQUES PRINCIPALES DE\u00a0 Souris Gaming Sans Fil Logitech G502 X lightspeed<\/h2>\n<p><strong>Souris sans fil pour gamer<\/strong><\/p>\n<ul>\n<li><strong>Capteur optique HERO 25 000 dpi<\/strong><\/li>\n<li>R\u00e9solution de\u00a0<strong>100 \u00e0 25 000 dpi<\/strong><\/li>\n<li>Sans lissage\/acc\u00e9l\u00e9ration\/filtrage<\/li>\n<li><strong>Technologie sans fil Lightspeed<\/strong>\u00a0pour une performance sans aucun temps de latence<\/li>\n<li><strong>13 boutons programmables<\/strong>\u00a0avec changement de sensibilit\u00e9 \u00e0 la vol\u00e9e<\/li>\n<li><strong>Boutons hybrides optique-m\u00e9canique Lightforce pour une vitesse incroyable<\/strong><\/li>\n<li>Acc\u00e9l\u00e9ration max :\u00a0<strong>40 G<\/strong><\/li>\n<li>Vitesse max :\u00a0<strong>400 ips<\/strong><\/li>\n<li>Patins en PTFE<\/li>\n<li>Jusqu&#8217;\u00e0 5 profils int\u00e9gr\u00e9s<\/li>\n<li>Compatible Mac et Windows<\/li>\n<li><strong>Compatible avec le syst\u00e8me de charge sans fil Powerplay<\/strong><\/li>\n<\/ul>\n<\/section>\n","protected":false},"excerpt":{"rendered":"<ul>\n<li><strong>Souris sans fil pour gamer<\/strong><\/li>\n<li><strong>Capteur optique HERO 25 000 dpi<\/strong><\/li>\n<li>R\u00e9solution de\u00a0<strong>100 \u00e0 25 000 dpi<\/strong><\/li>\n<li>Sans lissage\/acc\u00e9l\u00e9ration\/filtrage<\/li>\n<li><strong>Technologie sans fil Lightspeed<\/strong>\u00a0pour une performance sans aucun temps de latence<\/li>\n<li><strong>13 boutons programmables<\/strong>\u00a0avec changement de sensibilit\u00e9 \u00e0 la vol\u00e9e<\/li>\n<li><strong>Boutons hybrides optique-m\u00e9canique Lightforce pour une vitesse incroyable<\/strong><\/li>\n<li>Acc\u00e9l\u00e9ration max :\u00a0<strong>40 G<\/strong><\/li>\n<li>Vitesse max :\u00a0<strong>400 ips<\/strong><\/li>\n<li>Patins en PTFE<\/li>\n<li>Jusqu&#8217;\u00e0 5 profils int\u00e9gr\u00e9s<\/li>\n<li>Compatible Mac et Windows<\/li>\n<li><strong>Compatible avec le syst\u00e8me de charge sans fil Powerplay<\/strong><\/li>\n<\/ul>\n","protected":false},"featured_media":12417,"comment_status":"open","ping_status":"closed","template":"","meta":{"_acf_changed":false,"_monsterinsights_skip_tracking":false,"_monsterinsights_sitenote_active":false,"_monsterinsights_sitenote_note":"","_monsterinsights_sitenote_category":0,"_uf_show_specific_survey":0,"_uf_disable_surveys":false,"_joinchat":[]},"product_brand":[],"product_cat":[297,15,246,263,323],"product_tag":[],"class_list":{"0":"post-12415","1":"product","2":"type-product","3":"status-publish","4":"has-post-thumbnail","6":"product_cat-gaming","7":"product_cat-imprimante-scanner","8":"product_cat-peripherique","9":"product_cat-souris-clavier","10":"product_cat-souris-sans-fil","12":"first","13":"instock","14":"sale","15":"shipping-taxable","16":"purchasable","17":"product-type-simple"},"acf":[],"jetpack_sharing_enabled":true,"_links":{"self":[{"href":"https:\/\/digistar.ma\/index.php?rest_route=\/wp\/v2\/product\/12415","targetHints":{"allow":["GET"]}}],"collection":[{"href":"https:\/\/digistar.ma\/index.php?rest_route=\/wp\/v2\/product"}],"about":[{"href":"https:\/\/digistar.ma\/index.php?rest_route=\/wp\/v2\/types\/product"}],"replies":[{"embeddable":true,"href":"https:\/\/digistar.ma\/index.php?rest_route=%2Fwp%2Fv2%2Fcomments&post=12415"}],"version-history":[{"count":2,"href":"https:\/\/digistar.ma\/index.php?rest_route=\/wp\/v2\/product\/12415\/revisions"}],"predecessor-version":[{"id":12422,"href":"https:\/\/digistar.ma\/index.php?rest_route=\/wp\/v2\/product\/12415\/revisions\/12422"}],"wp:featuredmedia":[{"embeddable":true,"href":"https:\/\/digistar.ma\/index.php?rest_route=\/wp\/v2\/media\/12417"}],"wp:attachment":[{"href":"https:\/\/digistar.ma\/index.php?rest_route=%2Fwp%2Fv2%2Fmedia&parent=12415"}],"wp:term":[{"taxonomy":"product_brand","embeddable":true,"href":"https:\/\/digistar.ma\/index.php?rest_route=%2Fwp%2Fv2%2Fproduct_brand&post=12415"},{"taxonomy":"product_cat","embeddable":true,"href":"https:\/\/digistar.ma\/index.php?rest_route=%2Fwp%2Fv2%2Fproduct_cat&post=12415"},{"taxonomy":"product_tag","embeddable":true,"href":"https:\/\/digistar.ma\/index.php?rest_route=%2Fwp%2Fv2%2Fproduct_tag&post=12415"}],"curies":[{"name":"wp","href":"https:\/\/api.w.org\/{rel}","templated":true}]}}