{"id":12430,"date":"2024-06-30T21:09:30","date_gmt":"2024-06-30T21:09:30","guid":{"rendered":"https:\/\/digistar.ma\/?post_type=product&#038;p=12430"},"modified":"2024-12-07T22:57:29","modified_gmt":"2024-12-07T22:57:29","slug":"casque-logitech-h390-usb-981-001281","status":"publish","type":"product","link":"https:\/\/digistar.ma\/?product=casque-logitech-h390-usb-981-001281","title":{"rendered":"Casque Logitech H390 USB &#8211; 981-001281"},"content":{"rendered":"<h2>Casque Logitech H390 USB &#8211; 981-001281<\/h2>\n<h2 class=\"h2-master\">Un son d&#8217;une clart\u00e9 exceptionnelle<\/h2>\n<section>Simplifiez-vous la vie en passant et en recevant des appels sur Internet : il vous suffit de brancher simplement le casque\u00a0<strong>Logitech USB Headset H390<\/strong>\u00a0dans un port USB pour pouvoir l&#8217;utiliser. B\u00e9n\u00e9ficiant d&#8217;un son num\u00e9rique pur et d&#8217;un confort in\u00e9galable gr\u00e2ce notamment \u00e0 la possibilit\u00e9 d&#8217;ajuster \u00e0 votre convenance le bandeau et le micro, ce mod\u00e8le sera \u00e9galement un excellent casque pour \u00e9couter de la musique, visionner des films, jouer \u00e0 vos jeux et bien plus encore.Besoin de couper le son pour pouvoir discuter sans g\u00eane avec une personne qui se trouve autour de vous ? Le H390 est dot\u00e9 de commandes de volume et de sourdine afin de pouvoir couper le son quand vous voulez. De plus un t\u00e9moin lumineux s&#8217;allume lorsque le mode sourdine est enclench\u00e9 ou non.<\/p>\n<\/section>\n<section>\n<div class=\"desc-image\"><img decoding=\"async\" src=\"https:\/\/media.ldlc.com\/bo\/images\/fiches\/casque\/Logitech\/H390\/texte1.jpg\" alt=\"\" \/><\/div>\n<div class=\"desc-text\">\n<h2>UNE CONCEPTION CONFORTABLE<\/h2>\n<p>Le Logitech USB Headset H390 dispose d&#8217;un\u00a0<strong>bandeau ajustable<\/strong>\u00a0et d&#8217;<strong>embouts en mousse pivotants en similicuir<\/strong>\u00a0qui vous permettront de garder votre casque pendant des heures sans le moindre probl\u00e8me.\u00a0Gr\u00e2ce aux transducteurs \u00e0 r\u00e9glage laser, la musique, les jeux et les appels b\u00e9n\u00e9ficient d&#8217;<strong>un son num\u00e9rique am\u00e9lior\u00e9<\/strong>. Ce casque pr\u00eat \u00e0 l&#8217;emploi peut \u00eatre utilis\u00e9 avec n&#8217;importe quel ordinateur PC ou Mac et ne n\u00e9cessite pas d&#8217;installation de logiciel.<\/p>\n<p>Le H390 est \u00e9gaement \u00e9quip\u00e9 d&#8217;un\u00a0<strong>micro anti-parasite\u00a0<\/strong>qui r\u00e9duit sensiblement les bruits de fond pour des discussions claires. Positionn\u00e9 du c\u00f4t\u00e9 gauche, le microphone rigide peut \u00eatre r\u00e9gl\u00e9 afin d&#8217;optimiser la capture de votre voix. De plus, il peut \u00eatre rabattu lorsque vous ne l&#8217;utilisez pas.<\/p>\n<\/div>\n<\/section>\n<section class=\"list\">\n<h2>CARACT\u00c9RISTIQUES PRINCIPALES :<\/h2>\n<ul>\n<li><strong>Casque st\u00e9r\u00e9o au son num\u00e9rique<\/strong><\/li>\n<li>Imp\u00e9dance d&#8217;entr\u00e9e : 32\u00a0\u03a9<\/li>\n<li>Sensibilit\u00e9 (casque) : 94\u00a0dBV\/Pa +\/- 3\u00a0dB<\/li>\n<li>Sensibilit\u00e9 (microphone) : -17\u00a0dBV\/Pa +\/- 4\u00a0dB<\/li>\n<li>R\u00e9ponse en fr\u00e9quence (casque) : 20\u00a0Hz \u00e0 20\u00a0kHz<\/li>\n<li>R\u00e9ponse en fr\u00e9quence (microphone) : 100\u00a0Hz \u00e0 10\u00a0kHz<\/li>\n<li><strong>Micro anti-parasite pivotant<\/strong><\/li>\n<li><strong>Commandes int\u00e9gr\u00e9es sur le fil pour ajuster le volume ou mettre en sourdine<\/strong><\/li>\n<li><strong>Bandeau et oreillettes rembourr\u00e9s en similicuir<\/strong><\/li>\n<li>Connexion USB avec longueur du c\u00e2ble 1.9m<\/li>\n<li>Fabriqu\u00e9 avec au moins 23% de plastique recycl\u00e9<\/li>\n<\/ul>\n<\/section>\n","protected":false},"excerpt":{"rendered":"<ul>\n<li><strong>Casque st\u00e9r\u00e9o au son num\u00e9rique<\/strong><\/li>\n<li>Imp\u00e9dance d&#8217;entr\u00e9e : 32\u00a0\u03a9<\/li>\n<li>Sensibilit\u00e9 (casque) : 94\u00a0dBV\/Pa +\/- 3\u00a0dB<\/li>\n<li>Sensibilit\u00e9 (microphone) : -17\u00a0dBV\/Pa +\/- 4\u00a0dB<\/li>\n<li>R\u00e9ponse en fr\u00e9quence (casque) : 20\u00a0Hz \u00e0 20\u00a0kHz<\/li>\n<li>R\u00e9ponse en fr\u00e9quence (microphone) : 100\u00a0Hz \u00e0 10\u00a0kHz<\/li>\n<li><strong>Micro anti-parasite pivotant<\/strong><\/li>\n<li><strong>Commandes int\u00e9gr\u00e9es sur le fil pour ajuster le volume ou mettre en sourdine<\/strong><\/li>\n<li><strong>Bandeau et oreillettes rembourr\u00e9s en similicuir<\/strong><\/li>\n<li>Connexion USB avec longueur du c\u00e2ble 1.9m<\/li>\n<li>Fabriqu\u00e9 avec au moins 23% de plastique recycl\u00e9<\/li>\n<\/ul>\n","protected":false},"featured_media":12431,"comment_status":"open","ping_status":"closed","template":"","meta":{"_acf_changed":false,"_monsterinsights_skip_tracking":false,"_monsterinsights_sitenote_active":false,"_monsterinsights_sitenote_note":"","_monsterinsights_sitenote_category":0,"_uf_show_specific_survey":0,"_uf_disable_surveys":false,"_joinchat":[]},"product_brand":[],"product_cat":[244,344,278],"product_tag":[],"class_list":{"0":"post-12430","1":"product","2":"type-product","3":"status-publish","4":"has-post-thumbnail","6":"product_cat-image-son","7":"product_cat-casque-ecouteur","8":"product_cat-son","10":"first","11":"instock","12":"sale","13":"shipping-taxable","14":"purchasable","15":"product-type-simple"},"acf":[],"jetpack_sharing_enabled":true,"_links":{"self":[{"href":"https:\/\/digistar.ma\/index.php?rest_route=\/wp\/v2\/product\/12430","targetHints":{"allow":["GET"]}}],"collection":[{"href":"https:\/\/digistar.ma\/index.php?rest_route=\/wp\/v2\/product"}],"about":[{"href":"https:\/\/digistar.ma\/index.php?rest_route=\/wp\/v2\/types\/product"}],"replies":[{"embeddable":true,"href":"https:\/\/digistar.ma\/index.php?rest_route=%2Fwp%2Fv2%2Fcomments&post=12430"}],"version-history":[{"count":3,"href":"https:\/\/digistar.ma\/index.php?rest_route=\/wp\/v2\/product\/12430\/revisions"}],"predecessor-version":[{"id":13822,"href":"https:\/\/digistar.ma\/index.php?rest_route=\/wp\/v2\/product\/12430\/revisions\/13822"}],"wp:featuredmedia":[{"embeddable":true,"href":"https:\/\/digistar.ma\/index.php?rest_route=\/wp\/v2\/media\/12431"}],"wp:attachment":[{"href":"https:\/\/digistar.ma\/index.php?rest_route=%2Fwp%2Fv2%2Fmedia&parent=12430"}],"wp:term":[{"taxonomy":"product_brand","embeddable":true,"href":"https:\/\/digistar.ma\/index.php?rest_route=%2Fwp%2Fv2%2Fproduct_brand&post=12430"},{"taxonomy":"product_cat","embeddable":true,"href":"https:\/\/digistar.ma\/index.php?rest_route=%2Fwp%2Fv2%2Fproduct_cat&post=12430"},{"taxonomy":"product_tag","embeddable":true,"href":"https:\/\/digistar.ma\/index.php?rest_route=%2Fwp%2Fv2%2Fproduct_tag&post=12430"}],"curies":[{"name":"wp","href":"https:\/\/api.w.org\/{rel}","templated":true}]}}