{"id":12451,"date":"2024-06-30T22:17:15","date_gmt":"2024-06-30T22:17:15","guid":{"rendered":"https:\/\/digistar.ma\/?post_type=product&#038;p=12451"},"modified":"2024-06-30T22:17:15","modified_gmt":"2024-06-30T22:17:15","slug":"webcam-logitech-brio-100-full-hd","status":"publish","type":"product","link":"https:\/\/digistar.ma\/?product=webcam-logitech-brio-100-full-hd","title":{"rendered":"Webcam Logitech Brio 100 Full HD"},"content":{"rendered":"<h3>Webcam Logitech Brio 100 Full HD<\/h3>\n<h2 class=\"h2-master\">Une cam\u00e9ra Full HD 1080p<\/h2>\n<section>Proftez d\u2019une image et d\u2019un son exceptionnels, et am\u00e9liorez vos r\u00e9unions gr\u00e2ce \u00e0 la\u00a0<strong>Logitech Brio 100<\/strong>, une webcam simple et abordable qui vous permet de faire bonne impression lors de vos appels vid\u00e9o. La r\u00e9solution Full HD 1080p et l&#8217;\u00e9quilibrage automatique de l\u2019\u00e9clairage apportent clart\u00e9 et luminosit\u00e9 \u00e0 vos appels pour que vous apparaissiez sous votre meilleur jour. Proftez \u00e9galement d\u2019un son optimal gr\u00e2ce \u00e0 un microphone int\u00e9gr\u00e9 et d\u2019une discr\u00e9tion totale gr\u00e2ce \u00e0 un volet de confidentialit\u00e9 int\u00e9gr\u00e9.<\/p>\n<\/section>\n<section>\n<div class=\"desc-image\"><img decoding=\"async\" src=\"https:\/\/media.ldlc.com\/bo\/images\/fiches\/webcam\/Logitech\/Brio_100\/1.jpg\" alt=\"\" \/><\/div>\n<div class=\"desc-text\">\n<h2>UNE IMAGE FULL HD 1080P<\/h2>\n<p>La Logitech BRIO 100\u00a0diffuse et enregistre des vid\u00e9os saisissantes et r\u00e9alistes avec\u00a0<strong>des mouvements fluides et des d\u00e9tails nets en Full HD 1080p \u00e0 30 fps<\/strong>. Offrant de nombreuses possibilit\u00e9s, elle est id\u00e9ale pour filmer sur Twitch, Facebook ou encore Instagram. Et avec\u00a0<b>le microphone omnidirectionnel<\/b>, vous \u00eates certain que tous les participants de votre r\u00e9union vous entendent.<\/p>\n<p>Enfin, la BRIO 100 poss\u00e8de \u00e9galement un\u00a0<strong>obturateur de confidentialit\u00e9\u00a0<\/strong>pour bloquer l&#8217;objectif de la webcam lorsque vous n&#8217;avez pas besoin d&#8217;\u00eatre \u00e0 l&#8217;\u00e9cran<\/p>\n<\/div>\n<\/section>\n<section>\n<div class=\"desc-text\">\n<h2>CON\u00c7U POUR UN AVENIR POSITIF<\/h2>\n<ul>\n<li>Les pi\u00e8ces en plastique de la webcam Brio 100 sont fabriqu\u00e9es \u00e0 partir de plastique certifi\u00e9 recycl\u00e9 post-consommation (77% pour le mod\u00e8le Graphite, 34% pour les mod\u00e8les Blanc et Rose*) afin de r\u00e9utiliser le plastique en fin de vie issu d\u2019anciens dispositifs \u00e9lectroniques grand public et de contribuer \u00e0 r\u00e9duire notre empreinte carbone.\u00a0*Exclut les composants \u00e9lectroniques, les c\u00e2bles et l\u2019emballage.<\/li>\n<li>L&#8217;emballage papier de la webcam Brio 100 est fabriqu\u00e9 \u00e0 partir de bois de for\u00eats certifi\u00e9es par le FSC\u2122 et d&#8217;autres sources contr\u00f4l\u00e9es. En choisissant ce produit, vous soutenez la gestion foresti\u00e8re responsable des for\u00eats de la plan\u00e8te.<\/li>\n<li>La webcam Brio 100 a obtenu la certification \u00ab Neutre en carbone \u00bb. Cela signifie que l&#8217;impact carbone du produit et de l&#8217;emballage a \u00e9t\u00e9 r\u00e9duite \u00e0 z\u00e9ro gr\u00e2ce \u00e0 l&#8217;investissement de Logitech dans des projets de compensation et d&#8217;\u00e9limination des \u00e9missions de carbone.<\/li>\n<\/ul>\n<\/div>\n<div class=\"desc-image\"><img decoding=\"async\" src=\"https:\/\/media.ldlc.com\/bo\/images\/fiches\/clavier\/Logitech\/image2.jpg\" alt=\"\" \/><\/div>\n<\/section>\n<section class=\"list\">\n<h2>CARACT\u00c9RISTIQUES PRINCIPALES DE Webcam Logitech Brio 100 Full HD<\/h2>\n<ul>\n<li><strong>Webcam Full HD 1080p<\/strong><\/li>\n<li>R\u00e9solution :\u00a0<strong>Full HD \u00e0 30 fps ou 720p \u00e0 60 fps<\/strong><\/li>\n<li>Correction automatique de l&#8217;\u00e9clairage gr\u00e2ce \u00e0 la technologie RightLight 2<\/li>\n<li><strong>Champ de vision \u00e0 58\u00b0<\/strong><\/li>\n<li>Microphone omnidirectionnel<\/li>\n<li><strong>Volet de confidentialit\u00e9 int\u00e9gr\u00e9<\/strong><\/li>\n<li>Mise au point fixe<\/li>\n<li>Connectique : USB-A<\/li>\n<li>Certifi\u00e9 pour Microsoft Teams, Zoom, Google Meet et Chromebook<\/li>\n<li>Compatible :\u00a0Windows 10 ou version ult\u00e9rieure, macOS 10.15 ou version ult\u00e9rieure, ChromeOS<\/li>\n<li><strong>Compos\u00e9 \u00e0 partir de plastique recycl\u00e9<\/strong><\/li>\n<\/ul>\n<\/section>\n<p>&nbsp;<\/p>\n","protected":false},"excerpt":{"rendered":"<ul>\n<li><strong>Webcam Full HD 1080p<\/strong><\/li>\n<li>R\u00e9solution :\u00a0<strong>Full HD \u00e0 30 fps ou 720p \u00e0 60 fps<\/strong><\/li>\n<li>Correction automatique de l&#8217;\u00e9clairage gr\u00e2ce \u00e0 la technologie RightLight 2<\/li>\n<li><strong>Champ de vision \u00e0 58\u00b0<\/strong><\/li>\n<li>Microphone omnidirectionnel<\/li>\n<li><strong>Volet de confidentialit\u00e9 int\u00e9gr\u00e9<\/strong><\/li>\n<li>Mise au point fixe<\/li>\n<li>Connectique : USB-A<\/li>\n<li>Certifi\u00e9 pour Microsoft Teams, Zoom, Google Meet et Chromebook<\/li>\n<li>Compatible :\u00a0Windows 10 ou version ult\u00e9rieure, macOS 10.15 ou version ult\u00e9rieure, ChromeOS<\/li>\n<li><strong>Compos\u00e9 \u00e0 partir de plastique recycl\u00e9<\/strong><\/li>\n<\/ul>\n","protected":false},"featured_media":12452,"comment_status":"open","ping_status":"closed","template":"","meta":{"_acf_changed":false,"_monsterinsights_skip_tracking":false,"_monsterinsights_sitenote_active":false,"_monsterinsights_sitenote_note":"","_monsterinsights_sitenote_category":0,"_uf_show_specific_survey":0,"_uf_disable_surveys":false,"_joinchat":[]},"product_brand":[],"product_cat":[246,338],"product_tag":[],"class_list":{"0":"post-12451","1":"product","2":"type-product","3":"status-publish","4":"has-post-thumbnail","6":"product_cat-peripherique","7":"product_cat-webcam","9":"first","10":"instock","11":"sale","12":"shipping-taxable","13":"purchasable","14":"product-type-simple"},"acf":[],"jetpack_sharing_enabled":true,"_links":{"self":[{"href":"https:\/\/digistar.ma\/index.php?rest_route=\/wp\/v2\/product\/12451","targetHints":{"allow":["GET"]}}],"collection":[{"href":"https:\/\/digistar.ma\/index.php?rest_route=\/wp\/v2\/product"}],"about":[{"href":"https:\/\/digistar.ma\/index.php?rest_route=\/wp\/v2\/types\/product"}],"replies":[{"embeddable":true,"href":"https:\/\/digistar.ma\/index.php?rest_route=%2Fwp%2Fv2%2Fcomments&post=12451"}],"version-history":[{"count":1,"href":"https:\/\/digistar.ma\/index.php?rest_route=\/wp\/v2\/product\/12451\/revisions"}],"predecessor-version":[{"id":12457,"href":"https:\/\/digistar.ma\/index.php?rest_route=\/wp\/v2\/product\/12451\/revisions\/12457"}],"wp:featuredmedia":[{"embeddable":true,"href":"https:\/\/digistar.ma\/index.php?rest_route=\/wp\/v2\/media\/12452"}],"wp:attachment":[{"href":"https:\/\/digistar.ma\/index.php?rest_route=%2Fwp%2Fv2%2Fmedia&parent=12451"}],"wp:term":[{"taxonomy":"product_brand","embeddable":true,"href":"https:\/\/digistar.ma\/index.php?rest_route=%2Fwp%2Fv2%2Fproduct_brand&post=12451"},{"taxonomy":"product_cat","embeddable":true,"href":"https:\/\/digistar.ma\/index.php?rest_route=%2Fwp%2Fv2%2Fproduct_cat&post=12451"},{"taxonomy":"product_tag","embeddable":true,"href":"https:\/\/digistar.ma\/index.php?rest_route=%2Fwp%2Fv2%2Fproduct_tag&post=12451"}],"curies":[{"name":"wp","href":"https:\/\/api.w.org\/{rel}","templated":true}]}}