{"id":12639,"date":"2024-08-19T21:09:54","date_gmt":"2024-08-19T21:09:54","guid":{"rendered":"https:\/\/digistar.ma\/?post_type=product&#038;p=12639"},"modified":"2024-08-19T21:09:54","modified_gmt":"2024-08-19T21:09:54","slug":"pochette-rivacase-7903-pour-macbook-pro-13-3-pouces-2","status":"publish","type":"product","link":"https:\/\/digistar.ma\/?product=pochette-rivacase-7903-pour-macbook-pro-13-3-pouces-2","title":{"rendered":"Pochette Rivacase 7903 pour MacBook Pro 13.3 Pouces"},"content":{"rendered":"<h3>Pochette Rivacase 7903 pour MacBook Pro 13.3 Pouces<\/h3>\n<p>Con\u00e7ue pour s&#8217;adapter parfaitement \u00e0 la plupart des ordinateurs portables, UltraBook ou tablettes jusqu&#8217;\u00e0 13,3&#8221;<br \/>\nFabriqu\u00e9e en simili cuir de haute qualit\u00e9 et en tissus de polyester durable \u00e0 structure tweed<br \/>\nPoche avant avec fermeture \u00e9clair pour ranger des accessoires<br \/>\nPoche centrale prot\u00e9g\u00e9e de 2 couches de mousse \u00e9paisse<\/p>\n<p>Housse pour ordinateur portable jusqu&#8217;\u00e0 13.3&#8221;<br \/>\nDescription produit:<\/p>\n<p>\u2022 Con\u00e7ue pour s&#8217;adapter parfaitement \u00e0 la plupart des ordinateurs portables, UltraBook ou tablettes jusqu&#8217;\u00e0 13,3&#8221;<br \/>\n\u2022 Fabriqu\u00e9e en simili cuir de haute qualit\u00e9 et en tissus de polyester durable \u00e0 structure tweed<br \/>\n\u2022 Poche avant avec fermeture \u00e9clair pour ranger des accessoires<br \/>\n\u2022 Poche centrale prot\u00e9g\u00e9e de 2 couches de mousse \u00e9paisse<\/p>\n<p>Compatibilit\u00e9:<br \/>\nTablettes et ordinateurs portables jusqu&#8217;\u00e0 12,9&#8243;-13,3&#8243;, y compris<br \/>\nApple iPad Pro 12.9 &#8221; \/ MacBook Air \/ Pro 13&#8243;<\/p>\n<p>&nbsp;<\/p>\n<div class=\"product-fields\"><strong>Poids:<\/strong>\u00a00.24 Kg<\/div>\n<div class=\"product-fields\"><strong>Dimensions ext\u00e9rieures:\u00a0<\/strong>340x250x25 mm<\/div>\n<div class=\"product-fields\"><strong>Dimensions int\u00e9rieures:\u00a0<\/strong>325x235x20 mm<\/div>\n<div class=\"product-fields\">\n<div class=\"product-field product-field-type-E\"><span class=\"product-fields-title-wrapper\"><span class=\"product-fields-title\"><strong>Mati\u00e8re:<\/strong><\/span>\u00a0<\/span><span class=\"product-field-display\"><span class=\"cf4all_customvalues_wrapper\"><span id=\"cf4all_option_36\" class=\"cf4all_option \">Polyester<\/span>\u00a0<span class=\"cf4all_comma\">,\u00a0<\/span><span id=\"cf4all_option_35\" class=\"cf4all_option \">Polyur\u00e9thane<\/span><\/span><\/span><\/div>\n<div class=\"product-field product-field-type-E\"><span class=\"product-fields-title-wrapper\"><span class=\"product-fields-title\"><strong>Doublure:<\/strong><\/span>\u00a0<\/span><span class=\"product-field-display\"><span class=\"cf4all_customvalues_wrapper\"><span id=\"cf4all_option_43\" class=\"cf4all_option \">Polyester<\/span><\/span><\/span><\/div>\n<\/div>\n<div class=\"product-fields\">\n<div class=\"product-fields\"><strong>Laptop pocket size<\/strong>\u00a0325x235x20 mm<\/div>\n<\/div>\n","protected":false},"excerpt":{"rendered":"<p>\u2022 Con\u00e7ue pour s&#8217;adapter parfaitement \u00e0 la plupart des ordinateurs portables, UltraBook ou tablettes jusqu&#8217;\u00e0 13,3&#8221;<br \/>\n\u2022 Fabriqu\u00e9e en simili cuir de haute qualit\u00e9 et en tissus de polyester durable \u00e0 structure tweed<br \/>\n\u2022 Poche avant avec fermeture \u00e9clair pour ranger des accessoires<br \/>\n\u2022 Poche centrale prot\u00e9g\u00e9e de 2 couches de mousse \u00e9paisse<\/p>\n","protected":false},"featured_media":12640,"comment_status":"open","ping_status":"closed","template":"","meta":{"_acf_changed":false,"_monsterinsights_skip_tracking":false,"_monsterinsights_sitenote_active":false,"_monsterinsights_sitenote_note":"","_monsterinsights_sitenote_category":0,"_uf_show_specific_survey":0,"_uf_disable_surveys":false,"_joinchat":[]},"product_brand":[],"product_cat":[257,305],"product_tag":[],"class_list":{"0":"post-12639","1":"product","2":"type-product","3":"status-publish","4":"has-post-thumbnail","6":"product_cat-sacoche-et-sac-a-dos","7":"product_cat-housse-et-etui","9":"first","10":"instock","11":"sale","12":"shipping-taxable","13":"purchasable","14":"product-type-simple"},"acf":[],"jetpack_sharing_enabled":true,"_links":{"self":[{"href":"https:\/\/digistar.ma\/index.php?rest_route=\/wp\/v2\/product\/12639","targetHints":{"allow":["GET"]}}],"collection":[{"href":"https:\/\/digistar.ma\/index.php?rest_route=\/wp\/v2\/product"}],"about":[{"href":"https:\/\/digistar.ma\/index.php?rest_route=\/wp\/v2\/types\/product"}],"replies":[{"embeddable":true,"href":"https:\/\/digistar.ma\/index.php?rest_route=%2Fwp%2Fv2%2Fcomments&post=12639"}],"version-history":[{"count":1,"href":"https:\/\/digistar.ma\/index.php?rest_route=\/wp\/v2\/product\/12639\/revisions"}],"predecessor-version":[{"id":12645,"href":"https:\/\/digistar.ma\/index.php?rest_route=\/wp\/v2\/product\/12639\/revisions\/12645"}],"wp:featuredmedia":[{"embeddable":true,"href":"https:\/\/digistar.ma\/index.php?rest_route=\/wp\/v2\/media\/12640"}],"wp:attachment":[{"href":"https:\/\/digistar.ma\/index.php?rest_route=%2Fwp%2Fv2%2Fmedia&parent=12639"}],"wp:term":[{"taxonomy":"product_brand","embeddable":true,"href":"https:\/\/digistar.ma\/index.php?rest_route=%2Fwp%2Fv2%2Fproduct_brand&post=12639"},{"taxonomy":"product_cat","embeddable":true,"href":"https:\/\/digistar.ma\/index.php?rest_route=%2Fwp%2Fv2%2Fproduct_cat&post=12639"},{"taxonomy":"product_tag","embeddable":true,"href":"https:\/\/digistar.ma\/index.php?rest_route=%2Fwp%2Fv2%2Fproduct_tag&post=12639"}],"curies":[{"name":"wp","href":"https:\/\/api.w.org\/{rel}","templated":true}]}}