{"id":12722,"date":"2024-08-19T23:23:02","date_gmt":"2024-08-19T23:23:02","guid":{"rendered":"https:\/\/digistar.ma\/?post_type=product&#038;p=12722"},"modified":"2024-08-19T23:25:26","modified_gmt":"2024-08-19T23:25:26","slug":"sac-a-dos-rivacase-galapagos-7761-moka-15-6-pouces","status":"publish","type":"product","link":"https:\/\/digistar.ma\/?product=sac-a-dos-rivacase-galapagos-7761-moka-15-6-pouces","title":{"rendered":"Sac \u00e0 dos Rivacase Galapagos 7761 moka 15.6 Pouces"},"content":{"rendered":"<h4>Sac \u00e0 dos Rivacase Galapagos 7761 moka 15.6 Pouces<\/h4>\n<p>Le sac \u00e0 dos pour l&#8217;ordinateur portable jusqu&#8217;\u00e0 15,6&#8243;<\/p>\n<div id=\"column-wrap-id-1636705369763\" class=\"sppb-col-md-4\">\n<div id=\"column-id-1636705369763\" class=\"sppb-column\">\n<div class=\"sppb-column-addons\">\n<div id=\"sppb-addon-wrapper-1636705369764\" class=\"sppb-addon-wrapper\">\n<div id=\"sppb-addon-1636705369764\" class=\" sppb-wow bounceInLeft clearfix sppb-animated\" data-sppb-wow-duration=\"1200ms\" data-sppb-wow-delay=\"400ms\">\n<div class=\"sppb-addon sppb-addon-single-image sppb-text-left round\">\n<div class=\"sppb-addon-content\">\n<div class=\"sppb-addon-single-image-container\"><img fetchpriority=\"high\" decoding=\"async\" class=\"sppb-img-responsive\" title=\"\" src=\"https:\/\/rivacase.com\/images\/7761\/02m.jpg\" alt=\"RIVACASE\" width=\"437\" height=\"437\" \/><\/div>\n<\/div>\n<\/div>\n<\/div>\n<\/div>\n<\/div>\n<\/div>\n<\/div>\n<div id=\"column-wrap-id-1636705369765\" class=\"sppb-col-md-4\">\n<div id=\"column-id-1636705369765\" class=\"sppb-column\">\n<div class=\"sppb-column-addons\">\n<div id=\"sppb-addon-wrapper-1636705369766\" class=\"sppb-addon-wrapper\">\n<div id=\"sppb-addon-1636705369766\" class=\" sppb-wow fadeInUp clearfix sppb-animated\" data-sppb-wow-duration=\"1200ms\" data-sppb-wow-delay=\"300ms\">\n<div class=\"sppb-addon sppb-addon-text-block \">\n<h3 class=\"sppb-addon-title\">COMPACT MAIS TR\u00c8S SPACIEUX<\/h3>\n<div class=\"sppb-addon-content\">Ce sac \u00e0 dos urbain de style sportif avec deux compartiments spacieux \u00e0 la fermeture \u00e9clair est id\u00e9al pour ceux qui pr\u00e9f\u00e8rent porter avec eux toutes les choses n\u00e9cessaires, mais d\u00e9testent les bagages encombrants.<\/div>\n<div class=\"sppb-addon-content\">Une section du sac \u00e0 dos est cr\u00e9\u00e9 pour un ordinateur portable, une tablette et un ensemble de v\u00eatements et l\u2019autre est pour les livres, les documents et les accessoires. Gr\u00e2ce \u00e0 notre sac \u00e0 dos compact et tr\u00e8s spacieux, vous pourrez rester organis\u00e9 pendant votre journ\u00e9e.<\/div>\n<\/div>\n<\/div>\n<\/div>\n<\/div>\n<\/div>\n<\/div>\n<div id=\"column-wrap-id-1636705369767\" class=\"sppb-col-md-4\">\n<div id=\"column-id-1636705369767\" class=\"sppb-column\">\n<div class=\"sppb-column-addons\">\n<div id=\"sppb-addon-wrapper-1636705369768\" class=\"sppb-addon-wrapper\">\n<div id=\"sppb-addon-1636705369768\" class=\" sppb-wow bounceInRight clearfix sppb-animated\" data-sppb-wow-duration=\"1200ms\" data-sppb-wow-delay=\"500ms\">\n<div class=\"sppb-addon sppb-addon-single-image sppb-text-right round\">\n<div class=\"sppb-addon-content\">\n<div class=\"sppb-addon-single-image-container\"><\/div>\n<\/div>\n<\/div>\n<\/div>\n<\/div>\n<\/div>\n<\/div>\n<\/div>\n<p>\u2022 Le sac \u00e0 dos urbain de style sportif est fabriqu\u00e9 en mat\u00e9riau r\u00e9sistant \u00e0 l\u2019eau de haute qualit\u00e9.<br \/>\n\u2022 Une section spacieuse pour transporter des choses n\u00e9cessaires, des documents est \u00e9quip\u00e9e d&#8217;une poche int\u00e9rieure zipp\u00e9e en maille pour ranger les accessoires.<br \/>\n\u2022 Le compartiment pour l&#8217;ordinateur portable jusqu&#8217;\u00e0 15.6&#8243; en dimensions avec les c\u00f4t\u00e9s rembourr\u00e9s et une poche pour une tablette jusqu\u2019\u00e0 10,5&#8243;. Le fond du sac \u00e0 dos a un insert rembourr\u00e9 \u00a0pour la protection suppl\u00e9mentaire des gadgets.<br \/>\n\u2022 La poche frontale \u00e0 la glissi\u00e8re dans laquelle on peut ranger les accessoires, les cartes de visite et le smartphone. Il y a aussi un mousqueton amovible pour les cl\u00e9s.<br \/>\n\u2022 Deux poches lat\u00e9rales pour les bouteilles d\u2019eau..<br \/>\n\u2022 La poign\u00e9e de transport souple et les sangles d&#8217;\u00e9paules confortables avec les bandes adoucies vous aideront \u00e0 vous sentir confortable \u00a0m\u00eame dans le plus long voyage.<br \/>\n\u2022 L&#8217;arri\u00e8re du sac \u00e0 dos est muni d\u2019une sangle de fixation au sac \u00e0 bagages et d&#8217;une pochette secr\u00e8te \u00e0 la fermeture \u00e9clair pour le passeport et le porte-monnaie.<br \/>\n\u2022Un syst\u00e8me sp\u00e9cial de gestion des sangles avec fixation Velcro fixe les sangles du sac \u00e0 dos et vous offre un confort suppl\u00e9mentaire.<\/p>\n","protected":false},"excerpt":{"rendered":"<div class=\"product-fields\"><strong>Poids:<\/strong>\u00a00.79 Kg<\/div>\n<div class=\"product-fields\"><strong>Dimensions ext\u00e9rieures:\u00a0<\/strong>310x460x150 mm<\/div>\n<div class=\"product-fields\">\n<div class=\"product-field product-field-type-E\"><span class=\"product-fields-title-wrapper\"><span class=\"product-fields-title\"><strong>Doublure:<\/strong><\/span>\u00a0<\/span><span class=\"product-field-display\"><span class=\"cf4all_customvalues_wrapper\"><span id=\"cf4all_option_43\" class=\"cf4all_option \">Polyester<\/span><\/span><\/span><\/div>\n<div class=\"product-field product-field-type-E\"><span class=\"product-fields-title-wrapper\"><span class=\"product-fields-title\"><strong>Mati\u00e8re:<\/strong><\/span>\u00a0<\/span><span class=\"product-field-display\"><span class=\"cf4all_customvalues_wrapper\"><span id=\"cf4all_option_36\" class=\"cf4all_option \">Polyester<\/span><\/span><\/span><\/div>\n<\/div>\n<div class=\"product-fields\">\n<div class=\"product-fields\"><strong>Laptop pocket size<\/strong>\u00a0280x280x395 mm<\/div>\n<\/div>\n","protected":false},"featured_media":12723,"comment_status":"open","ping_status":"closed","template":"","meta":{"_acf_changed":false,"_monsterinsights_skip_tracking":false,"_monsterinsights_sitenote_active":false,"_monsterinsights_sitenote_note":"","_monsterinsights_sitenote_category":0,"_uf_show_specific_survey":0,"_uf_disable_surveys":false,"_joinchat":[]},"product_brand":[],"product_cat":[257,306],"product_tag":[],"class_list":{"0":"post-12722","1":"product","2":"type-product","3":"status-publish","4":"has-post-thumbnail","6":"product_cat-sacoche-et-sac-a-dos","7":"product_cat-sac-a-dos-pc-portable","9":"first","10":"instock","11":"sale","12":"shipping-taxable","13":"purchasable","14":"product-type-simple"},"acf":[],"jetpack_sharing_enabled":true,"_links":{"self":[{"href":"https:\/\/digistar.ma\/index.php?rest_route=\/wp\/v2\/product\/12722","targetHints":{"allow":["GET"]}}],"collection":[{"href":"https:\/\/digistar.ma\/index.php?rest_route=\/wp\/v2\/product"}],"about":[{"href":"https:\/\/digistar.ma\/index.php?rest_route=\/wp\/v2\/types\/product"}],"replies":[{"embeddable":true,"href":"https:\/\/digistar.ma\/index.php?rest_route=%2Fwp%2Fv2%2Fcomments&post=12722"}],"version-history":[{"count":3,"href":"https:\/\/digistar.ma\/index.php?rest_route=\/wp\/v2\/product\/12722\/revisions"}],"predecessor-version":[{"id":12731,"href":"https:\/\/digistar.ma\/index.php?rest_route=\/wp\/v2\/product\/12722\/revisions\/12731"}],"wp:featuredmedia":[{"embeddable":true,"href":"https:\/\/digistar.ma\/index.php?rest_route=\/wp\/v2\/media\/12723"}],"wp:attachment":[{"href":"https:\/\/digistar.ma\/index.php?rest_route=%2Fwp%2Fv2%2Fmedia&parent=12722"}],"wp:term":[{"taxonomy":"product_brand","embeddable":true,"href":"https:\/\/digistar.ma\/index.php?rest_route=%2Fwp%2Fv2%2Fproduct_brand&post=12722"},{"taxonomy":"product_cat","embeddable":true,"href":"https:\/\/digistar.ma\/index.php?rest_route=%2Fwp%2Fv2%2Fproduct_cat&post=12722"},{"taxonomy":"product_tag","embeddable":true,"href":"https:\/\/digistar.ma\/index.php?rest_route=%2Fwp%2Fv2%2Fproduct_tag&post=12722"}],"curies":[{"name":"wp","href":"https:\/\/api.w.org\/{rel}","templated":true}]}}