{"id":13051,"date":"2024-08-25T00:57:09","date_gmt":"2024-08-25T00:57:09","guid":{"rendered":"https:\/\/digistar.ma\/?post_type=product&#038;p=13051"},"modified":"2024-08-25T00:57:10","modified_gmt":"2024-08-25T00:57:10","slug":"epson-eb-fh06-videoprojecteur-full-hd-1080p-v11h974040","status":"publish","type":"product","link":"https:\/\/digistar.ma\/?product=epson-eb-fh06-videoprojecteur-full-hd-1080p-v11h974040","title":{"rendered":"EPSON EB-FH06 Vid\u00e9oprojecteur Full HD 1080p V11H974040"},"content":{"rendered":"<h4>EPSON EB-FH06 Vid\u00e9oprojecteur Full HD 1080p V11H974040<\/h4>\n<div class=\"briefdescription\">Donnez vie \u00e0 vos films avec ce projecteur Full\u00a0HD de 3\u00a0500\u00a0lumens simple d\u2019utilisation, avec Wi-Fi\u00ae en option.<\/div>\n<div class=\"highlights\">\n<ul>\n<li>Projecteur Full\u00a0HD\u00a01080p<\/li>\n<li>Luminosit\u00e9 de\u00a03\u00a0500\u00a0lumens<\/li>\n<li>Taux de contraste de 16\u00a0000:1<\/li>\n<li>Technologie\u00a03LCD<\/li>\n<\/ul>\n<\/div>\n<div class=\"introtext\">Au bureau aussi bien qu\u2019\u00e0 la maison, ce projecteur Full\u00a0HD vous permet de projeter vos contenus sur grand \u00e9cran avec style, gr\u00e2ce \u00e0 un affichage de 332\u00a0pouces (843,2 cm).<\/div>\n<div><\/div>\n<div class=\"introtext\">Con\u00e7u pour une installation facile, ce projecteur peut \u00eatre mis en route tr\u00e8s rapidement. Gr\u00e2ce \u00e0 la technologie\u00a03LCD et \u00e0 une luminosit\u00e9 de\u00a03\u00a0500\u00a0lumens, vous profiterez de vos films avec une image pr\u00e9cise et lumineuse. D\u00e9tendez-vous et profitez de l\u2019\u00e9quivalent de 18\u00a0ann\u00e9es de divertissement gr\u00e2ce \u00e0 sa source lumineuse longue dur\u00e9e.<\/div>\n<div><\/div>\n<div><strong>Une grande image, c\u2019est encore mieux<\/strong><br \/>\nQue ce soit pour regarder votre film pr\u00e9f\u00e9r\u00e9 ou pour faire une pr\u00e9sentation, ce projecteur peut offrir un affichage impressionnant de 332 pouces (843,2 cm). Dot\u00e9 de la technologie 3LCD, sa qualit\u00e9 exceptionnelle g\u00e9n\u00e8re des images jusqu\u2019\u00e0 trois fois plus lumineuses que les images des produits concurrents.<\/div>\n<div><\/div>\n<div>Outre ses couleurs lumineuses et \u00e9clatantes, son taux de contraste de 16\u00a0000:1 offre des zones d\u2019ombres clairement d\u00e9finies et des noirs profonds. Famille, amis, coll\u00e8gues ou clients, vous captiverez votre public \u00e0 coup s\u00fbr.<\/p>\n<p><strong>Des images lumineuses de haute qualit\u00e9<\/strong><br \/>\nM\u00eame dans une pi\u00e8ce lumineuse, ce projecteur Full HD, \u00e0 la fois tr\u00e8s performant et b\u00e9n\u00e9ficiant d\u2019un prix attractif, restitue des images extr\u00eamement lumineuses et color\u00e9es, avec des d\u00e9tails tr\u00e8s nets.<\/div>\n<div><\/div>\n<div>Tout cela est rendu possible gr\u00e2ce \u00e0 la technologie\u00a03LCD, qui garantit des images avec des niveaux \u00e9quivalents de luminosit\u00e9 blanche et couleur, \u00e0 3\u00a0500\u00a0lumens.<\/p>\n<p><strong>Une solution durable<\/strong><br \/>\nVous \u00eates \u00e0 la recherche d\u2019une solution de projection \u00e9conomique, simple et durable\u00a0? Avec sa source lumineuse longue dur\u00e9e, ce mod\u00e8le vous offre l\u2019\u00e9quivalent de 18\u00a0ans de divertissement\u00b2.<\/p>\n<p><strong>Une configuration simple<\/strong><br \/>\nVoici un projecteur con\u00e7u dans un souci de portabilit\u00e9 et de rapidit\u00e9 d\u2019installation. La housse de transport facilite les d\u00e9placements d\u2019une pi\u00e8ce \u00e0 l\u2019autre. L\u2019image peut \u00eatre rapidement positionn\u00e9e avec la correction du trap\u00e8ze et l\u2019acc\u00e8s au contenu est facilit\u00e9 par les entr\u00e9es\u00a0HDMI.<\/div>\n<div><\/div>\n<h4><a href=\"http:\/\/EPSON EB-FH06 Vid\u00e9oprojecteur Full HD 1080p V11H974040\">FICHE TECHNIQUE EPSON EB-FH06<\/a><\/h4>\n","protected":false},"excerpt":{"rendered":"<p>R\u00e9solution: Full HD (1920 x 1080)<br \/>\nLuminosit\u00e9: 3.500 lumen- 2.300 lumen (\u00e9conomie)<br \/>\nRapport de contraste: 16.000 : 1<br \/>\nUHE, 210 W, 6.000 h Long\u00e9vit\u00e9, 12.000 h Long\u00e9vit\u00e9 (en mode \u00e9conomique)<br \/>\nRapport de projection: 1,22 &#8211; 1,47:1<br \/>\nTaille de l&#8217;image: 34 pouces &#8211; 332 pouces<br \/>\nSyst\u00e8me de projection: Technologie 3LCD, Obturateur RVB \u00e0 cristaux liquides<br \/>\nHaut parleur : 2 W<br \/>\nPoids: 2,7 kg<br \/>\nConnexions: USB 2.0-A, USB 2.0, R\u00e9seau local sans fil IEEE 802.11b\/g\/n (WiFi 4) (en option), Entr\u00e9e VGA, Entr\u00e9e HDMI (2x), Entr\u00e9e composite<\/p>\n","protected":false},"featured_media":13052,"comment_status":"open","ping_status":"closed","template":"","meta":{"_acf_changed":false,"_monsterinsights_skip_tracking":false,"_monsterinsights_sitenote_active":false,"_monsterinsights_sitenote_note":"","_monsterinsights_sitenote_category":0,"_uf_show_specific_survey":0,"_uf_disable_surveys":false,"_joinchat":[]},"product_brand":[],"product_cat":[274,244,340],"product_tag":[],"class_list":{"0":"post-13051","1":"product","2":"type-product","3":"status-publish","4":"has-post-thumbnail","6":"product_cat-videoprojecteur-ecran","7":"product_cat-image-son","8":"product_cat-videoprojecteur","10":"first","11":"instock","12":"sale","13":"shipping-taxable","14":"purchasable","15":"product-type-simple"},"acf":[],"jetpack_sharing_enabled":true,"_links":{"self":[{"href":"https:\/\/digistar.ma\/index.php?rest_route=\/wp\/v2\/product\/13051","targetHints":{"allow":["GET"]}}],"collection":[{"href":"https:\/\/digistar.ma\/index.php?rest_route=\/wp\/v2\/product"}],"about":[{"href":"https:\/\/digistar.ma\/index.php?rest_route=\/wp\/v2\/types\/product"}],"replies":[{"embeddable":true,"href":"https:\/\/digistar.ma\/index.php?rest_route=%2Fwp%2Fv2%2Fcomments&post=13051"}],"version-history":[{"count":1,"href":"https:\/\/digistar.ma\/index.php?rest_route=\/wp\/v2\/product\/13051\/revisions"}],"predecessor-version":[{"id":13059,"href":"https:\/\/digistar.ma\/index.php?rest_route=\/wp\/v2\/product\/13051\/revisions\/13059"}],"wp:featuredmedia":[{"embeddable":true,"href":"https:\/\/digistar.ma\/index.php?rest_route=\/wp\/v2\/media\/13052"}],"wp:attachment":[{"href":"https:\/\/digistar.ma\/index.php?rest_route=%2Fwp%2Fv2%2Fmedia&parent=13051"}],"wp:term":[{"taxonomy":"product_brand","embeddable":true,"href":"https:\/\/digistar.ma\/index.php?rest_route=%2Fwp%2Fv2%2Fproduct_brand&post=13051"},{"taxonomy":"product_cat","embeddable":true,"href":"https:\/\/digistar.ma\/index.php?rest_route=%2Fwp%2Fv2%2Fproduct_cat&post=13051"},{"taxonomy":"product_tag","embeddable":true,"href":"https:\/\/digistar.ma\/index.php?rest_route=%2Fwp%2Fv2%2Fproduct_tag&post=13051"}],"curies":[{"name":"wp","href":"https:\/\/api.w.org\/{rel}","templated":true}]}}