{"id":13096,"date":"2024-08-25T18:00:22","date_gmt":"2024-08-25T18:00:22","guid":{"rendered":"https:\/\/digistar.ma\/?post_type=product&#038;p=13096"},"modified":"2024-08-25T18:00:22","modified_gmt":"2024-08-25T18:00:22","slug":"epson-eb-725wi-videoprojecteur-collaboratif-interactif-laser-wxga-v11h998040","status":"publish","type":"product","link":"https:\/\/digistar.ma\/?product=epson-eb-725wi-videoprojecteur-collaboratif-interactif-laser-wxga-v11h998040","title":{"rendered":"EPSON EB-725Wi Vid\u00e9oprojecteur collaboratif interactif Laser WXGA V11H998040"},"content":{"rendered":"<h3>EPSON EB-725Wi Vid\u00e9oprojecteur collaboratif interactif Laser WXGA V11H998040<\/h3>\n<h2 class=\"h2-master\">Projection laser, r\u00e9solution WXGA et interactivit\u00e9<\/h2>\n<section>Avec le\u00a0<strong>vid\u00e9oprojecteur interactif EB-725Wi<\/strong>\u00a0sign\u00e9\u00a0<strong>Epson<\/strong>, vous avez \u00e0 votre disposition un environnement id\u00e9al pour l&#8217;apprentissage ou le travail collaboratif.<\/p>\n<p>Cette solution tout-en-un se montre performante avec sa projection laser, une luminosit\u00e9 et un contraste exceptionnels et une connectique compl\u00e8te. Optimisez au maximum vos pr\u00e9sentations et gagnez en efficacit\u00e9 avec cette installation parfaitement adapt\u00e9e au partage, \u00e0 la r\u00e9flexion collective et aux \u00e9changes.<br \/>\n<\/section>\n<section>\n<div class=\"desc-image\"><img decoding=\"async\" src=\"https:\/\/media.ldlc.com\/bo\/images\/fiches\/videoprojecteur\/epson\/eb-725wi\/videoprojecteur_interactif.jpg\" alt=\"\" \/><\/div>\n<div class=\"desc-text\">\n<h2>Projection laser WXGA<\/h2>\n<p>En associant les\u00a0<strong>technologies 3LCD et laser<\/strong>, le vid\u00e9oprojecteur Epson EB-725Wi vous assure une projection de qualit\u00e9, durable et efficace.<\/p>\n<p><strong>Jusqu&#8217;\u00e0 30 000 heures d&#8217;utilisation<\/strong>\u00a0(mode Eco) vous attendent pour accompagner id\u00e9alement vos pr\u00e9sentations ou expos\u00e9s. De plus, ce mod\u00e8le\u00a0WXGA poss\u00e8de une\u00a0<strong>focale ultra-courte<\/strong>\u00a0pour une installation optimis\u00e9e et des interactions confortables.<\/p>\n<p>Oubliez les ombres de l&#8217;intervenant devant la source lumineuse et appr\u00e9ciez un environnement de travail parfaitement adapt\u00e9. En outre, le vid\u00e9oprojecteur EB-725Wi poss\u00e8de d&#8217;excellentes caract\u00e9ristiques avec une\u00a0<strong>luminosit\u00e9 de 4000 Lumens<\/strong>\u00a0et un taux de contraste de 2 500 000:1.<\/p>\n<\/div>\n<\/section>\n<section>\n<div class=\"desc-text\">\n<h2>Travail collaboratif avec fonctions interactives<\/h2>\n<p>Pens\u00e9 pour la collaboration,\u00a0<strong>le vid\u00e9oprojecteur Epson EB-725Wi est interactif<\/strong>\u00a0et propose une fonctionnalit\u00e9 tactile (en option). Les stylets interactifs inclus se montreront pratiques pour annoter ou faire participer votre auditoire.<\/p>\n<p>Vous retrouverez \u00e9galement une solution pour le\u00a0<strong>partage d&#8217;\u00e9cran avec 4 sources vid\u00e9o<\/strong>\u00a0sur un seul et m\u00eame \u00e9cran.<\/p>\n<p>Et pour une exp\u00e9rience interactive compl\u00e8te, l&#8217;application iProjection offre un contr\u00f4le collaboratif et une connectivit\u00e9 sans fil via plusieurs appareils.<\/p>\n<p>EPSON EB-725Wi Vid\u00e9oprojecteur collaboratif interactif Laser WXGA V11H998040 r\u00e9pondra \u00e0 tous vos besoins avec <strong>Wi-Fi et Miracast\u00a0<\/strong>et en proposant une connectique compl\u00e8te. Parmi les connecteurs disponibles, on retrouve ainsi\u00a0<strong>3 entr\u00e9es HDMI<\/strong>, 2 entr\u00e9es VGA, 4 ports USB, un port S\u00e9rie et un port Ethernet.<\/p>\n<\/div>\n<div class=\"desc-image\"><img decoding=\"async\" src=\"https:\/\/media.ldlc.com\/bo\/images\/fiches\/videoprojecteur\/epson\/eb-725wi\/connectique.jpg\" alt=\"\" \/><\/div>\n<\/section>\n","protected":false},"excerpt":{"rendered":"<ul>\n<li><strong>Vid\u00e9oprojecteur interactif WXGA<\/strong><\/li>\n<li>Technologie 3LCD<\/li>\n<li><strong>Source lumineuse laser<\/strong>\u00a0: dur\u00e9e de vie jusqu&#8217;\u00e0 30 000 heures (mode Eco)<\/li>\n<li>Luminosit\u00e9 : 4000 Lumens<\/li>\n<li><strong>Focale ultra-courte<\/strong><\/li>\n<li><b>Stylets interactifs avec embouts inclus<\/b><\/li>\n<li>Interface tactile et interface multi-touches en option<\/li>\n<li>Application iProjection : connectivit\u00e9 et contr\u00f4le collaboratif sans fil via plusieurs appareils (Windows et iOS)<\/li>\n<li>Connectiques : HDMI\u00a0\/ VGA\u00a0\/ USB \/ S\u00e9rie \/ Fast Ethernet<\/li>\n<li>Fonctionnalit\u00e9 sans fil Wi-Fi avec Miracast (via module optionnel ELPAP11)<\/li>\n<li>Puissance sonore : 1\u00a0x 16\u00a0Watts<\/li>\n<\/ul>\n","protected":false},"featured_media":13097,"comment_status":"open","ping_status":"closed","template":"","meta":{"_acf_changed":false,"_monsterinsights_skip_tracking":false,"_monsterinsights_sitenote_active":false,"_monsterinsights_sitenote_note":"","_monsterinsights_sitenote_category":0,"_uf_show_specific_survey":0,"_uf_disable_surveys":false,"_joinchat":[]},"product_brand":[],"product_cat":[244,340,274],"product_tag":[],"class_list":{"0":"post-13096","1":"product","2":"type-product","3":"status-publish","4":"has-post-thumbnail","6":"product_cat-image-son","7":"product_cat-videoprojecteur","8":"product_cat-videoprojecteur-ecran","10":"first","11":"instock","12":"sale","13":"shipping-taxable","14":"purchasable","15":"product-type-simple"},"acf":[],"jetpack_sharing_enabled":true,"_links":{"self":[{"href":"https:\/\/digistar.ma\/index.php?rest_route=\/wp\/v2\/product\/13096","targetHints":{"allow":["GET"]}}],"collection":[{"href":"https:\/\/digistar.ma\/index.php?rest_route=\/wp\/v2\/product"}],"about":[{"href":"https:\/\/digistar.ma\/index.php?rest_route=\/wp\/v2\/types\/product"}],"replies":[{"embeddable":true,"href":"https:\/\/digistar.ma\/index.php?rest_route=%2Fwp%2Fv2%2Fcomments&post=13096"}],"version-history":[{"count":1,"href":"https:\/\/digistar.ma\/index.php?rest_route=\/wp\/v2\/product\/13096\/revisions"}],"predecessor-version":[{"id":13102,"href":"https:\/\/digistar.ma\/index.php?rest_route=\/wp\/v2\/product\/13096\/revisions\/13102"}],"wp:featuredmedia":[{"embeddable":true,"href":"https:\/\/digistar.ma\/index.php?rest_route=\/wp\/v2\/media\/13097"}],"wp:attachment":[{"href":"https:\/\/digistar.ma\/index.php?rest_route=%2Fwp%2Fv2%2Fmedia&parent=13096"}],"wp:term":[{"taxonomy":"product_brand","embeddable":true,"href":"https:\/\/digistar.ma\/index.php?rest_route=%2Fwp%2Fv2%2Fproduct_brand&post=13096"},{"taxonomy":"product_cat","embeddable":true,"href":"https:\/\/digistar.ma\/index.php?rest_route=%2Fwp%2Fv2%2Fproduct_cat&post=13096"},{"taxonomy":"product_tag","embeddable":true,"href":"https:\/\/digistar.ma\/index.php?rest_route=%2Fwp%2Fv2%2Fproduct_tag&post=13096"}],"curies":[{"name":"wp","href":"https:\/\/api.w.org\/{rel}","templated":true}]}}