{"id":13329,"date":"2024-10-15T22:25:13","date_gmt":"2024-10-15T22:25:13","guid":{"rendered":"https:\/\/digistar.ma\/?post_type=product&#038;p=13329"},"modified":"2025-03-18T20:27:28","modified_gmt":"2025-03-18T20:27:28","slug":"telephone-filaire-professionnel-alcatel-temporis-880","status":"publish","type":"product","link":"https:\/\/digistar.ma\/?product=telephone-filaire-professionnel-alcatel-temporis-880","title":{"rendered":"T\u00e9l\u00e9phone filaire professionnel Alcatel Temporis 880"},"content":{"rendered":"<h3>T\u00e9l\u00e9phone filaire professionnel Alcatel Temporis 880<\/h3>\n<p>Le t\u00e9l\u00e9phone professionnel Alcatel Temporis 880 est un dispositif de communication\u00a0<strong>performant<\/strong>\u00a0qui vous permettra de g\u00e9rer efficacement vos appels tout au long de vos journ\u00e9es de travail.<\/p>\n<p>Tr\u00e8s pratique, vous pourrez l&#8217;utiliser de\u00a0<strong>3 fa\u00e7ons diff\u00e9rentes<\/strong>\u00a0: de mani\u00e8re traditionnelle via le\u00a0<strong>combin\u00e9<\/strong>, en mode\u00a0<strong>haut-parleur<\/strong>\u00a0pour vos conf\u00e9rences ou avec un\u00a0<strong>casque<\/strong>\u00a0pour plus de confort. Il s&#8217;adapte ainsi \u00e0 tous les besoins et les pr\u00e9f\u00e9rences des professionnels.<\/p>\n<p>Les multiples fonctionnalit\u00e9s dont dispose ce t\u00e9l\u00e9phone vous permettront de g\u00e9rer facilement et rapidement vos appels. Parmi ces derni\u00e8res, on retrouve notamment la\u00a0<strong>touche BIS<\/strong>\u00a0pour rappeler le dernier num\u00e9ro, la\u00a0<strong>fonction mute<\/strong>\u00a0pour couper momentan\u00e9ment le micro ou encore les\u00a0<strong>10 touches &#8220;m\u00e9moire&#8221;<\/strong>\u00a0vous permettant d&#8217;enregistrer vos num\u00e9ros favoris ou fr\u00e9quents.<\/p>\n<p>Le Temporis 880 est \u00e9galement \u00e9quip\u00e9 d&#8217;une<strong>\u00a0prise casque<\/strong>\u00a0et d&#8217;un\u00a0<strong>bouton d\u00e9di\u00e9<\/strong>\u00a0qui vous permettra, d&#8217;un simple clic, de prendre directement un appel sur votre casque.<\/p>\n<p>Plus important encore, ce t\u00e9l\u00e9phone Alcatel Temporis 880 dispose d&#8217;un\u00a0<strong>\u00e9cran \u00e0 affichage noir et blanc<\/strong>\u00a0fonctionnant sur\u00a0<strong>4 lignes<\/strong>\u00a0afin de vous afficher le\u00a0<strong>num\u00e9ro de l&#8217;appelant<\/strong>, la\u00a0<strong>dur\u00e9e de l&#8217;appel<\/strong>, la\u00a0<strong>date<\/strong>\u00a0et\u00a0<strong>l&#8217;heure<\/strong>\u00a0du jour.<\/p>\n<p>Avec le t\u00e9l\u00e9phone Alcatel Temporis 880, vous \u00eates certains de ne manquer aucune information importante. En effet, ce dernier est dot\u00e9 d&#8217;un<strong>\u00a0t\u00e9moin lumineux<\/strong>\u00a0qui vous permet d&#8217;\u00eatre notifi\u00e9s lors d&#8217;<strong>appels entrants<\/strong>, mais qui vous signale \u00e9galement la pr\u00e9sence de\u00a0<strong>messages en attente<\/strong>\u00a0sur votre t\u00e9l\u00e9phone.<\/p>\n<p>Enfin, vous pouvez brancher ce poste directement sur une\u00a0<strong>ligne analogique<\/strong>\u00a0raccord\u00e9e au r\u00e9seau\u00a0<strong>France T\u00e9l\u00e9com<\/strong>, sur la\u00a0<strong>ligne analogique<\/strong>\u00a0de votre\u00a0<strong>standard t\u00e9l\u00e9phonique<\/strong>\u00a0(quelque soit la marque) ou\u00a0<strong>derri\u00e8re une box ADSL.<\/strong><\/p>\n<p><a href=\"https:\/\/digistar.ma\/wp-content\/uploads\/2024\/10\/Telephone-filaire-professionnel-Alcatel-Temporis-880.pdf\"><strong>FICHE TECHNIQUE PRODUIT<\/strong><\/a><\/p>\n","protected":false},"excerpt":{"rendered":"<ul>\n<li>T\u00e9l\u00e9phone de bureau professionnel avec \u00e9cran<\/li>\n<li>Affichage en noir et blanc sur 4 lignes<\/li>\n<li>3 modes d&#8217;utilisation : via le combin\u00e9, en haut-parleur ou avec un casque<\/li>\n<li>10 touches &#8220;m\u00e9moire&#8221; pour enregistrer vos num\u00e9ros fr\u00e9quents<\/li>\n<li>Touche BIS pour rappeler le dernier num\u00e9ro<\/li>\n<li>Fonction mute pour couper momentan\u00e9ment le micro<\/li>\n<li>T\u00e9moin lumineux : visualisez les appels entrants et les messages en attente<\/li>\n<li>Capacit\u00e9 du r\u00e9pertoire : 170 contacts<\/li>\n<li>Produit disposant de 4 sonneries r\u00e9glables sur 3 niveaux<\/li>\n<li>Possibilit\u00e9 de r\u00e9gler le volume sur 4 niveaux<\/li>\n<li>R\u00e9glage du volume mains libres sur 8 niveaux<\/li>\n<li>Possibilit\u00e9 de verrouiller le clavier<\/li>\n<li>Touche R et touches d&#8217;acc\u00e8s direct aux services op\u00e9rateurs<\/li>\n<li>Temps de Flashing : 100, 285, 600ms<\/li>\n<li>Cordon de ligne d\u00e9tachable : RJ11<\/li>\n<li>Produit auto-aliment\u00e9 par la ligne t\u00e9l\u00e9phonique<\/li>\n<li>Fixation murale possible<\/li>\n<li>Dimensions du t\u00e9l\u00e9phone : 350 x 268 x 59mm<\/li>\n<li>Poids : 1004g<\/li>\n<li>Couleur : noir<\/li>\n<\/ul>\n","protected":false},"featured_media":13331,"comment_status":"open","ping_status":"closed","template":"","meta":{"_acf_changed":false,"_monsterinsights_skip_tracking":false,"_monsterinsights_sitenote_active":false,"_monsterinsights_sitenote_note":"","_monsterinsights_sitenote_category":0,"_uf_show_specific_survey":0,"_uf_disable_surveys":false,"_joinchat":[]},"product_brand":[],"product_cat":[246],"product_tag":[],"class_list":{"0":"post-13329","1":"product","2":"type-product","3":"status-publish","4":"has-post-thumbnail","6":"product_cat-peripherique","8":"first","9":"instock","10":"sale","11":"shipping-taxable","12":"purchasable","13":"product-type-simple"},"acf":[],"jetpack_sharing_enabled":true,"_links":{"self":[{"href":"https:\/\/digistar.ma\/index.php?rest_route=\/wp\/v2\/product\/13329","targetHints":{"allow":["GET"]}}],"collection":[{"href":"https:\/\/digistar.ma\/index.php?rest_route=\/wp\/v2\/product"}],"about":[{"href":"https:\/\/digistar.ma\/index.php?rest_route=\/wp\/v2\/types\/product"}],"replies":[{"embeddable":true,"href":"https:\/\/digistar.ma\/index.php?rest_route=%2Fwp%2Fv2%2Fcomments&post=13329"}],"version-history":[{"count":1,"href":"https:\/\/digistar.ma\/index.php?rest_route=\/wp\/v2\/product\/13329\/revisions"}],"predecessor-version":[{"id":13334,"href":"https:\/\/digistar.ma\/index.php?rest_route=\/wp\/v2\/product\/13329\/revisions\/13334"}],"wp:featuredmedia":[{"embeddable":true,"href":"https:\/\/digistar.ma\/index.php?rest_route=\/wp\/v2\/media\/13331"}],"wp:attachment":[{"href":"https:\/\/digistar.ma\/index.php?rest_route=%2Fwp%2Fv2%2Fmedia&parent=13329"}],"wp:term":[{"taxonomy":"product_brand","embeddable":true,"href":"https:\/\/digistar.ma\/index.php?rest_route=%2Fwp%2Fv2%2Fproduct_brand&post=13329"},{"taxonomy":"product_cat","embeddable":true,"href":"https:\/\/digistar.ma\/index.php?rest_route=%2Fwp%2Fv2%2Fproduct_cat&post=13329"},{"taxonomy":"product_tag","embeddable":true,"href":"https:\/\/digistar.ma\/index.php?rest_route=%2Fwp%2Fv2%2Fproduct_tag&post=13329"}],"curies":[{"name":"wp","href":"https:\/\/api.w.org\/{rel}","templated":true}]}}