{"id":13350,"date":"2024-10-15T23:07:06","date_gmt":"2024-10-15T23:07:06","guid":{"rendered":"https:\/\/digistar.ma\/?post_type=product&#038;p=13350"},"modified":"2025-02-04T17:21:16","modified_gmt":"2025-02-04T17:21:16","slug":"telephone-alcatel-t56-ce-noir","status":"publish","type":"product","link":"https:\/\/digistar.ma\/?product=telephone-alcatel-t56-ce-noir","title":{"rendered":"T\u00e9l\u00e9phone Alcatel T56 CE Noir"},"content":{"rendered":"<h3>T\u00e9l\u00e9phone Alcatel T56 CE Noir<\/h3>\n<div>Avec le<strong>\u00a0t\u00e9l\u00e9phone filaire Alcatel Temporis T56<\/strong>, t\u00e9l\u00e9phonez en toute simplicit\u00e9 gr\u00e2ce notamment \u00e0 la fonction mains-libre. Facile d\u2019utilisation et tr\u00e8s convivial, il poss\u00e8de un grand \u00e9cran qui vous permet de voir imm\u00e9diatement qui vous appelle.<\/div>\n<div><\/div>\n<div>\n<p>Il poss\u00e8de de nombreuses fonctions pratiques tel que la fonction mains-libres mais \u00e9galement 4 touches de m\u00e9moires directes et 10 m\u00e9moires de 2-touches pour appeler facilement vos num\u00e9ros privil\u00e9gi\u00e9s.<\/p>\n<p>Simple et tr\u00e8s polyvalent, le\u00a0<strong>T56\u00a0<\/strong>est \u00e9galement \u00e9cologique. En effet, il fonctionne sans batterie ni alimentation secteur car il est aliment\u00e9 directement par la ligne t\u00e9l\u00e9phonique !<\/p>\n<p><strong>Principales caract\u00e9ristiques :\u00a0<\/strong><\/p>\n<\/div>\n<ul>\n<li>T\u00e9l\u00e9phone filaire polyvalent<\/li>\n<li>Grand \u00e9cran avec de grands caract\u00e8res pour une bonne lisibilit\u00e9<\/li>\n<li>Convivialit\u00e9 du mains-libres pour partager vos conversations<\/li>\n<li>4 touches de m\u00e9moires directes et 10 m\u00e9moires de 2-touches<\/li>\n<li>alimentation par ligne t\u00e9l\u00e9phonique<\/li>\n<\/ul>\n","protected":false},"excerpt":{"rendered":"<ul>\n<li>T\u00e9l\u00e9phone filaire polyvalent<\/li>\n<li>Grand \u00e9cran avec de grands caract\u00e8res pour une bonne lisibilit\u00e9<\/li>\n<li>Convivialit\u00e9 du mains-libres pour partager vos conversations<\/li>\n<li>4 touches de m\u00e9moires directes et 10 m\u00e9moires de 2-touches<\/li>\n<li>alimentation par ligne t\u00e9l\u00e9phonique<\/li>\n<\/ul>\n","protected":false},"featured_media":13351,"comment_status":"open","ping_status":"closed","template":"","meta":{"_acf_changed":false,"_monsterinsights_skip_tracking":false,"_monsterinsights_sitenote_active":false,"_monsterinsights_sitenote_note":"","_monsterinsights_sitenote_category":0,"_uf_show_specific_survey":0,"_uf_disable_surveys":false,"_joinchat":[]},"product_brand":[],"product_cat":[246],"product_tag":[],"class_list":{"0":"post-13350","1":"product","2":"type-product","3":"status-publish","4":"has-post-thumbnail","6":"product_cat-peripherique","8":"first","9":"instock","10":"sale","11":"shipping-taxable","12":"purchasable","13":"product-type-simple"},"acf":[],"jetpack_sharing_enabled":true,"_links":{"self":[{"href":"https:\/\/digistar.ma\/index.php?rest_route=\/wp\/v2\/product\/13350","targetHints":{"allow":["GET"]}}],"collection":[{"href":"https:\/\/digistar.ma\/index.php?rest_route=\/wp\/v2\/product"}],"about":[{"href":"https:\/\/digistar.ma\/index.php?rest_route=\/wp\/v2\/types\/product"}],"replies":[{"embeddable":true,"href":"https:\/\/digistar.ma\/index.php?rest_route=%2Fwp%2Fv2%2Fcomments&post=13350"}],"version-history":[{"count":2,"href":"https:\/\/digistar.ma\/index.php?rest_route=\/wp\/v2\/product\/13350\/revisions"}],"predecessor-version":[{"id":13353,"href":"https:\/\/digistar.ma\/index.php?rest_route=\/wp\/v2\/product\/13350\/revisions\/13353"}],"wp:featuredmedia":[{"embeddable":true,"href":"https:\/\/digistar.ma\/index.php?rest_route=\/wp\/v2\/media\/13351"}],"wp:attachment":[{"href":"https:\/\/digistar.ma\/index.php?rest_route=%2Fwp%2Fv2%2Fmedia&parent=13350"}],"wp:term":[{"taxonomy":"product_brand","embeddable":true,"href":"https:\/\/digistar.ma\/index.php?rest_route=%2Fwp%2Fv2%2Fproduct_brand&post=13350"},{"taxonomy":"product_cat","embeddable":true,"href":"https:\/\/digistar.ma\/index.php?rest_route=%2Fwp%2Fv2%2Fproduct_cat&post=13350"},{"taxonomy":"product_tag","embeddable":true,"href":"https:\/\/digistar.ma\/index.php?rest_route=%2Fwp%2Fv2%2Fproduct_tag&post=13350"}],"curies":[{"name":"wp","href":"https:\/\/api.w.org\/{rel}","templated":true}]}}