{"id":13365,"date":"2024-10-17T21:04:43","date_gmt":"2024-10-17T21:04:43","guid":{"rendered":"https:\/\/digistar.ma\/?post_type=product&#038;p=13365"},"modified":"2024-10-17T21:06:44","modified_gmt":"2024-10-17T21:06:44","slug":"clickshare-button-barco-usb-c","status":"publish","type":"product","link":"https:\/\/digistar.ma\/?product=clickshare-button-barco-usb-c","title":{"rendered":"ClickShare Button Barco USB-C"},"content":{"rendered":"<h3>ClickShare Button Barco USB-C<\/h3>\n<h2>R\u00e9volutionnez vos r\u00e9unions et conf\u00e9rences sans fil<\/h2>\n<p>Gr\u00e2ce au\u00a0<strong>Barco ClickShare Button<\/strong>, vous allez pouvoir vous connecter automatiquement \u00e0 l&#8217;ensemble de vos \u00e9quipements (cam\u00e9ras, barre de son, p\u00e9riph\u00e9riques USB) pour commencer votre conf\u00e9rence \u00e0 distance dans les meilleures conditions.<\/p>\n<p>Il se branche facilement \u00e0 votre ordinateur ou appareil mobile depuis son connecteur USB-C.<\/p>\n<p>Simplifiez vos r\u00e9unions avec le ClickShare Button Barco USB-C (R9861600D01C), un outil essentiel pour les entreprises cherchant \u00e0 optimiser leur collaboration. Ce dispositif USB-C vous permet de connecter instantan\u00e9ment votre ordinateur \u00e0 un \u00e9cran partag\u00e9 en un seul clic.<\/p>\n<p>Gr\u00e2ce \u00e0 une technologie de connectivit\u00e9 sans fil avanc\u00e9e, partagez facilement des vid\u00e9os et de l&#8217;audio en haute qualit\u00e9. Que vous soyez en salle de conf\u00e9rence ou en travail collaboratif \u00e0 distance, le ClickShare assure une exp\u00e9rience de r\u00e9union fluide et professionnelle.<\/p>\n<p>Con\u00e7u pour offrir une compatibilit\u00e9 universelle, il fonctionne avec la majorit\u00e9 des appareils et syst\u00e8mes d&#8217;exploitation modernes, r\u00e9duisant ainsi les contraintes techniques pendant vos r\u00e9unions.<\/p>\n<p>Avec sa conception compacte et intuitive, le ClickShare Button vous permet de gagner du temps, de favoriser l&#8217;engagement et de dynamiser vos pr\u00e9sentations avec une solution simple et efficace.<\/p>\n<p><strong>Caract\u00e9ristiques principales :<\/strong><\/p>\n<ul>\n<li>Bouton de conf\u00e9rence<\/li>\n<li>Connecteur USB-C<\/li>\n<li>Pour syst\u00e8mes ClickShare CX-20 \/ CX-30 \/ CX-50<\/li>\n<\/ul>\n","protected":false},"excerpt":{"rendered":"<ul>\n<li>Bouton de conf\u00e9rence<\/li>\n<li>Connecteur USB-C<\/li>\n<li>Pour syst\u00e8mes ClickShare CX-20 \/ CX-30 \/ CX-50<\/li>\n<\/ul>\n","protected":false},"featured_media":13366,"comment_status":"open","ping_status":"closed","template":"","meta":{"_acf_changed":false,"_monsterinsights_skip_tracking":false,"_monsterinsights_sitenote_active":false,"_monsterinsights_sitenote_note":"","_monsterinsights_sitenote_category":0,"_uf_show_specific_survey":0,"_uf_disable_surveys":false,"_joinchat":[]},"product_brand":[],"product_cat":[246],"product_tag":[],"class_list":{"0":"post-13365","1":"product","2":"type-product","3":"status-publish","4":"has-post-thumbnail","6":"product_cat-peripherique","8":"first","9":"instock","10":"sale","11":"shipping-taxable","12":"purchasable","13":"product-type-simple"},"acf":[],"jetpack_sharing_enabled":true,"_links":{"self":[{"href":"https:\/\/digistar.ma\/index.php?rest_route=\/wp\/v2\/product\/13365","targetHints":{"allow":["GET"]}}],"collection":[{"href":"https:\/\/digistar.ma\/index.php?rest_route=\/wp\/v2\/product"}],"about":[{"href":"https:\/\/digistar.ma\/index.php?rest_route=\/wp\/v2\/types\/product"}],"replies":[{"embeddable":true,"href":"https:\/\/digistar.ma\/index.php?rest_route=%2Fwp%2Fv2%2Fcomments&post=13365"}],"version-history":[{"count":1,"href":"https:\/\/digistar.ma\/index.php?rest_route=\/wp\/v2\/product\/13365\/revisions"}],"predecessor-version":[{"id":13367,"href":"https:\/\/digistar.ma\/index.php?rest_route=\/wp\/v2\/product\/13365\/revisions\/13367"}],"wp:featuredmedia":[{"embeddable":true,"href":"https:\/\/digistar.ma\/index.php?rest_route=\/wp\/v2\/media\/13366"}],"wp:attachment":[{"href":"https:\/\/digistar.ma\/index.php?rest_route=%2Fwp%2Fv2%2Fmedia&parent=13365"}],"wp:term":[{"taxonomy":"product_brand","embeddable":true,"href":"https:\/\/digistar.ma\/index.php?rest_route=%2Fwp%2Fv2%2Fproduct_brand&post=13365"},{"taxonomy":"product_cat","embeddable":true,"href":"https:\/\/digistar.ma\/index.php?rest_route=%2Fwp%2Fv2%2Fproduct_cat&post=13365"},{"taxonomy":"product_tag","embeddable":true,"href":"https:\/\/digistar.ma\/index.php?rest_route=%2Fwp%2Fv2%2Fproduct_tag&post=13365"}],"curies":[{"name":"wp","href":"https:\/\/api.w.org\/{rel}","templated":true}]}}