{"id":13449,"date":"2024-10-26T22:36:09","date_gmt":"2024-10-26T22:36:09","guid":{"rendered":"https:\/\/digistar.ma\/?post_type=product&#038;p=13449"},"modified":"2024-10-26T22:36:10","modified_gmt":"2024-10-26T22:36:10","slug":"telephone-filaire-gigaset-desk-200-noir","status":"publish","type":"product","link":"https:\/\/digistar.ma\/?product=telephone-filaire-gigaset-desk-200-noir","title":{"rendered":"T\u00e9l\u00e9phone filaire Gigaset Desk 200 Noir"},"content":{"rendered":"<h3>T\u00e9l\u00e9phone filaire Gigaset Desk 200 Noir<\/h3>\n<h2 class=\"h2-master\">Un t\u00e9l\u00e9phone aux fonctions essentielles<\/h2>\n<section>Le\u00a0<strong>Gigaset Desk 200<\/strong>\u00a0combine les fonctions t\u00e9l\u00e9phoniques les plus importantes avec un design particuli\u00e8rement compact. Il peut donc \u00eatre utilis\u00e9 comme t\u00e9l\u00e9phone de bureau peu encombrant ou \u00eatre fix\u00e9 sur un\u00a0mur.<\/p>\n<\/section>\n<section>\n<div class=\"desc-image\"><img decoding=\"async\" src=\"https:\/\/media.ldlc.com\/bo\/images\/fiches\/telephone_fixe\/gigaset\/Desk_200\/1.jpg\" alt=\"\" \/><\/div>\n<div class=\"desc-text\">\n<h2>Une utilisation simple<\/h2>\n<p><strong>Vous pouvez enregistrer jusqu&#8217;\u00e0 dix num\u00e9ros de t\u00e9l\u00e9phone en tant que num\u00e9ros abr\u00e9g\u00e9s<\/strong>, ce qui vous permet d&#8217;entrer rapidement en contact avec vos contacts favoris. Ceux ci peuvent \u00eatre not\u00e9s sur la fiche plac\u00e9es sur le socle et sont donc toujours \u00e0 port\u00e9e de main.<\/p>\n<p>Gr\u00e2ce \u00e0 la\u00a0<strong>touche Bis<\/strong>, vous pouvez rappeler votre dernier correspondant d&#8217;une simple pression sur un bouton. Le Gigaset Desk 200 dispose d&#8217;une touche Muet pour plus de confidentialit\u00e9.<\/p>\n<p>Fonction importante pour les personnes malentendantes :\u00a0<strong>le Gigaset Desk 200 est compatible avec les aides auditives<\/strong>.<\/p>\n<p><strong>La m\u00e9lodie et le volume sonore du Gigaset Desk 200 sont r\u00e9glables<\/strong>. Il est possible de s\u00e9lectionner trois sonneries diff\u00e9rentes, avec trois niveaux de volume diff\u00e9rents.<\/p>\n<p>De plus, la signalisation visuelle des appels via la LED du combin\u00e9 permet de ne manquer aucun appel, m\u00eame dans des environnements particuli\u00e8rement bruyants.<\/p>\n<\/div>\n<\/section>\n<section class=\"list\">\n<h2>Principales caract\u00e9ristiques :<\/h2>\n<ul>\n<li><b>T\u00e9l\u00e9phone filaire<\/b><\/li>\n<li>Volume r\u00e9glable (2-3 niveaux)<\/li>\n<li><b>10 touches num\u00e9riques<\/b><\/li>\n<li><b>Touche bis<\/b><\/li>\n<li>Montage mural<\/li>\n<li>Signalisation d&#8217;appel par LED<\/li>\n<li>Dimensions : 57 x 80 x 208 mm<\/li>\n<li>Poids : 352g<\/li>\n<\/ul>\n<\/section>\n","protected":false},"excerpt":{"rendered":"<ul>\n<li><b>T\u00e9l\u00e9phone filaire<\/b><\/li>\n<li>Volume r\u00e9glable (2-3 niveaux)<\/li>\n<li><b>10 touches num\u00e9riques<\/b><\/li>\n<li><b>Touche bis<\/b><\/li>\n<li>Montage mural<\/li>\n<li>Signalisation d&#8217;appel par LED<\/li>\n<li>Dimensions : 57 x 80 x 208 mm<\/li>\n<li>Poids : 352g<\/li>\n<\/ul>\n","protected":false},"featured_media":13450,"comment_status":"open","ping_status":"closed","template":"","meta":{"_acf_changed":false,"_monsterinsights_skip_tracking":false,"_monsterinsights_sitenote_active":false,"_monsterinsights_sitenote_note":"","_monsterinsights_sitenote_category":0,"_uf_show_specific_survey":0,"_uf_disable_surveys":false,"_joinchat":[]},"product_brand":[],"product_cat":[246,242],"product_tag":[],"class_list":{"0":"post-13449","1":"product","2":"type-product","3":"status-publish","4":"has-post-thumbnail","6":"product_cat-peripherique","7":"product_cat-telephonie","9":"first","10":"onbackorder","11":"sale","12":"shipping-taxable","13":"purchasable","14":"product-type-simple"},"acf":[],"jetpack_sharing_enabled":true,"_links":{"self":[{"href":"https:\/\/digistar.ma\/index.php?rest_route=\/wp\/v2\/product\/13449","targetHints":{"allow":["GET"]}}],"collection":[{"href":"https:\/\/digistar.ma\/index.php?rest_route=\/wp\/v2\/product"}],"about":[{"href":"https:\/\/digistar.ma\/index.php?rest_route=\/wp\/v2\/types\/product"}],"replies":[{"embeddable":true,"href":"https:\/\/digistar.ma\/index.php?rest_route=%2Fwp%2Fv2%2Fcomments&post=13449"}],"version-history":[{"count":1,"href":"https:\/\/digistar.ma\/index.php?rest_route=\/wp\/v2\/product\/13449\/revisions"}],"predecessor-version":[{"id":13457,"href":"https:\/\/digistar.ma\/index.php?rest_route=\/wp\/v2\/product\/13449\/revisions\/13457"}],"wp:featuredmedia":[{"embeddable":true,"href":"https:\/\/digistar.ma\/index.php?rest_route=\/wp\/v2\/media\/13450"}],"wp:attachment":[{"href":"https:\/\/digistar.ma\/index.php?rest_route=%2Fwp%2Fv2%2Fmedia&parent=13449"}],"wp:term":[{"taxonomy":"product_brand","embeddable":true,"href":"https:\/\/digistar.ma\/index.php?rest_route=%2Fwp%2Fv2%2Fproduct_brand&post=13449"},{"taxonomy":"product_cat","embeddable":true,"href":"https:\/\/digistar.ma\/index.php?rest_route=%2Fwp%2Fv2%2Fproduct_cat&post=13449"},{"taxonomy":"product_tag","embeddable":true,"href":"https:\/\/digistar.ma\/index.php?rest_route=%2Fwp%2Fv2%2Fproduct_tag&post=13449"}],"curies":[{"name":"wp","href":"https:\/\/api.w.org\/{rel}","templated":true}]}}