{"id":13503,"date":"2024-11-02T17:06:52","date_gmt":"2024-11-02T17:06:52","guid":{"rendered":"https:\/\/digistar.ma\/?post_type=product&#038;p=13503"},"modified":"2024-11-02T17:06:52","modified_gmt":"2024-11-02T17:06:52","slug":"support-mural-jabra-panacast-pour-camera-de-conference","status":"publish","type":"product","link":"https:\/\/digistar.ma\/?product=support-mural-jabra-panacast-pour-camera-de-conference","title":{"rendered":"Support mural Jabra PanaCast pour Cam\u00e9ra de Conf\u00e9rence"},"content":{"rendered":"<h3>Support mural Jabra PanaCast pour Cam\u00e9ra de Conf\u00e9rence<\/h3>\n<h2>Un syst\u00e8me de fixation murale\u00a0officiel Jabra pour installer\u00a0votre Jabra PanaCast de mani\u00e8re permanente<\/h2>\n<p>Pour installer votre\u00a0<strong>Jabra PanaCast\u00a0<\/strong>dans d&#8217;excellentes conditions voici un\u00a0<strong>syst\u00e8me de montage con\u00e7u pour fixer la Jabra PanaCast \u00e0 un mur<\/strong>. Ce syst\u00e8me de montage est id\u00e9al pour effectuer une installation permanente de votre PanaCast.<\/p>\n<p>Un support mural con\u00e7u pour maximiser la stabilit\u00e9 de votre Jabra PanaCast.<\/p>\n<p>Une solution fiable et professionnelle pour des r\u00e9unions sans interruptions.<\/p>\n<p>Installez votre cam\u00e9ra de mani\u00e8re fixe pour une qualit\u00e9 de visuel constante.<\/p>\n<p><strong>Caract\u00e9ristiques :<\/strong><\/p>\n<ul>\n<li>Syst\u00e8me de fixation murale<\/li>\n<li>Accessoire officiel Jabra<\/li>\n<li>Compatible : Jabra PanaCast<\/li>\n<li>Coloris : Noir<\/li>\n<\/ul>\n","protected":false},"excerpt":{"rendered":"<ul>\n<li>Syst\u00e8me de fixation murale<\/li>\n<li>Accessoire officiel Jabra<\/li>\n<li>Compatible : Jabra PanaCast<\/li>\n<li>Coloris : Noir<\/li>\n<\/ul>\n","protected":false},"featured_media":13504,"comment_status":"open","ping_status":"closed","template":"","meta":{"_acf_changed":false,"_monsterinsights_skip_tracking":false,"_monsterinsights_sitenote_active":false,"_monsterinsights_sitenote_note":"","_monsterinsights_sitenote_category":0,"_uf_show_specific_survey":0,"_uf_disable_surveys":false,"_joinchat":[]},"product_brand":[],"product_cat":[246,337],"product_tag":[],"class_list":{"0":"post-13503","1":"product","2":"type-product","3":"status-publish","4":"has-post-thumbnail","6":"product_cat-peripherique","7":"product_cat-visioconference","9":"first","10":"instock","11":"sale","12":"shipping-taxable","13":"purchasable","14":"product-type-simple"},"acf":[],"jetpack_sharing_enabled":true,"_links":{"self":[{"href":"https:\/\/digistar.ma\/index.php?rest_route=\/wp\/v2\/product\/13503","targetHints":{"allow":["GET"]}}],"collection":[{"href":"https:\/\/digistar.ma\/index.php?rest_route=\/wp\/v2\/product"}],"about":[{"href":"https:\/\/digistar.ma\/index.php?rest_route=\/wp\/v2\/types\/product"}],"replies":[{"embeddable":true,"href":"https:\/\/digistar.ma\/index.php?rest_route=%2Fwp%2Fv2%2Fcomments&post=13503"}],"version-history":[{"count":1,"href":"https:\/\/digistar.ma\/index.php?rest_route=\/wp\/v2\/product\/13503\/revisions"}],"predecessor-version":[{"id":13508,"href":"https:\/\/digistar.ma\/index.php?rest_route=\/wp\/v2\/product\/13503\/revisions\/13508"}],"wp:featuredmedia":[{"embeddable":true,"href":"https:\/\/digistar.ma\/index.php?rest_route=\/wp\/v2\/media\/13504"}],"wp:attachment":[{"href":"https:\/\/digistar.ma\/index.php?rest_route=%2Fwp%2Fv2%2Fmedia&parent=13503"}],"wp:term":[{"taxonomy":"product_brand","embeddable":true,"href":"https:\/\/digistar.ma\/index.php?rest_route=%2Fwp%2Fv2%2Fproduct_brand&post=13503"},{"taxonomy":"product_cat","embeddable":true,"href":"https:\/\/digistar.ma\/index.php?rest_route=%2Fwp%2Fv2%2Fproduct_cat&post=13503"},{"taxonomy":"product_tag","embeddable":true,"href":"https:\/\/digistar.ma\/index.php?rest_route=%2Fwp%2Fv2%2Fproduct_tag&post=13503"}],"curies":[{"name":"wp","href":"https:\/\/api.w.org\/{rel}","templated":true}]}}