{"id":13809,"date":"2024-12-07T22:42:56","date_gmt":"2024-12-07T22:42:56","guid":{"rendered":"https:\/\/digistar.ma\/?post_type=product&#038;p=13809"},"modified":"2024-12-07T22:44:44","modified_gmt":"2024-12-07T22:44:44","slug":"souris-sans-fil-logitech-m171-noire-910-004424","status":"publish","type":"product","link":"https:\/\/digistar.ma\/?product=souris-sans-fil-logitech-m171-noire-910-004424","title":{"rendered":"Souris sans fil Logitech M171 noire 910-004424"},"content":{"rendered":"<h3>Souris sans fil Logitech M171 noire 910-004424<\/h3>\n<section>Gr\u00e2ce \u00e0 la\u00a0<strong>souris Logitech M171 Wireless Mouse<\/strong>, profitez de la fiabilit\u00e9 d&#8217;un dispositif filaire, mais avec la libert\u00e9 et la commodit\u00e9 d&#8217;une connexion sans fil d&#8217;une port\u00e9e de 10 m\u00e8tres gr\u00e2ce \u00e0 la technologie sans fil 2,4 GHz de pointe Logitech. Abordable et simple d&#8217;utilisation, il vous suffit de connecter le nano-r\u00e9cepteur sans fil \u00e0 un port USB pour utiliser la souris.Quant \u00e0 l&#8217;autonomie de la souris, la pile peut fonctionner jusqu&#8217;\u00e0 12 mois !<\/p>\n<\/section>\n<section>\n<div class=\"desc-image\"><img decoding=\"async\" src=\"https:\/\/media.ldlc.com\/bo\/images\/fiches\/souris\/logitech\/M171\/m171.jpg\" alt=\"\" \/><\/div>\n<div class=\"desc-text\">\n<h2>Connexion sans fil 2.4 GHZ fiable<\/h2>\n<p>La Logitech M171 dispose d&#8217;une connexion sans fil fiable \u00e0\u00a0<strong>une distance maximale de 10 m\u00e8tres<\/strong>. Cette derni\u00e8re dispose d&#8217;aucun temps de latence ou de perte de connexion, vous pouvez ainsi travailler en toute confiance. V\u00e9ritablement pr\u00eate \u00e0 l&#8217;emploi, il vous suffit d&#8217;ins\u00e9rer le nano-r\u00e9cepteur \u00e0 un port USB de votre ordinateur pour pouvoir l&#8217;utiliser. Il n&#8217;y a donc pas besoin de coupler la souris ou de t\u00e9l\u00e9charger un logiciel.<\/p>\n<p>La forme de la souris Logitech M171 Wireless Mouse \u00e9pouse la forme de votre main pour des heures d&#8217;utilisation tout en confort. La\u00a0<strong>forme ambidextre<\/strong>\u00a0et la fonction de r\u00e9assignation des boutons droit et gauche font la souris M171 un produit id\u00e9al, que l&#8217;on soit gaucher ou droitier.<\/p>\n<\/div>\n<\/section>\n<section>\n<div class=\"desc-text\">\n<h2>Concevoir un avenir positif<\/h2>\n<ul>\n<li>Plastique recycl\u00e9 : Les composants en plastique de la souris M171 sont fabriqu\u00e9s \u00e0 partir de plastique certifi\u00e9 recycl\u00e9 post-consommation (59% minimum pour le mod\u00e8le Noir), afin d\u2019offrir une nouvelle vie au plastique issu d\u2019anciens produits \u00e9lectroniques grand public et contribuer \u00e0 r\u00e9duire l\u2019empreinte carbone.<\/li>\n<li>Transparence carbone : L&#8217;empreinte carbone de ce produit est de 4,05 kg CO2e.<\/li>\n<\/ul>\n<\/div>\n<div class=\"desc-image\"><img decoding=\"async\" src=\"https:\/\/media.ldlc.com\/bo\/images\/fiches\/clavier\/Logitech\/image2.jpg\" alt=\"\" \/><\/div>\n<\/section>\n<section class=\"list\">\n<h2>Caract\u00e9ristiques principales :<\/h2>\n<ul>\n<li><strong>Souris sans fil optique avec connexion 2.4 GHz<\/strong><\/li>\n<li>Port\u00e9e sans fil :\u00a0<strong>10 m\u00e8tres<\/strong><\/li>\n<li>Fonctionne avec 1 pile AA<\/li>\n<li>Autonomie : 1 an<\/li>\n<li>Compatibilit\u00e9 : Windows 7, Windows 8, Windows 10 et versions ult\u00e9rieures, Mac OS X 10.8 ou version ult\u00e9rieure, Chrome OS, Noyau Linux 2.6 ou version ult\u00e9rieure<\/li>\n<li>Dimensions (hauteur x largeur x \u00e9paisseur) : 97.7 x 61.5 x 35.2 mm<\/li>\n<li>Poids : 70.5 grammes<\/li>\n<\/ul>\n<\/section>\n","protected":false},"excerpt":{"rendered":"<ul>\n<li><strong>Souris sans fil optique avec connexion 2.4 GHz<\/strong><\/li>\n<li>Port\u00e9e sans fil :\u00a0<strong>10 m\u00e8tres<\/strong><\/li>\n<li>Fonctionne avec 1 pile AA<\/li>\n<li>Autonomie : 1 an<\/li>\n<li>Compatibilit\u00e9 : Windows 7, Windows 8, Windows 10 et versions ult\u00e9rieures, Mac OS X 10.8 ou version ult\u00e9rieure, Chrome OS, Noyau Linux 2.6 ou version ult\u00e9rieure<\/li>\n<li>Dimensions (hauteur x largeur x \u00e9paisseur) : 97.7 x 61.5 x 35.2 mm<\/li>\n<li>Poids : 70.5 grammes<\/li>\n<\/ul>\n","protected":false},"featured_media":13811,"comment_status":"open","ping_status":"closed","template":"","meta":{"_acf_changed":false,"_monsterinsights_skip_tracking":false,"_monsterinsights_sitenote_active":false,"_monsterinsights_sitenote_note":"","_monsterinsights_sitenote_category":0,"_uf_show_specific_survey":0,"_uf_disable_surveys":false,"_joinchat":[]},"product_brand":[],"product_cat":[246,263,323],"product_tag":[],"class_list":{"0":"post-13809","1":"product","2":"type-product","3":"status-publish","4":"has-post-thumbnail","6":"product_cat-peripherique","7":"product_cat-souris-clavier","8":"product_cat-souris-sans-fil","10":"first","11":"instock","12":"sale","13":"shipping-taxable","14":"purchasable","15":"product-type-simple"},"acf":[],"jetpack_sharing_enabled":true,"_links":{"self":[{"href":"https:\/\/digistar.ma\/index.php?rest_route=\/wp\/v2\/product\/13809","targetHints":{"allow":["GET"]}}],"collection":[{"href":"https:\/\/digistar.ma\/index.php?rest_route=\/wp\/v2\/product"}],"about":[{"href":"https:\/\/digistar.ma\/index.php?rest_route=\/wp\/v2\/types\/product"}],"replies":[{"embeddable":true,"href":"https:\/\/digistar.ma\/index.php?rest_route=%2Fwp%2Fv2%2Fcomments&post=13809"}],"version-history":[{"count":2,"href":"https:\/\/digistar.ma\/index.php?rest_route=\/wp\/v2\/product\/13809\/revisions"}],"predecessor-version":[{"id":13816,"href":"https:\/\/digistar.ma\/index.php?rest_route=\/wp\/v2\/product\/13809\/revisions\/13816"}],"wp:featuredmedia":[{"embeddable":true,"href":"https:\/\/digistar.ma\/index.php?rest_route=\/wp\/v2\/media\/13811"}],"wp:attachment":[{"href":"https:\/\/digistar.ma\/index.php?rest_route=%2Fwp%2Fv2%2Fmedia&parent=13809"}],"wp:term":[{"taxonomy":"product_brand","embeddable":true,"href":"https:\/\/digistar.ma\/index.php?rest_route=%2Fwp%2Fv2%2Fproduct_brand&post=13809"},{"taxonomy":"product_cat","embeddable":true,"href":"https:\/\/digistar.ma\/index.php?rest_route=%2Fwp%2Fv2%2Fproduct_cat&post=13809"},{"taxonomy":"product_tag","embeddable":true,"href":"https:\/\/digistar.ma\/index.php?rest_route=%2Fwp%2Fv2%2Fproduct_tag&post=13809"}],"curies":[{"name":"wp","href":"https:\/\/api.w.org\/{rel}","templated":true}]}}