{"id":13901,"date":"2024-12-25T21:40:27","date_gmt":"2024-12-25T21:40:27","guid":{"rendered":"https:\/\/digistar.ma\/?post_type=product&#038;p=13901"},"modified":"2024-12-25T21:40:27","modified_gmt":"2024-12-25T21:40:27","slug":"mug-magique-noir-sublimation-transfert-thermique","status":"publish","type":"product","link":"https:\/\/digistar.ma\/?product=mug-magique-noir-sublimation-transfert-thermique","title":{"rendered":"Mug magique noir Sublimation Transfert Thermique"},"content":{"rendered":"<h3>Mug magique noir Sublimation Transfert Thermique<\/h3>\n<p>C&#8217;est magique ! La tasse change de couleur en quelques secondes lorsque l&#8217;on y verse un liquide chaud pour faire apparaitre le motif imprim\u00e9. L&#8217;image sera toujours l\u00e9g\u00e8rement visible \u00e0 froid \u00e0 travers la couche sombre, mais pas de panique, l&#8217;effet de surprise ne sera pas g\u00e2ch\u00e9 pour autant !<\/p>\n<p>Les\u00a0<strong>tasses en c\u00e9ramique magie<\/strong> sont pr\u00eates \u00e0 \u00eatre personnalis\u00e9es suivant le proc\u00e9d\u00e9 de la sublimation. Gr\u00e2ce \u00e0 son vernis de grande qualit\u00e9, les couleurs sont vives et gaies. Les tasses passent au micro-ondes.<\/p>\n<ul>\n<li>Mat\u00e9riau de qualit\u00e9 sup\u00e9rieure et r\u00e9sistant.<\/li>\n<li>Passe au micro-ondes.<\/li>\n<li>No Inclus une bo\u00eete individuelle.<\/li>\n<li>Pour la sublimation de la tasse un collier en silicone est n\u00e9cessaire<\/li>\n<\/ul>\n<p>Info produit:<\/p>\n<ul>\n<li>Diam\u00e8tre ext\u00e9rieur: 81 mm<\/li>\n<li>Diam\u00e8tre int\u00e9rieur: 74 mm<\/li>\n<li>Hauteur: 96 mm<\/li>\n<li>Capacit\u00e9 utile: 11oz = 325 ml<\/li>\n<li>Capacit\u00e9 totale: 360 ml<\/li>\n<li>Poids net: 340 g<\/li>\n<li>Poign\u00e9e: Hauteur 72 mm x largeur 38 mm<\/li>\n<li>Surface imprimable: 95 x 240 mm<\/li>\n<li>R\u00e9sistance compatible: 11 oz<\/li>\n<\/ul>\n","protected":false},"excerpt":{"rendered":"<ul>\n<li>Diam\u00e8tre ext\u00e9rieur: 81 mm<\/li>\n<li>Diam\u00e8tre int\u00e9rieur: 74 mm<\/li>\n<li>Hauteur: 96 mm<\/li>\n<li>Capacit\u00e9 utile: 11oz = 325 ml<\/li>\n<li>Capacit\u00e9 totale: 360 ml<\/li>\n<li>Poids net: 340 g<\/li>\n<li>Poign\u00e9e: Hauteur 72 mm x largeur 38 mm<\/li>\n<li>Surface imprimable: 95 x 240 mm<\/li>\n<li>R\u00e9sistance compatible: 11 oz<\/li>\n<\/ul>\n","protected":false},"featured_media":13902,"comment_status":"open","ping_status":"closed","template":"","meta":{"_acf_changed":false,"_monsterinsights_skip_tracking":false,"_monsterinsights_sitenote_active":false,"_monsterinsights_sitenote_note":"","_monsterinsights_sitenote_category":0,"_uf_show_specific_survey":0,"_uf_disable_surveys":false,"_joinchat":[]},"product_brand":[],"product_cat":[384,386,385],"product_tag":[],"class_list":{"0":"post-13901","1":"product","2":"type-product","3":"status-publish","4":"has-post-thumbnail","6":"product_cat-fournitures-dimpression","7":"product_cat-consommables-sublimation-dtf","8":"product_cat-sublimation","10":"first","11":"instock","12":"sale","13":"shipping-taxable","14":"purchasable","15":"product-type-simple"},"acf":[],"jetpack_sharing_enabled":true,"_links":{"self":[{"href":"https:\/\/digistar.ma\/index.php?rest_route=\/wp\/v2\/product\/13901","targetHints":{"allow":["GET"]}}],"collection":[{"href":"https:\/\/digistar.ma\/index.php?rest_route=\/wp\/v2\/product"}],"about":[{"href":"https:\/\/digistar.ma\/index.php?rest_route=\/wp\/v2\/types\/product"}],"replies":[{"embeddable":true,"href":"https:\/\/digistar.ma\/index.php?rest_route=%2Fwp%2Fv2%2Fcomments&post=13901"}],"version-history":[{"count":1,"href":"https:\/\/digistar.ma\/index.php?rest_route=\/wp\/v2\/product\/13901\/revisions"}],"predecessor-version":[{"id":13907,"href":"https:\/\/digistar.ma\/index.php?rest_route=\/wp\/v2\/product\/13901\/revisions\/13907"}],"wp:featuredmedia":[{"embeddable":true,"href":"https:\/\/digistar.ma\/index.php?rest_route=\/wp\/v2\/media\/13902"}],"wp:attachment":[{"href":"https:\/\/digistar.ma\/index.php?rest_route=%2Fwp%2Fv2%2Fmedia&parent=13901"}],"wp:term":[{"taxonomy":"product_brand","embeddable":true,"href":"https:\/\/digistar.ma\/index.php?rest_route=%2Fwp%2Fv2%2Fproduct_brand&post=13901"},{"taxonomy":"product_cat","embeddable":true,"href":"https:\/\/digistar.ma\/index.php?rest_route=%2Fwp%2Fv2%2Fproduct_cat&post=13901"},{"taxonomy":"product_tag","embeddable":true,"href":"https:\/\/digistar.ma\/index.php?rest_route=%2Fwp%2Fv2%2Fproduct_tag&post=13901"}],"curies":[{"name":"wp","href":"https:\/\/api.w.org\/{rel}","templated":true}]}}