{"id":13908,"date":"2024-12-25T22:13:37","date_gmt":"2024-12-25T22:13:37","guid":{"rendered":"https:\/\/digistar.ma\/?post_type=product&#038;p=13908"},"modified":"2024-12-25T22:14:27","modified_gmt":"2024-12-25T22:14:27","slug":"mug-magique-noir-sublimation-anse-coeur","status":"publish","type":"product","link":"https:\/\/digistar.ma\/?product=mug-magique-noir-sublimation-anse-coeur","title":{"rendered":"Mug magique noir Sublimation anse c\u0153ur"},"content":{"rendered":"<h3>Mug magique noir Sublimation anse c\u0153ur<\/h3>\n<p>Un mug en c\u00e9ramique, magique, semi-mat, noir, enduit d&#8217;une couche de polyester, pour impression par sublimation.<\/p>\n<p><strong>Attention\u00a0! Le mug magique ne passe pas au lave-vaisselle, seul le lavage \u00e0 la main est recommand\u00e9.<\/strong><\/p>\n<figure id=\"attachment_13909\" aria-describedby=\"caption-attachment-13909\" style=\"width: 393px\" class=\"wp-caption alignnone\"><img fetchpriority=\"high\" decoding=\"async\" class=\" wp-image-13909\" src=\"https:\/\/digistar.ma\/wp-content\/uploads\/2024\/12\/41ZE2l5DPL-300x300.jpg\" alt=\"Mug magique noir Sublimation anse c\u0153ur\" width=\"393\" height=\"393\" srcset=\"https:\/\/digistar.ma\/wp-content\/uploads\/2024\/12\/41ZE2l5DPL-300x300.jpg 300w, https:\/\/digistar.ma\/wp-content\/uploads\/2024\/12\/41ZE2l5DPL-150x150.jpg 150w, https:\/\/digistar.ma\/wp-content\/uploads\/2024\/12\/41ZE2l5DPL-100x100.jpg 100w, https:\/\/digistar.ma\/wp-content\/uploads\/2024\/12\/41ZE2l5DPL.jpg 500w\" sizes=\"(max-width: 393px) 100vw, 393px\" \/><figcaption id=\"caption-attachment-13909\" class=\"wp-caption-text\">Mug magique noir Sublimation anse c\u0153ur<\/figcaption><\/figure>\n<p>Ce mug de 11oz est un mug magique de sublimation, car c&#8217;est un mug avec un \u00e9l\u00e9ment de surprise ! Lorsque vous versez une boisson chaude dans ce mug, une image ou un texte appara\u00eet !<\/p>\n<p>Ce mug est pr\u00eat pour la sublimation. Pour d\u00e9corer par sublimation, vous aurez besoin d&#8217;une imprimante pour sublimation avec du papier de transfert et des encres pour sublimation. En utilisant une presse \u00e0 mugs, vous pouvez appliquer le r\u00e9glage de temp\u00e9rature et la pression n\u00e9cessaires pour transf\u00e9rer l&#8217;image sur le rev\u00eatement polym\u00e8re du mug.<\/p>\n<p>Vous cherchez \u00e0 acc\u00e9l\u00e9rer le processus de production ? Utilisez alors notre emballage TURBO, afin de pr\u00e9parer les mugs pour la sublimation en un rien de temps.<\/p>\n<h2>Sp\u00e9cifications<\/h2>\n<ul>\n<li>mug magique pour sublimation<\/li>\n<li>11oz<\/li>\n<li>blanc<\/li>\n<li>rev\u00eatement noir<\/li>\n<li>changeant de couleur<\/li>\n<li>c\u00e9ramique<\/li>\n<li>brillant<\/li>\n<li>compatible lave-vaisselle et micro-ondes<\/li>\n<\/ul>\n","protected":false},"excerpt":{"rendered":"<ul>\n<li>mug magique pour sublimation<\/li>\n<li>11oz<\/li>\n<li>blanc<\/li>\n<li>rev\u00eatement noir<\/li>\n<li>changeant de couleur<\/li>\n<li>c\u00e9ramique<\/li>\n<li>brillant<\/li>\n<li>compatible lave-vaisselle et micro-ondes<\/li>\n<\/ul>\n","protected":false},"featured_media":13910,"comment_status":"open","ping_status":"closed","template":"","meta":{"_acf_changed":false,"_monsterinsights_skip_tracking":false,"_monsterinsights_sitenote_active":false,"_monsterinsights_sitenote_note":"","_monsterinsights_sitenote_category":0,"_uf_show_specific_survey":0,"_uf_disable_surveys":false,"_joinchat":[]},"product_brand":[],"product_cat":[15],"product_tag":[],"class_list":{"0":"post-13908","1":"product","2":"type-product","3":"status-publish","4":"has-post-thumbnail","6":"product_cat-imprimante-scanner","8":"first","9":"instock","10":"sale","11":"shipping-taxable","12":"purchasable","13":"product-type-simple"},"acf":[],"jetpack_sharing_enabled":true,"_links":{"self":[{"href":"https:\/\/digistar.ma\/index.php?rest_route=\/wp\/v2\/product\/13908","targetHints":{"allow":["GET"]}}],"collection":[{"href":"https:\/\/digistar.ma\/index.php?rest_route=\/wp\/v2\/product"}],"about":[{"href":"https:\/\/digistar.ma\/index.php?rest_route=\/wp\/v2\/types\/product"}],"replies":[{"embeddable":true,"href":"https:\/\/digistar.ma\/index.php?rest_route=%2Fwp%2Fv2%2Fcomments&post=13908"}],"version-history":[{"count":1,"href":"https:\/\/digistar.ma\/index.php?rest_route=\/wp\/v2\/product\/13908\/revisions"}],"predecessor-version":[{"id":13915,"href":"https:\/\/digistar.ma\/index.php?rest_route=\/wp\/v2\/product\/13908\/revisions\/13915"}],"wp:featuredmedia":[{"embeddable":true,"href":"https:\/\/digistar.ma\/index.php?rest_route=\/wp\/v2\/media\/13910"}],"wp:attachment":[{"href":"https:\/\/digistar.ma\/index.php?rest_route=%2Fwp%2Fv2%2Fmedia&parent=13908"}],"wp:term":[{"taxonomy":"product_brand","embeddable":true,"href":"https:\/\/digistar.ma\/index.php?rest_route=%2Fwp%2Fv2%2Fproduct_brand&post=13908"},{"taxonomy":"product_cat","embeddable":true,"href":"https:\/\/digistar.ma\/index.php?rest_route=%2Fwp%2Fv2%2Fproduct_cat&post=13908"},{"taxonomy":"product_tag","embeddable":true,"href":"https:\/\/digistar.ma\/index.php?rest_route=%2Fwp%2Fv2%2Fproduct_tag&post=13908"}],"curies":[{"name":"wp","href":"https:\/\/api.w.org\/{rel}","templated":true}]}}