{"id":14031,"date":"2025-02-06T18:17:47","date_gmt":"2025-02-06T18:17:47","guid":{"rendered":"https:\/\/digistar.ma\/?post_type=product&#038;p=14031"},"modified":"2025-11-21T11:45:17","modified_gmt":"2025-11-21T11:45:17","slug":"epson-ecotank-l11050-imprimante-a3-a-reservoirs-rechargeables","status":"publish","type":"product","link":"https:\/\/digistar.ma\/?product=epson-ecotank-l11050-imprimante-a3-a-reservoirs-rechargeables","title":{"rendered":"Epson EcoTank L11050 Imprimante A3 \u00e0 r\u00e9servoirs rechargeables"},"content":{"rendered":"<h4>Epson EcoTank L11050 Imprimante A3 \u00e0 r\u00e9servoirs rechargeables<\/h4>\n<div class=\"briefdescription\">D\u2019une grande long\u00e9vit\u00e9 et ultra polyvalente, cette petite imprimante de bureau 4\u00a0couleurs A3 permet d\u2019imprimer de grands volumes de pages de fa\u00e7on ultra \u00e9conomique et en toute simplicit\u00e9.<\/div>\n<div><\/div>\n<div class=\"introtext\">Avec son co\u00fbt ultra r\u00e9duit par page et sa capacit\u00e9 d\u2019impression sans fil et mobile, cette imprimante jet d\u2019encre sans cartouche est id\u00e9ale pour une impression de bureau A3 en grands volumes.<\/div>\n<div><\/div>\n<div class=\"introtext\">Gr\u00e2ce \u00e0 son design compact, \u00e0 ses bouteilles d\u2019encre \u00e0 d\u00e9trompeurs et \u00e0 ses r\u00e9servoirs d\u2019encre frontaux facilitant la recharge, l\u2019imprimante\u00a0L11050 repr\u00e9sente une solution compacte et simple d\u2019utilisation.<\/div>\n<div><\/div>\n<div>\n<p><strong>Dites adieu aux cartouches<\/strong><br \/>\nAvec un syst\u00e8me int\u00e9gr\u00e9 de r\u00e9servoir d\u2019encre frontal, le rechargement de l\u2019encre est facilit\u00e9 gr\u00e2ce aux bouteilles d\u2019encre antigouttes. Le r\u00e9servoir d&#8217;encre haute capacit\u00e9 utilise des bouteilles de 65\u00a0ml pour imprimer jusqu&#8217;\u00e0 7\u00a0000 pages de qualit\u00e9 avec un seul pack de rechange\u00b9.<\/p>\n<p><strong>\u00c9conomies \u00e0 long terme<\/strong><br \/>\nB\u00e9n\u00e9ficiez d\u2019impressions ultra \u00e9conomiques. Gr\u00e2ce \u00e0 la technologie de t\u00eate d&#8217;impression Z\u00e9ro Chaleur PrecisionCore, b\u00e9n\u00e9ficiez de la faible consommation d&#8217;\u00e9nergie de la gamme EcoTank pour r\u00e9duire vos d\u00e9penses \u00e9nerg\u00e9tiques.<\/p>\n<p>Avec son design \u00e9l\u00e9gant et compact, l&#8217;imprimante L11050 s\u2019int\u00e8gre facilement \u00e0 la plupart de vos espaces.<\/p>\n<p><strong>Simplicit\u00e9 d\u2019utilisation et fiabilit\u00e9<\/strong><br \/>\nEpson EcoTank L11050 Imprimante A3 \u00e0 r\u00e9servoirs rechargeables est parfaite pour les utilisateurs qui souhaitent des impressions de bureau de qualit\u00e9 optimale en grands volumes, sans se ruiner. \u00c9vitez les temps d\u2019arr\u00eat gr\u00e2ce au r\u00e9servoir de maintenance rempla\u00e7able et au rouleau de ramassage faciles d\u2019acc\u00e8s.<\/p>\n<p>Gr\u00e2ce \u00e0 sa garantie standard d&#8217;un an\u00b2, la L11050 permet aux utilisateurs d\u2019avoir l&#8217;esprit tranquille pour se concentrer sur leur activit\u00e9 professionnelle.<\/p>\n<p><strong>Imprimez o\u00f9 que vous soyez<\/strong><br \/>\nAvec le mod\u00e8le L11050, imprimez directement depuis votre t\u00e9l\u00e9phone mobile, votre tablette ou votre ordinateur portable en toute simplicit\u00e9. Avec le Wi-Fi et Wi-Fi Direct, imprimez vos documents \u00e0 partir d&#8217;appareils mobiles \u00e0 l&#8217;aide de l\u2019application Epson Smart Panel\u00b3.<\/p>\n<h2>Caract\u00e9ristiques principales Epson EcoTank L11050 Imprimante A3 \u00e0 r\u00e9servoirs rechargeables<\/h2>\n<div class=\"bullets\">\n<ul>\n<li><strong>Impression ultra \u00e9conomique<\/strong><br \/>\nImprimez jusqu\u2019\u00e0 7\u00a0000\u00a0pages avec les bouteilles d\u2019encre de rechange\u00b9<\/li>\n<li><strong>Vitesses d\u2019impression \u00e9lev\u00e9es<\/strong><br \/>\nImprimez jusqu\u2019\u00e0 15\u00a0pages en monochrome ou 8\u00a0pages couleur par minute\u00a0<sup>4<\/sup><\/li>\n<li><strong>R\u00e9servoir d\u2019encre frontal simple d\u2019utilisation<\/strong><br \/>\nRechargez en encre en toute simplicit\u00e9 gr\u00e2ce aux bouteilles d\u2019encre<\/li>\n<li><strong>Fonctionnalit\u00e9s d\u2019impression mobile et connectivit\u00e9<\/strong><br \/>\nWi-Fi, Wi-Fi Direct et application Epson Smart Panel<\/li>\n<\/ul>\n<p>&nbsp;<\/p>\n<p><a href=\"https:\/\/download.epson-europe.com\/pub\/download\/6576\/epson657618eu.pdf\" target=\"_blank\" rel=\"noopener\"><strong>GUIDE D&#8217;UTILISATION<\/strong><\/a><\/p>\n<\/div>\n<\/div>\n","protected":false},"excerpt":{"rendered":"<p>Livr\u00e9e avec quatre bouteilles d\u2019encre individuelles de 65 ml (N,C,J,M) + 1 bouteille d\u2019encre noire suppl\u00e9mentaire<br \/>\nVitesse d&#8217;impression noir: 30 pages\/min (15 pages\/min en norme ISO)<br \/>\nVitesse d&#8217;impression couleur: 20 pages\/min (8 pages\/min en norme ISO)<br \/>\nQualit\u00e9 d&#8217;impression noire: 4.800 x 1.200 DPI (ppp)<br \/>\nQualit\u00e9 d&#8217;impression couleur: 4.800 x 1.200 DPI (ppp)<br \/>\nImpression Recto Verso : Manuelle<br \/>\nFonctionne avec: 4 r\u00e9servoirs (Noir, Cyan, Jaune, Magenta)<br \/>\nConnectivit\u00e9: WI-FI, Wi-Fi Direct, USB<\/p>\n","protected":false},"featured_media":14033,"comment_status":"open","ping_status":"closed","template":"","meta":{"_acf_changed":false,"_monsterinsights_skip_tracking":false,"_monsterinsights_sitenote_active":false,"_monsterinsights_sitenote_note":"","_monsterinsights_sitenote_category":0,"_uf_show_specific_survey":0,"_uf_disable_surveys":false,"_joinchat":[]},"product_brand":[],"product_cat":[15,380,253,265,269],"product_tag":[],"class_list":{"0":"post-14031","1":"product","2":"type-product","3":"status-publish","4":"has-post-thumbnail","6":"product_cat-imprimante-scanner","7":"product_cat-epson","8":"product_cat-imprimante","9":"product_cat-imprimante-a-reservoirs-rechargeables","10":"product_cat-imprimante-jet-dencre","12":"first","13":"instock","14":"sale","15":"shipping-taxable","16":"purchasable","17":"product-type-simple"},"acf":[],"jetpack_sharing_enabled":true,"_links":{"self":[{"href":"https:\/\/digistar.ma\/index.php?rest_route=\/wp\/v2\/product\/14031","targetHints":{"allow":["GET"]}}],"collection":[{"href":"https:\/\/digistar.ma\/index.php?rest_route=\/wp\/v2\/product"}],"about":[{"href":"https:\/\/digistar.ma\/index.php?rest_route=\/wp\/v2\/types\/product"}],"replies":[{"embeddable":true,"href":"https:\/\/digistar.ma\/index.php?rest_route=%2Fwp%2Fv2%2Fcomments&post=14031"}],"version-history":[{"count":5,"href":"https:\/\/digistar.ma\/index.php?rest_route=\/wp\/v2\/product\/14031\/revisions"}],"predecessor-version":[{"id":14311,"href":"https:\/\/digistar.ma\/index.php?rest_route=\/wp\/v2\/product\/14031\/revisions\/14311"}],"wp:featuredmedia":[{"embeddable":true,"href":"https:\/\/digistar.ma\/index.php?rest_route=\/wp\/v2\/media\/14033"}],"wp:attachment":[{"href":"https:\/\/digistar.ma\/index.php?rest_route=%2Fwp%2Fv2%2Fmedia&parent=14031"}],"wp:term":[{"taxonomy":"product_brand","embeddable":true,"href":"https:\/\/digistar.ma\/index.php?rest_route=%2Fwp%2Fv2%2Fproduct_brand&post=14031"},{"taxonomy":"product_cat","embeddable":true,"href":"https:\/\/digistar.ma\/index.php?rest_route=%2Fwp%2Fv2%2Fproduct_cat&post=14031"},{"taxonomy":"product_tag","embeddable":true,"href":"https:\/\/digistar.ma\/index.php?rest_route=%2Fwp%2Fv2%2Fproduct_tag&post=14031"}],"curies":[{"name":"wp","href":"https:\/\/api.w.org\/{rel}","templated":true}]}}