{"id":14191,"date":"2025-02-16T20:11:09","date_gmt":"2025-02-16T20:11:09","guid":{"rendered":"https:\/\/digistar.ma\/?post_type=product&#038;p=14191"},"modified":"2025-02-17T13:00:29","modified_gmt":"2025-02-17T13:00:29","slug":"encre-eco-solvant-pour-traceur","status":"publish","type":"product","link":"https:\/\/digistar.ma\/?product=encre-eco-solvant-pour-traceur","title":{"rendered":"Encre \u00c9co-Solvant pour Traceur"},"content":{"rendered":"<h3>Encre \u00c9co-Solvant pour Traceur<\/h3>\n<p data-start=\"87\" data-end=\"416\">L\u2019<strong data-start=\"89\" data-end=\"123\">encre \u00e9co-solvant pour traceur<\/strong> est sp\u00e9cialement formul\u00e9e pour offrir une <strong data-start=\"166\" data-end=\"247\">impression de haute qualit\u00e9, durable et r\u00e9sistante aux conditions ext\u00e9rieures<\/strong>. Adapt\u00e9e aux traceurs grand format, elle garantit des <strong data-start=\"302\" data-end=\"413\">couleurs \u00e9clatantes, une adh\u00e9rence parfaite aux supports et une longue tenue face aux intemp\u00e9ries et aux UV<\/strong>.<\/p>\n<h3 data-start=\"418\" data-end=\"452\">Caract\u00e9ristiques principales<\/h3>\n<ul data-start=\"453\" data-end=\"1063\">\n<li data-start=\"453\" data-end=\"549\"><strong data-start=\"455\" data-end=\"472\">Compatibilit\u00e9<\/strong> : adapt\u00e9e aux <strong data-start=\"487\" data-end=\"546\">traceurs grand format utilisant des encres \u00e9co-solvants<\/strong>.<\/li>\n<li data-start=\"550\" data-end=\"649\"><strong data-start=\"552\" data-end=\"582\">Haute qualit\u00e9 d\u2019impression<\/strong> : couleurs intenses, d\u00e9grad\u00e9s fluides et nettet\u00e9 exceptionnelle.<\/li>\n<li data-start=\"650\" data-end=\"733\"><strong data-start=\"652\" data-end=\"677\">Excellente r\u00e9sistance<\/strong> : protection contre l\u2019humidit\u00e9, les UV et l\u2019abrasion.<\/li>\n<li data-start=\"734\" data-end=\"812\"><strong data-start=\"736\" data-end=\"754\">S\u00e9chage rapide<\/strong> : permet une production efficace sans risque de bavure.<\/li>\n<li data-start=\"813\" data-end=\"961\"><strong data-start=\"815\" data-end=\"837\">Adh\u00e9rence optimale<\/strong> : compatible avec divers supports comme <strong data-start=\"878\" data-end=\"958\">b\u00e2ches, vinyles, adh\u00e9sifs, papiers sp\u00e9ciaux, et autres mat\u00e9riaux imprimables<\/strong>.<\/li>\n<li data-start=\"962\" data-end=\"1063\"><strong data-start=\"964\" data-end=\"991\">Formulation \u00e9co-solvant<\/strong> : impact environnemental r\u00e9duit avec une <strong data-start=\"1033\" data-end=\"1060\">faible \u00e9mission d\u2019odeur<\/strong>.<\/li>\n<\/ul>\n<h3 data-start=\"1065\" data-end=\"1113\">Pourquoi choisir cette encre \u00e9co-solvant ?<\/h3>\n<p data-start=\"1114\" data-end=\"1412\">\u2714 <strong data-start=\"1116\" data-end=\"1160\">Impression grand format de haute qualit\u00e9<\/strong> avec des couleurs riches et durables.<br data-start=\"1198\" data-end=\"1201\" \/>\u2714 <strong data-start=\"1203\" data-end=\"1259\">Convient aux applications int\u00e9rieures et ext\u00e9rieures<\/strong> gr\u00e2ce \u00e0 une excellente r\u00e9sistance aux \u00e9l\u00e9ments.<br data-start=\"1307\" data-end=\"1310\" \/>\u2714 <strong data-start=\"1312\" data-end=\"1380\">S\u00e9chage rapide et compatibilit\u00e9 avec une large gamme de supports<\/strong> pour une productivit\u00e9 accrue.<\/p>\n<p data-start=\"1414\" data-end=\"1604\">Commandez d\u00e8s maintenant votre <strong data-start=\"1445\" data-end=\"1479\">encre \u00e9co-solvant pour traceur<\/strong> sur <a href=\"https:\/\/www.digistar.ma\" target=\"_new\" rel=\"noopener\" data-start=\"1484\" data-end=\"1526\">www.digistar.ma<\/a> et profitez d\u2019une impression professionnelle \u00e0 la hauteur de vos exigences.<\/p>\n","protected":false},"excerpt":{"rendered":"<p>\u2714 <strong data-start=\"1116\" data-end=\"1160\">Impression grand format de haute qualit\u00e9<\/strong> avec des couleurs riches et durables.<br data-start=\"1198\" data-end=\"1201\" \/>\u2714 <strong data-start=\"1203\" data-end=\"1259\">Convient aux applications int\u00e9rieures et ext\u00e9rieures<\/strong> gr\u00e2ce \u00e0 une excellente r\u00e9sistance aux \u00e9l\u00e9ments.<br data-start=\"1307\" data-end=\"1310\" \/>\u2714 <strong data-start=\"1312\" data-end=\"1380\">S\u00e9chage rapide et compatibilit\u00e9 avec une large gamme de supports<\/strong> pour une productivit\u00e9 accrue.<\/p>\n<p>*Prix par unit\u00e9*<\/p>\n","protected":false},"featured_media":14192,"comment_status":"open","ping_status":"closed","template":"","meta":{"_acf_changed":false,"_monsterinsights_skip_tracking":false,"_monsterinsights_sitenote_active":false,"_monsterinsights_sitenote_note":"","_monsterinsights_sitenote_category":0,"_uf_show_specific_survey":0,"_uf_disable_surveys":false,"_joinchat":[]},"product_brand":[],"product_cat":[384],"product_tag":[],"class_list":{"0":"post-14191","1":"product","2":"type-product","3":"status-publish","4":"has-post-thumbnail","6":"product_cat-fournitures-dimpression","8":"first","9":"instock","10":"sale","11":"shipping-taxable","12":"purchasable","13":"product-type-simple"},"acf":[],"jetpack_sharing_enabled":true,"_links":{"self":[{"href":"https:\/\/digistar.ma\/index.php?rest_route=\/wp\/v2\/product\/14191","targetHints":{"allow":["GET"]}}],"collection":[{"href":"https:\/\/digistar.ma\/index.php?rest_route=\/wp\/v2\/product"}],"about":[{"href":"https:\/\/digistar.ma\/index.php?rest_route=\/wp\/v2\/types\/product"}],"replies":[{"embeddable":true,"href":"https:\/\/digistar.ma\/index.php?rest_route=%2Fwp%2Fv2%2Fcomments&post=14191"}],"version-history":[{"count":1,"href":"https:\/\/digistar.ma\/index.php?rest_route=\/wp\/v2\/product\/14191\/revisions"}],"predecessor-version":[{"id":14195,"href":"https:\/\/digistar.ma\/index.php?rest_route=\/wp\/v2\/product\/14191\/revisions\/14195"}],"wp:featuredmedia":[{"embeddable":true,"href":"https:\/\/digistar.ma\/index.php?rest_route=\/wp\/v2\/media\/14192"}],"wp:attachment":[{"href":"https:\/\/digistar.ma\/index.php?rest_route=%2Fwp%2Fv2%2Fmedia&parent=14191"}],"wp:term":[{"taxonomy":"product_brand","embeddable":true,"href":"https:\/\/digistar.ma\/index.php?rest_route=%2Fwp%2Fv2%2Fproduct_brand&post=14191"},{"taxonomy":"product_cat","embeddable":true,"href":"https:\/\/digistar.ma\/index.php?rest_route=%2Fwp%2Fv2%2Fproduct_cat&post=14191"},{"taxonomy":"product_tag","embeddable":true,"href":"https:\/\/digistar.ma\/index.php?rest_route=%2Fwp%2Fv2%2Fproduct_tag&post=14191"}],"curies":[{"name":"wp","href":"https:\/\/api.w.org\/{rel}","templated":true}]}}