{"id":14368,"date":"2025-03-31T22:26:55","date_gmt":"2025-03-31T22:26:55","guid":{"rendered":"https:\/\/digistar.ma\/?post_type=product&#038;p=14368"},"modified":"2025-03-31T22:26:55","modified_gmt":"2025-03-31T22:26:55","slug":"imprimante-photo-multifonction-jet-dencre-canon-pixma-ts7740i","status":"publish","type":"product","link":"https:\/\/digistar.ma\/?product=imprimante-photo-multifonction-jet-dencre-canon-pixma-ts7740i","title":{"rendered":"Imprimante Photo Multifonction Jet d&#8217;encre Canon PIXMA TS7740I"},"content":{"rendered":"<h3>Imprimante Photo Multifonction Jet d&#8217;encre Canon PIXMA TS7740I<\/h3>\n<p>Au bureau ou \u00e0 domicile, pens\u00e9e pour tous les utilisateurs, la Canon PIXMA TS7740i est une imprimante multifonction conviviale et hautes performances qui vous assurera une bien efficacit\u00e9. Elle met \u00e0 votre disposition de multiples fonctions d&#8217;impression, de num\u00e9risation, de copie et de t\u00e9l\u00e9copie A4.<\/p>\n<p>Au bureau ou \u00e0 domicile, pens\u00e9e pour tous les utilisateurs, la\u00a0<strong>Canon PIXMA TS7740i<\/strong>\u00a0est une imprimante multifonction conviviale et hautes performances qui vous assurera une bien\u00a0efficacit\u00e9. Elle met \u00e0 votre disposition de multiples fonctions d&#8217;impression, de num\u00e9risation, de copie et de t\u00e9l\u00e9copie A4.<\/p>\n<p>Multifonction 3-en-1, elle r\u00e9pond \u00e0 l&#8217;ensemble de vos besoins, tout en vous lib\u00e9rant des contraintes.<\/p>\n<p>Pratique pour une utilisation au quotidien, elle est <strong>compatible avec le PIXMA Print Plan<\/strong>. Utilisez AirPrint et Mopria pour imprimer sans aucune application, ou utilisez sa\u00a0<strong>connexion Wi-Fi\u00a0<\/strong>pour imprimer directement des documents depuis votre PC\u00a0portable, votre tablette ou votre smartphone. Bien install\u00e9e sur votre bureau, cette imprimante Canon vous permettra\u00a0de multiplier les t\u00e2ches, d&#8217;\u00eatre plus cr\u00e9atif et de gagner en efficacit\u00e9 chaque jour.<\/p>\n<h3 class=\"product-variations__heading canon-color--grey-darkest canon-h2--big canon-mb-xs\">L&#8217;imprimante 3-en-1 intelligente et de haute qualit\u00e9 offrant un CAD et des tirages \u00e9poustouflants<\/h3>\n<p class=\"product-variations__paragraph canon-paragraph--large canon-mb-xxs canon-color--grey-darkest\">Avec ses commandes conviviales et ses performances haute vitesse et de haute qualit\u00e9, cette imprimante multifonction compacte avec CAD s&#8217;adapte facilement \u00e0 tous les environnements.<\/p>\n<picture class=\"canon-amplience block-flex-list__item-img-wrapper canon-amplience__lazy  \" aria-hidden=\"true\"><img decoding=\"async\" class=\"canon-amplience__image placeholder--sixteen-by-nine lazy entered loaded\" src=\"https:\/\/i1.adis.ws\/i\/canon\/pixma-ts7740i_benefit-module_01_5360ef6743bf48f4b750a5d5271e66eb?$block-grid-16by9-md-jpg$\" srcset=\"\/\/i1.adis.ws\/i\/canon\/pixma-ts7740i_benefit-module_01_5360ef6743bf48f4b750a5d5271e66eb?$block-grid-16by9-md-jpg$\" data-src=\"\/\/i1.adis.ws\/i\/canon\/pixma-ts7740i_benefit-module_01_5360ef6743bf48f4b750a5d5271e66eb?$block-grid-16by9-md-jpg$\" data-srcset=\"\/\/i1.adis.ws\/i\/canon\/pixma-ts7740i_benefit-module_01_5360ef6743bf48f4b750a5d5271e66eb?$block-grid-16by9-md-jpg$\" data-ll-status=\"loaded\" \/><\/picture>\n<div class=\"block-flex-list__item-details\">\n<h3 class=\"canon-column-title--3-col-small canon-color--grey-darkest\">Interface utilisateur simple et intuitive<\/h3>\n<p class=\"block-flex-list__item-description canon-paragraph--medium canon-color--grey-darkest\">Profitez d&#8217;un fonctionnement sans effort gr\u00e2ce au syst\u00e8me d&#8217;interface utilisateur modulable<sup><a class=\"footnote-reference\" href=\"https:\/\/fr.canon-cna.com\/printers\/pixma-ts7740i\/#footnote-1\" target=\"_blank\" rel=\"noopener\">1<\/a><\/sup>\u00a0personnalisable et simplifi\u00e9, qui adapte les fonctions \u00e0 vos besoins\u00a0: travail, \u00e9tudes ou loisirs<\/p>\n<div class=\"block-flex-list__item-details\">\n<h3 class=\"canon-column-title--3-col-small canon-color--grey-darkest\">Logiciel cr\u00e9atif<\/h3>\n<p class=\"block-flex-list__item-description canon-paragraph--medium canon-color--grey-darkest\">Cr\u00e9ez des affiches, des prospectus, des cartes et bien plus encore avec des logiciels gratuits tels que Easy PhotoPrint Editor, Creative Park et PosterArtist Web<\/p>\n<div class=\"block-rectangle__content-article\">\n<h3 class=\"block-rectangle__content-article-heading canon-section-title canon-section-title--small canon-color--grey-darkest\">Facilit\u00e9 d&#8217;utilisation<\/h3>\n<p class=\"canon-paragraph--big canon-color--grey-darkest\">L&#8217;interface utilisateur modulable<sup><a class=\"footnote-reference\" href=\"https:\/\/fr.canon-cna.com\/printers\/pixma-ts7740i\/#footnote-1\" target=\"_blank\" rel=\"noopener\">1<\/a><\/sup>\u00a0de l&#8217;imprimante PIXMA TS7740i vous simplifie la vie\u00a0: les menus \u00e0 code couleur affichent uniquement les ic\u00f4nes dont vous avez besoin pour une t\u00e2che sp\u00e9cifique, que ce soit pour le travail, les \u00e9tudes ou la cr\u00e9ativit\u00e9<\/p>\n<p class=\"canon-paragraph--big canon-color--grey-darkest\">\n<\/div>\n<\/div>\n<\/div>\n","protected":false},"excerpt":{"rendered":"<p>Wi-Fi, impression, copie, num\u00e9risation, Cloud<br \/>\nVitesse d&#8217;impression noir: 15 images\/min en norme ISO<br \/>\nVitesse d&#8217;impression couleur: 10 images\/min en norme ISO<br \/>\nQualit\u00e9 d&#8217;impression noire: Jusqu&#8217;\u00e0 1200 \u00d7 1200 ppp<br \/>\nQualit\u00e9 d&#8217;impression couleur: Jusqu&#8217;\u00e0 1200 \u00d7 1200 ppp<br \/>\nImpression recto\/verso: Automatique<br \/>\nFonctionne avec: 2 Cartouches (noir et couleur)<br \/>\nConnectivit\u00e9: Wi-Fi; USB haute vitesse (port B)<br \/>\nCartouches fournies avec l&#8217;imprimante: PG-485 (noir) CL-486 (couleur)<\/p>\n","protected":false},"featured_media":14369,"comment_status":"open","ping_status":"closed","template":"","meta":{"_acf_changed":false,"_monsterinsights_skip_tracking":false,"_monsterinsights_sitenote_active":false,"_monsterinsights_sitenote_note":"","_monsterinsights_sitenote_category":0,"_uf_show_specific_survey":0,"_uf_disable_surveys":false,"_joinchat":[]},"product_brand":[],"product_cat":[15,253,266],"product_tag":[],"class_list":{"0":"post-14368","1":"product","2":"type-product","3":"status-publish","4":"has-post-thumbnail","6":"product_cat-imprimante-scanner","7":"product_cat-imprimante","8":"product_cat-multifonction-jet-dencre","10":"first","11":"instock","12":"sale","13":"shipping-taxable","14":"purchasable","15":"product-type-simple"},"acf":[],"jetpack_sharing_enabled":true,"_links":{"self":[{"href":"https:\/\/digistar.ma\/index.php?rest_route=\/wp\/v2\/product\/14368","targetHints":{"allow":["GET"]}}],"collection":[{"href":"https:\/\/digistar.ma\/index.php?rest_route=\/wp\/v2\/product"}],"about":[{"href":"https:\/\/digistar.ma\/index.php?rest_route=\/wp\/v2\/types\/product"}],"replies":[{"embeddable":true,"href":"https:\/\/digistar.ma\/index.php?rest_route=%2Fwp%2Fv2%2Fcomments&post=14368"}],"version-history":[{"count":1,"href":"https:\/\/digistar.ma\/index.php?rest_route=\/wp\/v2\/product\/14368\/revisions"}],"predecessor-version":[{"id":14376,"href":"https:\/\/digistar.ma\/index.php?rest_route=\/wp\/v2\/product\/14368\/revisions\/14376"}],"wp:featuredmedia":[{"embeddable":true,"href":"https:\/\/digistar.ma\/index.php?rest_route=\/wp\/v2\/media\/14369"}],"wp:attachment":[{"href":"https:\/\/digistar.ma\/index.php?rest_route=%2Fwp%2Fv2%2Fmedia&parent=14368"}],"wp:term":[{"taxonomy":"product_brand","embeddable":true,"href":"https:\/\/digistar.ma\/index.php?rest_route=%2Fwp%2Fv2%2Fproduct_brand&post=14368"},{"taxonomy":"product_cat","embeddable":true,"href":"https:\/\/digistar.ma\/index.php?rest_route=%2Fwp%2Fv2%2Fproduct_cat&post=14368"},{"taxonomy":"product_tag","embeddable":true,"href":"https:\/\/digistar.ma\/index.php?rest_route=%2Fwp%2Fv2%2Fproduct_tag&post=14368"}],"curies":[{"name":"wp","href":"https:\/\/api.w.org\/{rel}","templated":true}]}}