{"id":14377,"date":"2025-03-31T22:50:34","date_gmt":"2025-03-31T22:50:34","guid":{"rendered":"https:\/\/digistar.ma\/?post_type=product&#038;p=14377"},"modified":"2025-03-31T22:50:35","modified_gmt":"2025-03-31T22:50:35","slug":"imprimante-photo-multifonction-jet-dencre-canon-pixma-ts7640i","status":"publish","type":"product","link":"https:\/\/digistar.ma\/?product=imprimante-photo-multifonction-jet-dencre-canon-pixma-ts7640i","title":{"rendered":"Imprimante Photo Multifonction Jet d&#8217;encre Canon PIXMA TS7640i"},"content":{"rendered":"<h3>Imprimante Photo Multifonction Jet d&#8217;encre Canon PIXMA TS7640i<\/h3>\n<p>Une imprimante rapide et de haute qualit\u00e9 qui s&#8217;int\u00e8gre parfaitement \u00e0 votre int\u00e9rieur gr\u00e2ce \u00e0 sa taille compacte et \u00e0 sa facilit\u00e9 d&#8217;utilisation rationalis\u00e9e.<\/p>\n<h3 class=\"product-variations__heading canon-color--grey-darkest canon-h2--big canon-mb-xs\">L&#8217;imprimante 3-en-1 polyvalente et de haute qualit\u00e9<\/h3>\n<p class=\"product-variations__paragraph canon-paragraph--large canon-mb-xxs canon-color--grey-darkest\">Avec ses commandes conviviales et ses performances haute vitesse et de haute qualit\u00e9, cette imprimante multifonction compacte s&#8217;adapte facilement \u00e0 tous les environnements.<\/p>\n<div class=\"block-flex-list__item block-flex-list__item--four\">\n<div class=\"block-flex-list__item-wrapper canon-color--grey-darkest\">\n<div class=\"block-flex-list__item-details\">\n<h3 class=\"canon-column-title--3-col-small canon-color--grey-darkest\">Interface utilisateur simple et intuitive<\/h3>\n<p class=\"block-flex-list__item-description canon-paragraph--medium canon-color--grey-darkest\">Profitez d&#8217;un fonctionnement sans effort gr\u00e2ce au syst\u00e8me d&#8217;interface utilisateur modulable<sup><a class=\"footnote-reference\" href=\"https:\/\/fr.canon-cna.com\/printers\/pixma-ts7640i\/#footnote-1\" target=\"_blank\" rel=\"noopener\">1<\/a><\/sup>\u00a0personnalisable et simplifi\u00e9, qui adapte les fonctions \u00e0 vos besoins\u00a0: travail, \u00e9tudes ou loisirs<\/p>\n<\/div>\n<\/div>\n<\/div>\n<div class=\"block-flex-list__item block-flex-list__item--four\">\n<div class=\"block-flex-list__item-wrapper canon-color--grey-darkest\"><picture class=\"canon-amplience block-flex-list__item-img-wrapper canon-amplience__lazy  \" aria-hidden=\"true\"><source class=\"canon-amplience__image lazy\" srcset=\"\/\/i1.adis.ws\/i\/canon\/pixma-ts7640i_benefit-module_02_85485b972ede402fba1d7dfd45014057?$block-grid-16by9-sm$\" type=\"image\/webp\" media=\"(min-width: 1472px)\" data-srcset=\"\/\/i1.adis.ws\/i\/canon\/pixma-ts7640i_benefit-module_02_85485b972ede402fba1d7dfd45014057?$block-grid-16by9-sm$\" \/><source class=\"canon-amplience__image lazy\" srcset=\"\/\/i1.adis.ws\/i\/canon\/pixma-ts7640i_benefit-module_02_85485b972ede402fba1d7dfd45014057?$block-grid-16by9-sm$\" type=\"image\/webp\" media=\"(min-width: 1200px)\" data-srcset=\"\/\/i1.adis.ws\/i\/canon\/pixma-ts7640i_benefit-module_02_85485b972ede402fba1d7dfd45014057?$block-grid-16by9-sm$\" \/><source class=\"canon-amplience__image lazy\" srcset=\"\/\/i1.adis.ws\/i\/canon\/pixma-ts7640i_benefit-module_02_85485b972ede402fba1d7dfd45014057?$block-grid-16by9-md$\" type=\"image\/webp\" media=\"(min-width: 769px)\" data-srcset=\"\/\/i1.adis.ws\/i\/canon\/pixma-ts7640i_benefit-module_02_85485b972ede402fba1d7dfd45014057?$block-grid-16by9-md$\" \/><source class=\"canon-amplience__image lazy\" srcset=\"\/\/i1.adis.ws\/i\/canon\/pixma-ts7640i_benefit-module_02_85485b972ede402fba1d7dfd45014057?$block-grid-16by9-sm$\" type=\"image\/webp\" media=\"(min-width: 0)\" data-srcset=\"\/\/i1.adis.ws\/i\/canon\/pixma-ts7640i_benefit-module_02_85485b972ede402fba1d7dfd45014057?$block-grid-16by9-sm$\" \/><img decoding=\"async\" class=\"canon-amplience__image placeholder--sixteen-by-nine lazy entered loaded\" src=\"https:\/\/i1.adis.ws\/i\/canon\/pixma-ts7640i_benefit-module_02_85485b972ede402fba1d7dfd45014057?$block-grid-16by9-md-jpg$\" srcset=\"\/\/i1.adis.ws\/i\/canon\/pixma-ts7640i_benefit-module_02_85485b972ede402fba1d7dfd45014057?$block-grid-16by9-md-jpg$\" data-src=\"\/\/i1.adis.ws\/i\/canon\/pixma-ts7640i_benefit-module_02_85485b972ede402fba1d7dfd45014057?$block-grid-16by9-md-jpg$\" data-srcset=\"\/\/i1.adis.ws\/i\/canon\/pixma-ts7640i_benefit-module_02_85485b972ede402fba1d7dfd45014057?$block-grid-16by9-md-jpg$\" data-ll-status=\"loaded\" \/><\/picture>\n<div class=\"block-flex-list__item-details\">\n<h2 class=\"canon-column-title--3-col-small canon-color--grey-darkest\">Impression rapide<\/h2>\n<p class=\"block-flex-list__item-description canon-paragraph--medium canon-color--grey-darkest\">Obtenez rapidement<sup><a class=\"footnote-reference\" href=\"https:\/\/fr.canon-cna.com\/printers\/pixma-ts7640i\/#footnote-2\" target=\"_blank\" rel=\"noopener\">2<\/a><\/sup>\u00a0vos documents avec des vitesses d&#8217;impression rapides de 15\u00a0ipm (noir et blanc) et 10\u00a0ipm (couleur), et imprimez une photo sans marge de 10\u00a0\u00d7\u00a015\u00a0cm en quelques secondes. Gagnez du temps gr\u00e2ce \u00e0 l&#8217;impression recto verso automatique, \u00e0 la double alimentation papier et \u00e0 la fonction de copie en un clic<\/p>\n<\/div>\n<\/div>\n<\/div>\n<div class=\"block-flex-list__item block-flex-list__item--four\">\n<div class=\"block-flex-list__item-wrapper canon-color--grey-darkest\">\n<div class=\"block-flex-list__item-details\">\n<h3 class=\"canon-column-title--3-col-small canon-color--grey-darkest\">Connectivit\u00e9 sans fil et par smartphone<\/h3>\n<p class=\"block-flex-list__item-description canon-paragraph--medium canon-color--grey-darkest\">Profitez d&#8217;une impression sans fil via les r\u00e9seaux Wi-Fi domestiques ou Wi-Fi Direct, et depuis les appareils mobiles avec l&#8217;application Canon PRINT, Mopria et Apple AirPrint<\/p>\n<\/div>\n<\/div>\n<\/div>\n<div class=\"block-flex-list__item block-flex-list__item--four\">\n<div class=\"block-flex-list__item-wrapper canon-color--grey-darkest\">\n<div class=\"block-flex-list__item-details\">\n<h3 class=\"canon-column-title--3-col-small canon-color--grey-darkest\">Logiciel cr\u00e9atif<\/h3>\n<p class=\"block-flex-list__item-description canon-paragraph--medium canon-color--grey-darkest\">Cr\u00e9ez des affiches, des prospectus, des cartes et bien plus encore avec des logiciels gratuits tels que Easy PhotoPrint Editor, Creative Park et PosterArtist Web<\/p>\n<\/div>\n<\/div>\n<\/div>\n","protected":false},"excerpt":{"rendered":"<p>Wi-Fi, Impression, Copie, Num\u00e9risation, Cloud<br \/>\nVitesse d&#8217;impression noir: 15,0 images\/min en norme ISO<br \/>\nVitesse d&#8217;impression couleur: 10,0 images\/min en norme ISO<br \/>\nQualit\u00e9 d&#8217;impression noire: Jusqu&#8217;\u00e0 1200 x 1200 dpi<br \/>\nQualit\u00e9 d&#8217;impression couleur: Jusqu&#8217;\u00e0 1200 x 1200 dpi<br \/>\nImpression recto\/verso: automatique<br \/>\nFonctionne avec: 2 Cartouches (Noir et Couleur)<br \/>\nConnectivit\u00e9: Wi-Fi; USB haute vitesse (B Port)<br \/>\nEncres fournies avec l&#8217;imprimante: PG-485 (Noir) CL-486 (Couleur)<\/p>\n","protected":false},"featured_media":14379,"comment_status":"open","ping_status":"closed","template":"","meta":{"_acf_changed":false,"_monsterinsights_skip_tracking":false,"_monsterinsights_sitenote_active":false,"_monsterinsights_sitenote_note":"","_monsterinsights_sitenote_category":0,"_uf_show_specific_survey":0,"_uf_disable_surveys":false,"_joinchat":[]},"product_brand":[],"product_cat":[15,253,266],"product_tag":[],"class_list":{"0":"post-14377","1":"product","2":"type-product","3":"status-publish","4":"has-post-thumbnail","6":"product_cat-imprimante-scanner","7":"product_cat-imprimante","8":"product_cat-multifonction-jet-dencre","10":"first","11":"instock","12":"sale","13":"shipping-taxable","14":"purchasable","15":"product-type-simple"},"acf":[],"jetpack_sharing_enabled":true,"_links":{"self":[{"href":"https:\/\/digistar.ma\/index.php?rest_route=\/wp\/v2\/product\/14377","targetHints":{"allow":["GET"]}}],"collection":[{"href":"https:\/\/digistar.ma\/index.php?rest_route=\/wp\/v2\/product"}],"about":[{"href":"https:\/\/digistar.ma\/index.php?rest_route=\/wp\/v2\/types\/product"}],"replies":[{"embeddable":true,"href":"https:\/\/digistar.ma\/index.php?rest_route=%2Fwp%2Fv2%2Fcomments&post=14377"}],"version-history":[{"count":1,"href":"https:\/\/digistar.ma\/index.php?rest_route=\/wp\/v2\/product\/14377\/revisions"}],"predecessor-version":[{"id":14386,"href":"https:\/\/digistar.ma\/index.php?rest_route=\/wp\/v2\/product\/14377\/revisions\/14386"}],"wp:featuredmedia":[{"embeddable":true,"href":"https:\/\/digistar.ma\/index.php?rest_route=\/wp\/v2\/media\/14379"}],"wp:attachment":[{"href":"https:\/\/digistar.ma\/index.php?rest_route=%2Fwp%2Fv2%2Fmedia&parent=14377"}],"wp:term":[{"taxonomy":"product_brand","embeddable":true,"href":"https:\/\/digistar.ma\/index.php?rest_route=%2Fwp%2Fv2%2Fproduct_brand&post=14377"},{"taxonomy":"product_cat","embeddable":true,"href":"https:\/\/digistar.ma\/index.php?rest_route=%2Fwp%2Fv2%2Fproduct_cat&post=14377"},{"taxonomy":"product_tag","embeddable":true,"href":"https:\/\/digistar.ma\/index.php?rest_route=%2Fwp%2Fv2%2Fproduct_tag&post=14377"}],"curies":[{"name":"wp","href":"https:\/\/api.w.org\/{rel}","templated":true}]}}