{"id":14422,"date":"2025-04-01T00:16:22","date_gmt":"2025-04-01T00:16:22","guid":{"rendered":"https:\/\/digistar.ma\/?post_type=product&#038;p=14422"},"modified":"2025-04-01T00:16:23","modified_gmt":"2025-04-01T00:16:23","slug":"sacoche-ugreen-pour-ordinateur-portable-13-a-13-9-pouces-20448","status":"publish","type":"product","link":"https:\/\/digistar.ma\/?product=sacoche-ugreen-pour-ordinateur-portable-13-a-13-9-pouces-20448","title":{"rendered":"Sacoche Ugreen pour ordinateur portable 13 \u00e0 13.9 Pouces 20448"},"content":{"rendered":"<h4>Sacoche Ugreen pour ordinateur portable 13 \u00e0 13.9 Pouces 20448<\/h4>\n<p><span>Une sacoche pour ordinateur portable confortable et design est indispensable pour quiconque souhaite utiliser son appareil en toute libert\u00e9. Emportez votre ordinateur portable avec vous pour travailler et jouer, mais rangez-le dans une housse robuste. <\/span><\/p>\n<p><span>C&#8217;est la seule fa\u00e7on de le prot\u00e9ger des dommages, des chocs et m\u00eame du vol. Des couches int\u00e9rieures souples prot\u00e8gent votre \u00e9quipement des rayures. La conception \u00e0 trois couches est le choix id\u00e9al. Avec la marque UGRENN, vous pouvez vous attendre \u00e0 un appareil non seulement robuste, mais aussi \u00e9l\u00e9gant.<\/span><\/p>\n<p><strong><span>Sp\u00e9cification:<\/span><\/strong><\/p>\n<ul>\n<li><span>Marque : Ugreen<\/span><\/li>\n<li><span>Dimensions : 250 x 345 x 60 mm<\/span><\/li>\n<li><span>Compatibilit\u00e9 : avec les ordinateurs portables avec une taille d&#8217;\u00e9cran jusqu&#8217;\u00e0 13 pouces<\/span><\/li>\n<\/ul>\n<p><strong><span>Les caract\u00e9ristiques les plus importantes :<\/span><\/strong><\/p>\n<ul>\n<li><span>Construction solide \u00e0 trois couches<\/span><\/li>\n<li><span>La couche ext\u00e9rieure est constitu\u00e9e d&#8217;un mat\u00e9riau imperm\u00e9able et r\u00e9sistant aux rayures<\/span><\/li>\n<li><span>Doublure douce \u00e0 l&#8217;int\u00e9rieur<\/span><\/li>\n<li><span>\u00c9quipement riche = beaucoup de poches et de compartiments<\/span><\/li>\n<li><span>Poign\u00e9es confortables<\/span><\/li>\n<li><span>Design de bon go\u00fbt<\/span><\/li>\n<\/ul>\n<p><strong><span>Construction solide \u00e0 trois couches<\/span><\/strong><\/p>\n<p><span>La housse Ugreen est compos\u00e9e de trois couches. La couche ext\u00e9rieure offre une protection optimale contre l&#8217;humidit\u00e9 et les infiltrations d&#8217;eau. En cas de pluie, votre ordinateur portable sera en s\u00e9curit\u00e9\u00a0! Son esth\u00e9tique est durable et il est insensible aux rayures.<\/span><\/p>\n<p><span>La couche interm\u00e9diaire est constitu\u00e9e d&#8217;une mousse fine et d\u00e9licate absorbant les chocs. \u00c0 l&#8217;int\u00e9rieur, une doublure en mat\u00e9riau souple prot\u00e8ge le bo\u00eetier des rayures.<\/span><\/p>\n<p><strong><span>Organisation int\u00e9rieure pratique<\/span><\/strong><\/p>\n<p><span>\u00c0 l&#8217;int\u00e9rieur du sac, outre un compartiment pour ordinateur portable, vous trouverez plusieurs poches pour vos petits objets. Vous pourrez y ranger cl\u00e9s, t\u00e9l\u00e9phone, chargeur, \u00e9couteurs, cl\u00e9s USB, cartes m\u00e9moire, portefeuille et tout ce dont vous avez besoin en voyage\u00a0!<\/span><\/p>\n<p><strong><span>Confortable \u00e0 tenir<\/span><\/strong><\/p>\n<p><span>Le sac est dot\u00e9 de deux poign\u00e9es qui \u00e9pousent parfaitement la main. Selon vos pr\u00e9f\u00e9rences, vous pouvez \u00e9galement le ranger en dessous, comme une mallette.<\/span><\/p>\n","protected":false},"excerpt":{"rendered":"<ul>\n<li>Marque : Ugreen<\/li>\n<li>Dimensions : 250 x 345 x 60 mm<\/li>\n<li>Compatibilit\u00e9 : avec les ordinateurs portables avec une taille d&#8217;\u00e9cran jusqu&#8217;\u00e0 13 \u00e0 13.9 pouces<\/li>\n<\/ul>\n","protected":false},"featured_media":14423,"comment_status":"open","ping_status":"closed","template":"","meta":{"_acf_changed":false,"_monsterinsights_skip_tracking":false,"_monsterinsights_sitenote_active":false,"_monsterinsights_sitenote_note":"","_monsterinsights_sitenote_category":0,"_uf_show_specific_survey":0,"_uf_disable_surveys":false,"_joinchat":[]},"product_brand":[],"product_cat":[257,304],"product_tag":[],"class_list":{"0":"post-14422","1":"product","2":"type-product","3":"status-publish","4":"has-post-thumbnail","6":"product_cat-sacoche-et-sac-a-dos","7":"product_cat-sacoche-pc-portable","9":"first","10":"instock","11":"sale","12":"shipping-taxable","13":"purchasable","14":"product-type-simple"},"acf":[],"jetpack_sharing_enabled":true,"_links":{"self":[{"href":"https:\/\/digistar.ma\/index.php?rest_route=\/wp\/v2\/product\/14422","targetHints":{"allow":["GET"]}}],"collection":[{"href":"https:\/\/digistar.ma\/index.php?rest_route=\/wp\/v2\/product"}],"about":[{"href":"https:\/\/digistar.ma\/index.php?rest_route=\/wp\/v2\/types\/product"}],"replies":[{"embeddable":true,"href":"https:\/\/digistar.ma\/index.php?rest_route=%2Fwp%2Fv2%2Fcomments&post=14422"}],"version-history":[{"count":1,"href":"https:\/\/digistar.ma\/index.php?rest_route=\/wp\/v2\/product\/14422\/revisions"}],"predecessor-version":[{"id":14429,"href":"https:\/\/digistar.ma\/index.php?rest_route=\/wp\/v2\/product\/14422\/revisions\/14429"}],"wp:featuredmedia":[{"embeddable":true,"href":"https:\/\/digistar.ma\/index.php?rest_route=\/wp\/v2\/media\/14423"}],"wp:attachment":[{"href":"https:\/\/digistar.ma\/index.php?rest_route=%2Fwp%2Fv2%2Fmedia&parent=14422"}],"wp:term":[{"taxonomy":"product_brand","embeddable":true,"href":"https:\/\/digistar.ma\/index.php?rest_route=%2Fwp%2Fv2%2Fproduct_brand&post=14422"},{"taxonomy":"product_cat","embeddable":true,"href":"https:\/\/digistar.ma\/index.php?rest_route=%2Fwp%2Fv2%2Fproduct_cat&post=14422"},{"taxonomy":"product_tag","embeddable":true,"href":"https:\/\/digistar.ma\/index.php?rest_route=%2Fwp%2Fv2%2Fproduct_tag&post=14422"}],"curies":[{"name":"wp","href":"https:\/\/api.w.org\/{rel}","templated":true}]}}