{"id":14453,"date":"2025-04-01T01:10:35","date_gmt":"2025-04-01T01:10:35","guid":{"rendered":"https:\/\/digistar.ma\/?post_type=product&#038;p=14453"},"modified":"2025-04-01T01:10:35","modified_gmt":"2025-04-01T01:10:35","slug":"souris-sans-fil-ugreen-design-ergonomique-2-4ghz-90545","status":"publish","type":"product","link":"https:\/\/digistar.ma\/?product=souris-sans-fil-ugreen-design-ergonomique-2-4ghz-90545","title":{"rendered":"Souris sans fil Ugreen Design Ergonomique 2.4GHz 90545"},"content":{"rendered":"<h3>Souris sans fil Ugreen Design Ergonomique 2.4GHz 90545<\/h3>\n<p>La souris sans fil ergonomique s&#8217;adapte parfaitement \u00e0 la paume, ce qui r\u00e9duit la fatigue du poignet.<\/p>\n<p>Gr\u00e2ce au rev\u00eatement doux pour la peau, la prise en main de cette souris est confortable, et elle est anti-transpiration et antid\u00e9rapante, ce qui am\u00e9liore votre exp\u00e9rience pendant une utilisation prolong\u00e9e.<\/p>\n<p>&nbsp;<\/p>\n<div class=\"celwidget aplus-module premium-module-4-two-column-images aplus-premium\">\n<div class=\"a-section a-spacing-none premium-aplus premium-aplus-module-4 aplus-container-1\">\n<div class=\"a-section a-spacing-none premium-aplus-two-column\">\n<div class=\"a-section a-spacing-none premium-aplus-column\">\n<div class=\"a-section a-spacing-none {'column-image'}\"><img decoding=\"async\" class=\"\" src=\"https:\/\/m.media-amazon.com\/images\/S\/aplus-media-library-service-media\/7dab8b63-5963-4d83-bc9e-d03621df1dac.__CR0,0,650,350_PT0_SX650_V1___.jpg\" alt=\"10Mins\" data-src=\"https:\/\/m.media-amazon.com\/images\/S\/aplus-media-library-service-media\/7dab8b63-5963-4d83-bc9e-d03621df1dac.__CR0,0,650,350_PT0_SX650_V1___.jpg\" \/><\/div>\n<div class=\"a-section a-spacing-none column-heading\">\n<h3 class=\"aplus-h3 a-text-bold\">Mode Veille Automatique<\/h3>\n<\/div>\n<div class=\"a-section a-spacing-none column-description\">\n<p class=\"aplus-p3\">Si vous n&#8217;utilisez pas la souris pendant environ 10 minutes, la souris passe automatiquement en mode veille, ce qui prolonge \u00e9norm\u00e9ment la dur\u00e9e de vie de la batterie. Besoin de rallumer ? NON! Avec le prochain clic, il est imm\u00e9diatement pr\u00eat \u00e0 repartir.<\/p>\n<\/div>\n<\/div>\n<div class=\"a-section a-spacing-none premium-aplus-column\">\n<div class=\"a-section a-spacing-none {'column-image'}\"><img decoding=\"async\" class=\"\" src=\"https:\/\/m.media-amazon.com\/images\/S\/aplus-media-library-service-media\/50e2632f-0aa9-44fb-8dba-27c13ece35ec.__CR0,0,650,350_PT0_SX650_V1___.jpg\" alt=\"18mois\" data-src=\"https:\/\/m.media-amazon.com\/images\/S\/aplus-media-library-service-media\/50e2632f-0aa9-44fb-8dba-27c13ece35ec.__CR0,0,650,350_PT0_SX650_V1___.jpg\" \/><\/div>\n<div class=\"a-section a-spacing-none column-heading\">\n<h3 class=\"aplus-h3 a-text-bold\">Autonomie Prolong\u00e9e<\/h3>\n<\/div>\n<div class=\"a-section a-spacing-none column-description\">\n<p class=\"aplus-p3\">Gr\u00e2ce \u00e0 la technologie d&#8217;\u00e9conomie d&#8217;\u00e9nergie, la dur\u00e9e de vie de la batterie de la souris atteint un maximum de 18 mois. Mettez la pile une fois et vous n&#8217;aurez qu&#8217;\u00e0 la changer au bout d&#8217;un an et demi. (Remarque : la batterie n&#8217;est pas incluse)<\/p>\n<\/div>\n<\/div>\n<\/div>\n<\/div>\n<\/div>\n<div class=\"celwidget aplus-module premium-module-4-two-column-images aplus-premium\">\n<div class=\"a-section a-spacing-none premium-aplus premium-aplus-module-4 aplus-container-1\">\n<div class=\"a-section a-spacing-none premium-aplus-two-column\">\n<div class=\"a-section a-spacing-none premium-aplus-column\">\n<div class=\"a-section a-spacing-none {'column-image'}\"><img decoding=\"async\" class=\"\" src=\"https:\/\/m.media-amazon.com\/images\/S\/aplus-media-library-service-media\/50983b3e-af5f-4bcc-9058-2dbf18127b08.__CR0,0,650,350_PT0_SX650_V1___.jpg\" alt=\"silencieux\" data-src=\"https:\/\/m.media-amazon.com\/images\/S\/aplus-media-library-service-media\/50983b3e-af5f-4bcc-9058-2dbf18127b08.__CR0,0,650,350_PT0_SX650_V1___.jpg\" \/><\/div>\n<div class=\"a-section a-spacing-none column-heading\">\n<h3 class=\"aplus-h3 a-text-bold\">Clic Doux &#8211; Travail Plus Silencieux<\/h3>\n<\/div>\n<div class=\"a-section a-spacing-none column-description\">\n<p class=\"aplus-p3\">Lorsque vous appuyez sur le bouton de la souris, le son est l\u00e9g\u00e8rement inf\u00e9rieur \u00e0 40 dB, donc il est tr\u00e8s silencieux et \u00e0 peine audible. Si vous travaillez de nuit, en web r\u00e9union ou dans de grands bureaux, cette souris est particuli\u00e8rement adapt\u00e9e.<\/p>\n<\/div>\n<\/div>\n<div class=\"a-section a-spacing-none premium-aplus-column\">\n<div class=\"a-section a-spacing-none column-heading\">\n<h3 class=\"aplus-h3 a-text-bold\">Coussinets Antid\u00e9rapants &#8211; Exp\u00e9rience Am\u00e9lior\u00e9e<\/h3>\n<\/div>\n<div class=\"a-section a-spacing-none column-description\">\n<p class=\"aplus-p3\">La souris est \u00e9quip\u00e9e d&#8217;un repose-pieds antid\u00e9rapant, durable et lisse, de sorte qu&#8217;il n&#8217;y a pas de bruit de frottement lors du d\u00e9placement de la souris, m\u00eame sur des surfaces dures. Il peut \u00eatre utilis\u00e9 sur une vari\u00e9t\u00e9 de surfaces telles que la r\u00e9sine\/le cuir\/le bois\/le tissu\/le papier.<\/p>\n<\/div>\n<\/div>\n<\/div>\n<\/div>\n<\/div>\n","protected":false},"excerpt":{"rendered":"<table class=\"ug-product-specs\">\n<tbody>\n<tr>\n<td><b>Sku<\/b><\/td>\n<td>90545<\/td>\n<\/tr>\n<tr>\n<td><b>Couleur<\/b><\/td>\n<td>Noir<\/td>\n<\/tr>\n<tr>\n<td><b>Technologie de connectivit\u00e9<\/b><\/td>\n<td>USB<\/td>\n<\/tr>\n<tr>\n<td><b>Caract\u00e9ristique sp\u00e9ciale<\/b><\/td>\n<td>Portable, Conception ergonomique, Sans fil, Silencieux<\/td>\n<\/tr>\n<tr>\n<td><b>Technologie de d\u00e9tection des mouvements<\/b><\/td>\n<td>Optique<\/td>\n<\/tr>\n<tr>\n<td><b>Nombre de boutons<\/b><\/td>\n<td>6<\/td>\n<\/tr>\n<tr>\n<td><b>Orientation des mains<\/b><\/td>\n<td>Ambidextre<\/td>\n<\/tr>\n<tr>\n<td><b>Nom de mod\u00e8le<\/b><\/td>\n<td>90545<\/td>\n<\/tr>\n<tr>\n<td><b>Usages recommand\u00e9s pour le produit<\/b><\/td>\n<td>Ordinateur Portable<\/td>\n<\/tr>\n<tr>\n<td><b>Appareils compatibles<\/b><\/td>\n<td>Laptop, Ordinateur personnel<\/td>\n<\/tr>\n<\/tbody>\n<\/table>\n","protected":false},"featured_media":14454,"comment_status":"open","ping_status":"closed","template":"","meta":{"_acf_changed":false,"_monsterinsights_skip_tracking":false,"_monsterinsights_sitenote_active":false,"_monsterinsights_sitenote_note":"","_monsterinsights_sitenote_category":0,"_uf_show_specific_survey":0,"_uf_disable_surveys":false,"_joinchat":[]},"product_brand":[],"product_cat":[15],"product_tag":[],"class_list":{"0":"post-14453","1":"product","2":"type-product","3":"status-publish","4":"has-post-thumbnail","6":"product_cat-imprimante-scanner","8":"first","9":"instock","10":"sale","11":"shipping-taxable","12":"purchasable","13":"product-type-simple"},"acf":[],"jetpack_sharing_enabled":true,"_links":{"self":[{"href":"https:\/\/digistar.ma\/index.php?rest_route=\/wp\/v2\/product\/14453","targetHints":{"allow":["GET"]}}],"collection":[{"href":"https:\/\/digistar.ma\/index.php?rest_route=\/wp\/v2\/product"}],"about":[{"href":"https:\/\/digistar.ma\/index.php?rest_route=\/wp\/v2\/types\/product"}],"replies":[{"embeddable":true,"href":"https:\/\/digistar.ma\/index.php?rest_route=%2Fwp%2Fv2%2Fcomments&post=14453"}],"version-history":[{"count":1,"href":"https:\/\/digistar.ma\/index.php?rest_route=\/wp\/v2\/product\/14453\/revisions"}],"predecessor-version":[{"id":14460,"href":"https:\/\/digistar.ma\/index.php?rest_route=\/wp\/v2\/product\/14453\/revisions\/14460"}],"wp:featuredmedia":[{"embeddable":true,"href":"https:\/\/digistar.ma\/index.php?rest_route=\/wp\/v2\/media\/14454"}],"wp:attachment":[{"href":"https:\/\/digistar.ma\/index.php?rest_route=%2Fwp%2Fv2%2Fmedia&parent=14453"}],"wp:term":[{"taxonomy":"product_brand","embeddable":true,"href":"https:\/\/digistar.ma\/index.php?rest_route=%2Fwp%2Fv2%2Fproduct_brand&post=14453"},{"taxonomy":"product_cat","embeddable":true,"href":"https:\/\/digistar.ma\/index.php?rest_route=%2Fwp%2Fv2%2Fproduct_cat&post=14453"},{"taxonomy":"product_tag","embeddable":true,"href":"https:\/\/digistar.ma\/index.php?rest_route=%2Fwp%2Fv2%2Fproduct_tag&post=14453"}],"curies":[{"name":"wp","href":"https:\/\/api.w.org\/{rel}","templated":true}]}}