{"id":14991,"date":"2025-09-13T09:01:10","date_gmt":"2025-09-13T09:01:10","guid":{"rendered":"https:\/\/digistar.ma\/?post_type=product&#038;p=14991"},"modified":"2025-09-13T09:14:38","modified_gmt":"2025-09-13T09:14:38","slug":"mini-presse-a-chaud-professionnelle","status":"publish","type":"product","link":"https:\/\/digistar.ma\/?product=mini-presse-a-chaud-professionnelle","title":{"rendered":"Mini Presse \u00e0 Chaud Professionnelle"},"content":{"rendered":"<h2 data-start=\"256\" data-end=\"745\">Mini Presse \u00e0 Chaud Professionnelle<\/h2>\n<p data-start=\"256\" data-end=\"745\">La <strong data-start=\"259\" data-end=\"282\">mini presse \u00e0 chaud<\/strong> est une machine compacte, pratique et performante con\u00e7ue pour les amateurs de loisirs cr\u00e9atifs, les ateliers de personnalisation textile et les professionnels de la sublimation. Gr\u00e2ce \u00e0 son format r\u00e9duit et sa facilit\u00e9 d\u2019utilisation, cette <strong data-start=\"523\" data-end=\"552\">presse thermique portable<\/strong> est id\u00e9ale pour appliquer des motifs, logos, photos ou textes sur diff\u00e9rents supports tels que les t-shirts, sweats, casquettes, sacs en tissu, coussins, mugs, pochettes et bien plus encore.<\/p>\n<p data-start=\"747\" data-end=\"1115\">Dot\u00e9e d\u2019une <strong data-start=\"759\" data-end=\"803\">plaque chauffante \u00e0 temp\u00e9rature r\u00e9glable<\/strong>, la <strong data-start=\"808\" data-end=\"840\">mini presse \u00e0 chaud manuelle<\/strong> permet de contr\u00f4ler la chaleur et la pression pour obtenir un transfert de haute qualit\u00e9, durable et r\u00e9sistant au lavage. Elle est compatible avec le vinyle thermocollant, le flocage textile, le flex de d\u00e9coupe, ainsi que les papiers de transfert et encres de sublimation.<\/p>\n<p data-start=\"1117\" data-end=\"1507\">Facile \u00e0 transporter, l\u00e9g\u00e8re et ergonomique, cette <strong data-start=\"1168\" data-end=\"1195\">presse \u00e0 chaud portable<\/strong> est l\u2019outil parfait pour les petites s\u00e9ries, les cr\u00e9ations personnalis\u00e9es ou encore les cadeaux sur mesure. Elle s\u2019adresse aux artisans, ateliers de personnalisation textile, imprimeurs et passionn\u00e9s de DIY (Do It Yourself) souhaitant r\u00e9aliser des impressions de qualit\u00e9 professionnelle avec un budget r\u00e9duit.<\/p>\n<h2 data-start=\"1514\" data-end=\"1572\">Caract\u00e9ristiques techniques de la mini presse \u00e0 chaud<\/h2>\n<ul data-start=\"1573\" data-end=\"2070\">\n<li data-start=\"1573\" data-end=\"1633\">\n<p data-start=\"1575\" data-end=\"1633\">Dimensions compactes : facile \u00e0 ranger et \u00e0 transporter.<\/p>\n<\/li>\n<li data-start=\"1634\" data-end=\"1715\">\n<p data-start=\"1636\" data-end=\"1715\">Plaque chauffante antiadh\u00e9sive : pour une r\u00e9partition uniforme de la chaleur.<\/p>\n<\/li>\n<li data-start=\"1716\" data-end=\"1775\">\n<p data-start=\"1718\" data-end=\"1775\">Temp\u00e9rature r\u00e9glable : de 0\u00b0C \u00e0 200\u00b0C selon le support.<\/p>\n<\/li>\n<li data-start=\"1776\" data-end=\"1837\">\n<p data-start=\"1778\" data-end=\"1837\">Minuterie int\u00e9gr\u00e9e : r\u00e9glage pr\u00e9cis du temps de pressage.<\/p>\n<\/li>\n<li data-start=\"1838\" data-end=\"1910\">\n<p data-start=\"1840\" data-end=\"1910\">Poign\u00e9e ergonomique : pour une utilisation confortable et s\u00e9curis\u00e9e.<\/p>\n<\/li>\n<li data-start=\"1911\" data-end=\"2001\">\n<p data-start=\"1913\" data-end=\"2001\">Compatibilit\u00e9 : vinyle thermocollant, flex de d\u00e9coupe, sublimation, transfert textile.<\/p>\n<\/li>\n<li data-start=\"2002\" data-end=\"2070\">\n<p data-start=\"2004\" data-end=\"2070\">Alimentation : adapt\u00e9e aux usages domestiques et professionnels.<\/p>\n<\/li>\n<\/ul>\n<h2 data-start=\"2077\" data-end=\"2117\">Avantages de la mini presse \u00e0 chaud<\/h2>\n<ul data-start=\"2118\" data-end=\"2642\">\n<li data-start=\"2118\" data-end=\"2205\">\n<p data-start=\"2120\" data-end=\"2205\">Compacte et portable : id\u00e9ale pour les d\u00e9placements, foires ou ateliers \u00e0 domicile.<\/p>\n<\/li>\n<li data-start=\"2206\" data-end=\"2283\">\n<p data-start=\"2208\" data-end=\"2283\">Facile d\u2019utilisation : accessible aux d\u00e9butants comme aux professionnels.<\/p>\n<\/li>\n<li data-start=\"2284\" data-end=\"2354\">\n<p data-start=\"2286\" data-end=\"2354\">Rapidit\u00e9 de production : transferts r\u00e9alis\u00e9s en quelques secondes.<\/p>\n<\/li>\n<li data-start=\"2355\" data-end=\"2448\">\n<p data-start=\"2357\" data-end=\"2448\">R\u00e9sultats professionnels : impression durable, r\u00e9sistante aux lavages et aux frottements.<\/p>\n<\/li>\n<li data-start=\"2449\" data-end=\"2557\">\n<p data-start=\"2451\" data-end=\"2557\">Polyvalente : convient pour t-shirts, casquettes, sacs, coussins, mugs, textile et objets personnalis\u00e9s.<\/p>\n<\/li>\n<li data-start=\"2558\" data-end=\"2642\">\n<p data-start=\"2560\" data-end=\"2642\">\u00c9conomique : alternative abordable aux grandes presses \u00e0 chaud professionnelles.<\/p>\n<\/li>\n<\/ul>\n","protected":false},"excerpt":{"rendered":"<ul data-start=\"1573\" data-end=\"2070\">\n<li data-start=\"1573\" data-end=\"1633\">\n<p data-start=\"1575\" data-end=\"1633\">Dimensions compactes : facile \u00e0 ranger et \u00e0 transporter.<\/p>\n<\/li>\n<li data-start=\"1634\" data-end=\"1715\">\n<p data-start=\"1636\" data-end=\"1715\">Plaque chauffante antiadh\u00e9sive : pour une r\u00e9partition uniforme de la chaleur.<\/p>\n<\/li>\n<li data-start=\"1716\" data-end=\"1775\">\n<p data-start=\"1718\" data-end=\"1775\">Temp\u00e9rature r\u00e9glable : de 0\u00b0C \u00e0 200\u00b0C selon le support.<\/p>\n<\/li>\n<li data-start=\"1776\" data-end=\"1837\">\n<p data-start=\"1778\" data-end=\"1837\">Minuterie int\u00e9gr\u00e9e : r\u00e9glage pr\u00e9cis du temps de pressage.<\/p>\n<\/li>\n<li data-start=\"1838\" data-end=\"1910\">\n<p data-start=\"1840\" data-end=\"1910\">Poign\u00e9e ergonomique : pour une utilisation confortable et s\u00e9curis\u00e9e.<\/p>\n<\/li>\n<li data-start=\"1911\" data-end=\"2001\">\n<p data-start=\"1913\" data-end=\"2001\">Compatibilit\u00e9 : vinyle thermocollant, flex de d\u00e9coupe, sublimation, transfert textile.<\/p>\n<\/li>\n<li data-start=\"2002\" data-end=\"2070\">\n<p data-start=\"2004\" data-end=\"2070\">Alimentation : adapt\u00e9e aux usages domestiques et professionnels.<\/p>\n<\/li>\n<\/ul>\n","protected":false},"featured_media":14992,"comment_status":"open","ping_status":"closed","template":"","meta":{"_acf_changed":false,"_monsterinsights_skip_tracking":false,"_monsterinsights_sitenote_active":false,"_monsterinsights_sitenote_note":"","_monsterinsights_sitenote_category":0,"_uf_show_specific_survey":0,"_uf_disable_surveys":false,"_joinchat":[]},"product_brand":[],"product_cat":[384],"product_tag":[],"class_list":{"0":"post-14991","1":"product","2":"type-product","3":"status-publish","4":"has-post-thumbnail","6":"product_cat-fournitures-dimpression","8":"first","9":"instock","10":"sale","11":"shipping-taxable","12":"purchasable","13":"product-type-simple"},"acf":[],"jetpack_sharing_enabled":true,"_links":{"self":[{"href":"https:\/\/digistar.ma\/index.php?rest_route=\/wp\/v2\/product\/14991","targetHints":{"allow":["GET"]}}],"collection":[{"href":"https:\/\/digistar.ma\/index.php?rest_route=\/wp\/v2\/product"}],"about":[{"href":"https:\/\/digistar.ma\/index.php?rest_route=\/wp\/v2\/types\/product"}],"replies":[{"embeddable":true,"href":"https:\/\/digistar.ma\/index.php?rest_route=%2Fwp%2Fv2%2Fcomments&post=14991"}],"version-history":[{"count":1,"href":"https:\/\/digistar.ma\/index.php?rest_route=\/wp\/v2\/product\/14991\/revisions"}],"predecessor-version":[{"id":14996,"href":"https:\/\/digistar.ma\/index.php?rest_route=\/wp\/v2\/product\/14991\/revisions\/14996"}],"wp:featuredmedia":[{"embeddable":true,"href":"https:\/\/digistar.ma\/index.php?rest_route=\/wp\/v2\/media\/14992"}],"wp:attachment":[{"href":"https:\/\/digistar.ma\/index.php?rest_route=%2Fwp%2Fv2%2Fmedia&parent=14991"}],"wp:term":[{"taxonomy":"product_brand","embeddable":true,"href":"https:\/\/digistar.ma\/index.php?rest_route=%2Fwp%2Fv2%2Fproduct_brand&post=14991"},{"taxonomy":"product_cat","embeddable":true,"href":"https:\/\/digistar.ma\/index.php?rest_route=%2Fwp%2Fv2%2Fproduct_cat&post=14991"},{"taxonomy":"product_tag","embeddable":true,"href":"https:\/\/digistar.ma\/index.php?rest_route=%2Fwp%2Fv2%2Fproduct_tag&post=14991"}],"curies":[{"name":"wp","href":"https:\/\/api.w.org\/{rel}","templated":true}]}}