{"id":15024,"date":"2025-09-15T09:13:05","date_gmt":"2025-09-15T09:13:05","guid":{"rendered":"https:\/\/digistar.ma\/?post_type=product&#038;p=15024"},"modified":"2025-09-15T09:14:28","modified_gmt":"2025-09-15T09:14:28","slug":"massicot-a4-manuel-coupe-papier","status":"publish","type":"product","link":"https:\/\/digistar.ma\/?product=massicot-a4-manuel-coupe-papier","title":{"rendered":"Massicot A4 Manuel Coupe Papier"},"content":{"rendered":"<h2>Massicot A4 Manuel Coupe Papier<\/h2>\n<p data-start=\"295\" data-end=\"734\">Le <strong data-start=\"298\" data-end=\"333\">massicot A4 manuel coupe papier<\/strong> est l\u2019outil id\u00e9al pour les bureaux, \u00e9coles, imprimeries, administrations, copy-shops et ateliers de reprographie qui recherchent une solution fiable et pr\u00e9cise pour la <strong data-start=\"502\" data-end=\"523\">d\u00e9coupe de papier<\/strong>. Con\u00e7u pour un usage intensif comme occasionnel, ce <strong data-start=\"576\" data-end=\"602\">massicot professionnel<\/strong> permet de couper facilement plusieurs feuilles \u00e0 la fois avec une grande pr\u00e9cision, garantissant des <strong data-start=\"704\" data-end=\"731\">bords nets et r\u00e9guliers<\/strong>.<\/p>\n<p data-start=\"736\" data-end=\"1082\">Gr\u00e2ce \u00e0 sa <strong data-start=\"747\" data-end=\"792\">lame tranchante en acier de haute qualit\u00e9<\/strong>, le massicot assure une <strong data-start=\"817\" data-end=\"842\">coupe droite et nette<\/strong> sans effort. Sa <strong data-start=\"859\" data-end=\"876\">r\u00e8gle gradu\u00e9e<\/strong> et son guide de positionnement facilitent l\u2019alignement parfait des documents au format <strong data-start=\"964\" data-end=\"970\">A4<\/strong>. Avec une base stable et antid\u00e9rapante, il offre une utilisation s\u00e9curis\u00e9e et confortable pour l\u2019utilisateur.<\/p>\n<h3 data-start=\"1084\" data-end=\"1120\">Caract\u00e9ristiques principales :<\/h3>\n<ul data-start=\"1121\" data-end=\"1547\">\n<li data-start=\"1121\" data-end=\"1164\">\n<p data-start=\"1123\" data-end=\"1164\"><strong data-start=\"1123\" data-end=\"1131\">Type<\/strong> : Massicot manuel coupe papier<\/p>\n<\/li>\n<li data-start=\"1165\" data-end=\"1208\">\n<p data-start=\"1167\" data-end=\"1208\"><strong data-start=\"1167\" data-end=\"1186\">Format support\u00e9<\/strong> : A4 (21 x 29,7 cm)<\/p>\n<\/li>\n<li data-start=\"1209\" data-end=\"1286\">\n<p data-start=\"1211\" data-end=\"1286\"><strong data-start=\"1211\" data-end=\"1232\">Capacit\u00e9 de coupe<\/strong> : Plusieurs feuilles simultan\u00e9ment (selon grammage)<\/p>\n<\/li>\n<li data-start=\"1287\" data-end=\"1343\">\n<p data-start=\"1289\" data-end=\"1343\"><strong data-start=\"1289\" data-end=\"1317\">Lame en acier inoxydable<\/strong> : Tranchante et durable<\/p>\n<\/li>\n<li data-start=\"1344\" data-end=\"1414\">\n<p data-start=\"1346\" data-end=\"1414\"><strong data-start=\"1346\" data-end=\"1362\">Base robuste<\/strong> avec rep\u00e8res de mesure pour un alignement parfait<\/p>\n<\/li>\n<li data-start=\"1415\" data-end=\"1471\">\n<p data-start=\"1417\" data-end=\"1471\"><strong data-start=\"1417\" data-end=\"1440\">Poign\u00e9e ergonomique<\/strong> pour une manipulation facile<\/p>\n<\/li>\n<li data-start=\"1472\" data-end=\"1547\">\n<p data-start=\"1474\" data-end=\"1547\"><strong data-start=\"1474\" data-end=\"1499\">Utilisation s\u00e9curis\u00e9e<\/strong> gr\u00e2ce au syst\u00e8me de maintien et de protection<\/p>\n<\/li>\n<\/ul>\n<h3 data-start=\"1549\" data-end=\"1588\">Avantages du Massicot A4 Manuel :<\/h3>\n<ul data-start=\"1589\" data-end=\"1994\">\n<li data-start=\"1589\" data-end=\"1697\">\n<p data-start=\"1591\" data-end=\"1697\">Id\u00e9al pour la <strong data-start=\"1605\" data-end=\"1694\">coupe pr\u00e9cise de documents, brochures, flyers, cartes, photos et papiers bureautiques<\/strong>.<\/p>\n<\/li>\n<li data-start=\"1698\" data-end=\"1759\">\n<p data-start=\"1700\" data-end=\"1759\">Gain de temps gr\u00e2ce \u00e0 une <strong data-start=\"1726\" data-end=\"1756\">d\u00e9coupe rapide et efficace<\/strong>.<\/p>\n<\/li>\n<li data-start=\"1760\" data-end=\"1856\">\n<p data-start=\"1762\" data-end=\"1856\">Convient parfaitement pour les <strong data-start=\"1793\" data-end=\"1853\">travaux de bureautique, artisanat, reliure et impression<\/strong>.<\/p>\n<\/li>\n<li data-start=\"1857\" data-end=\"1931\">\n<p data-start=\"1859\" data-end=\"1931\">Compact et facile \u00e0 transporter, adapt\u00e9 aux petits espaces de travail.<\/p>\n<\/li>\n<li data-start=\"1932\" data-end=\"1994\">\n<p data-start=\"1934\" data-end=\"1994\">Con\u00e7u pour durer avec des mat\u00e9riaux solides et r\u00e9sistants.<\/p>\n<\/li>\n<\/ul>\n","protected":false},"excerpt":{"rendered":"<ul>\n<li data-start=\"1121\" data-end=\"1164\">\n<p data-start=\"1123\" data-end=\"1164\"><strong data-start=\"1123\" data-end=\"1131\">Type<\/strong> : Massicot manuel coupe papier<\/p>\n<\/li>\n<li data-start=\"1165\" data-end=\"1208\">\n<p data-start=\"1167\" data-end=\"1208\"><strong data-start=\"1167\" data-end=\"1186\">Format support\u00e9<\/strong> : A4 (21 x 29,7 cm)<\/p>\n<\/li>\n<li data-start=\"1209\" data-end=\"1286\">\n<p data-start=\"1211\" data-end=\"1286\"><strong data-start=\"1211\" data-end=\"1232\">Capacit\u00e9 de coupe<\/strong> : Plusieurs feuilles simultan\u00e9ment (selon grammage)<\/p>\n<\/li>\n<li data-start=\"1287\" data-end=\"1343\">\n<p data-start=\"1289\" data-end=\"1343\"><strong data-start=\"1289\" data-end=\"1317\">Lame en acier inoxydable<\/strong> : Tranchante et durable<\/p>\n<\/li>\n<li data-start=\"1344\" data-end=\"1414\">\n<p data-start=\"1346\" data-end=\"1414\"><strong data-start=\"1346\" data-end=\"1362\">Base robuste<\/strong> avec rep\u00e8res de mesure pour un alignement parfait<\/p>\n<\/li>\n<li data-start=\"1415\" data-end=\"1471\">\n<p data-start=\"1417\" data-end=\"1471\"><strong data-start=\"1417\" data-end=\"1440\">Poign\u00e9e ergonomique<\/strong> pour une manipulation facile<\/p>\n<\/li>\n<li data-start=\"1472\" data-end=\"1547\">\n<p data-start=\"1474\" data-end=\"1547\"><strong data-start=\"1474\" data-end=\"1499\">Utilisation s\u00e9curis\u00e9e<\/strong> gr\u00e2ce au syst\u00e8me de maintien et de protection<\/p>\n<\/li>\n<\/ul>\n","protected":false},"featured_media":15030,"comment_status":"open","ping_status":"closed","template":"","meta":{"_acf_changed":false,"_monsterinsights_skip_tracking":false,"_monsterinsights_sitenote_active":false,"_monsterinsights_sitenote_note":"","_monsterinsights_sitenote_category":0,"_uf_show_specific_survey":0,"_uf_disable_surveys":false,"_joinchat":[]},"product_brand":[],"product_cat":[384],"product_tag":[],"class_list":{"0":"post-15024","1":"product","2":"type-product","3":"status-publish","4":"has-post-thumbnail","6":"product_cat-fournitures-dimpression","8":"first","9":"instock","10":"sale","11":"shipping-taxable","12":"purchasable","13":"product-type-simple"},"acf":[],"jetpack_sharing_enabled":true,"_links":{"self":[{"href":"https:\/\/digistar.ma\/index.php?rest_route=\/wp\/v2\/product\/15024","targetHints":{"allow":["GET"]}}],"collection":[{"href":"https:\/\/digistar.ma\/index.php?rest_route=\/wp\/v2\/product"}],"about":[{"href":"https:\/\/digistar.ma\/index.php?rest_route=\/wp\/v2\/types\/product"}],"replies":[{"embeddable":true,"href":"https:\/\/digistar.ma\/index.php?rest_route=%2Fwp%2Fv2%2Fcomments&post=15024"}],"version-history":[{"count":1,"href":"https:\/\/digistar.ma\/index.php?rest_route=\/wp\/v2\/product\/15024\/revisions"}],"predecessor-version":[{"id":15031,"href":"https:\/\/digistar.ma\/index.php?rest_route=\/wp\/v2\/product\/15024\/revisions\/15031"}],"wp:featuredmedia":[{"embeddable":true,"href":"https:\/\/digistar.ma\/index.php?rest_route=\/wp\/v2\/media\/15030"}],"wp:attachment":[{"href":"https:\/\/digistar.ma\/index.php?rest_route=%2Fwp%2Fv2%2Fmedia&parent=15024"}],"wp:term":[{"taxonomy":"product_brand","embeddable":true,"href":"https:\/\/digistar.ma\/index.php?rest_route=%2Fwp%2Fv2%2Fproduct_brand&post=15024"},{"taxonomy":"product_cat","embeddable":true,"href":"https:\/\/digistar.ma\/index.php?rest_route=%2Fwp%2Fv2%2Fproduct_cat&post=15024"},{"taxonomy":"product_tag","embeddable":true,"href":"https:\/\/digistar.ma\/index.php?rest_route=%2Fwp%2Fv2%2Fproduct_tag&post=15024"}],"curies":[{"name":"wp","href":"https:\/\/api.w.org\/{rel}","templated":true}]}}