{"id":15133,"date":"2025-09-24T15:14:30","date_gmt":"2025-09-24T15:14:30","guid":{"rendered":"https:\/\/digistar.ma\/?post_type=product&#038;p=15133"},"modified":"2025-09-24T15:15:54","modified_gmt":"2025-09-24T15:15:54","slug":"imprimante-ruban-satin-machine-de-personnalisation-pro-2","status":"publish","type":"product","link":"https:\/\/digistar.ma\/?product=imprimante-ruban-satin-machine-de-personnalisation-pro-2","title":{"rendered":"Imprimante Ruban Satin Machine de Personnalisation Pro"},"content":{"rendered":"<h2>Imprimante Ruban Satin Machine de Personnalisation Pro<\/h2>\n<blockquote>\n<p data-start=\"232\" data-end=\"582\">L\u2019<strong data-start=\"234\" data-end=\"260\">imprimante ruban satin<\/strong> est un \u00e9quipement indispensable pour les <strong data-start=\"302\" data-end=\"402\">ateliers de personnalisation, imprimeries, entreprises \u00e9v\u00e9nementielles, d\u00e9corateurs et cr\u00e9ateurs<\/strong>. Con\u00e7ue pour l\u2019impression directe sur <strong data-start=\"441\" data-end=\"459\">rubans satin\u00e9s<\/strong>, cette machine permet de r\u00e9aliser des <strong data-start=\"498\" data-end=\"540\">marquages \u00e9l\u00e9gants, pr\u00e9cis et durables<\/strong> pour une grande vari\u00e9t\u00e9 d\u2019applications.<\/p>\n<p data-start=\"584\" data-end=\"957\">Avec cette <strong data-start=\"595\" data-end=\"642\">imprimante professionnelle pour ruban satin<\/strong>, vous pouvez personnaliser facilement vos <strong data-start=\"685\" data-end=\"825\">emballages cadeaux, d\u00e9corations de mariage, anniversaires, c\u00e9r\u00e9monies, \u00e9v\u00e9nements corporatifs, packaging de luxe et objets promotionnels<\/strong>. Gr\u00e2ce \u00e0 une impression nette et de haute qualit\u00e9, le r\u00e9sultat final apporte une <strong data-start=\"907\" data-end=\"936\">touche \u00e9l\u00e9gante et unique<\/strong> \u00e0 chaque cr\u00e9ation.<\/p>\n<\/blockquote>\n<p data-start=\"959\" data-end=\"1237\">Compacte, fiable et facile \u00e0 utiliser, l\u2019imprimante offre une grande <strong data-start=\"1028\" data-end=\"1057\">polyvalence d\u2019utilisation<\/strong>. Elle est compatible avec diff\u00e9rents types de <strong data-start=\"1104\" data-end=\"1143\">rubans satin\u00e9s de diverses largeurs<\/strong> et prend en charge l\u2019impression de <strong data-start=\"1179\" data-end=\"1234\">logos, textes, symboles et graphismes personnalis\u00e9s<\/strong>.<\/p>\n<h2 data-start=\"1244\" data-end=\"1278\">Caract\u00e9ristiques techniques :<\/h2>\n<ul data-start=\"1279\" data-end=\"1708\">\n<li data-start=\"1279\" data-end=\"1324\">\n<p data-start=\"1281\" data-end=\"1324\"><strong data-start=\"1281\" data-end=\"1289\">Type<\/strong> : Imprimante pour rubans satin\u00e9s<\/p>\n<\/li>\n<li data-start=\"1325\" data-end=\"1425\">\n<p data-start=\"1327\" data-end=\"1425\"><strong data-start=\"1327\" data-end=\"1343\">Applications<\/strong> : Mariages, \u00e9v\u00e9nements, packaging, cadeaux personnalis\u00e9s, d\u00e9coration, publicit\u00e9<\/p>\n<\/li>\n<li data-start=\"1426\" data-end=\"1498\">\n<p data-start=\"1428\" data-end=\"1498\"><strong data-start=\"1428\" data-end=\"1445\">Compatibilit\u00e9<\/strong> : Rubans satin de diff\u00e9rentes largeurs et couleurs<\/p>\n<\/li>\n<li data-start=\"1499\" data-end=\"1560\">\n<p data-start=\"1501\" data-end=\"1560\"><strong data-start=\"1501\" data-end=\"1515\">Impression<\/strong> : Haute pr\u00e9cision, textes, logos et motifs<\/p>\n<\/li>\n<li data-start=\"1561\" data-end=\"1650\">\n<p data-start=\"1563\" data-end=\"1650\"><strong data-start=\"1563\" data-end=\"1578\">Utilisation<\/strong> : Facile et rapide, adapt\u00e9e aux professionnels et semi-professionnels<\/p>\n<\/li>\n<li data-start=\"1651\" data-end=\"1708\">\n<p data-start=\"1653\" data-end=\"1708\"><strong data-start=\"1653\" data-end=\"1665\">R\u00e9sultat<\/strong> : Marquage \u00e9l\u00e9gant, durable et r\u00e9sistant<\/p>\n<\/li>\n<\/ul>\n<h2 data-start=\"1715\" data-end=\"1759\">Avantages de l\u2019Imprimante Ruban Satin :<\/h2>\n<ul data-start=\"1760\" data-end=\"2112\">\n<li data-start=\"1760\" data-end=\"1819\">\n<p data-start=\"1762\" data-end=\"1819\"><strong data-start=\"1762\" data-end=\"1798\">Personnalisation professionnelle<\/strong> de rubans satin\u00e9s.<\/p>\n<\/li>\n<li data-start=\"1820\" data-end=\"1888\">\n<p data-start=\"1822\" data-end=\"1888\"><strong data-start=\"1822\" data-end=\"1856\">R\u00e9sultats \u00e9l\u00e9gants et raffin\u00e9s<\/strong> pour \u00e9v\u00e9nements et packaging.<\/p>\n<\/li>\n<li data-start=\"1889\" data-end=\"1961\">\n<p data-start=\"1891\" data-end=\"1961\"><strong data-start=\"1891\" data-end=\"1920\">Polyvalence d\u2019utilisation<\/strong> pour cadeaux, c\u00e9r\u00e9monies et publicit\u00e9.<\/p>\n<\/li>\n<li data-start=\"1962\" data-end=\"2027\">\n<p data-start=\"1964\" data-end=\"2027\"><strong data-start=\"1964\" data-end=\"1995\">Impression rapide et simple<\/strong> pour une production efficace.<\/p>\n<\/li>\n<li data-start=\"2028\" data-end=\"2112\">\n<p data-start=\"2030\" data-end=\"2112\"><strong data-start=\"2030\" data-end=\"2109\">Id\u00e9ale pour ateliers de marquage, d\u00e9corateurs et organisateurs d\u2019\u00e9v\u00e9nements<\/strong>.<\/p>\n<\/li>\n<\/ul>\n","protected":false},"excerpt":{"rendered":"<ul data-start=\"1279\" data-end=\"1708\">\n<li data-start=\"1279\" data-end=\"1324\">\n<p data-start=\"1281\" data-end=\"1324\"><strong data-start=\"1281\" data-end=\"1289\">Type<\/strong> : Imprimante pour rubans satin\u00e9s<\/p>\n<\/li>\n<li data-start=\"1325\" data-end=\"1425\">\n<p data-start=\"1327\" data-end=\"1425\"><strong data-start=\"1327\" data-end=\"1343\">Applications<\/strong> : Mariages, \u00e9v\u00e9nements, packaging, cadeaux personnalis\u00e9s, d\u00e9coration, publicit\u00e9<\/p>\n<\/li>\n<li data-start=\"1426\" data-end=\"1498\">\n<p data-start=\"1428\" data-end=\"1498\"><strong data-start=\"1428\" data-end=\"1445\">Compatibilit\u00e9<\/strong> : Rubans satin de diff\u00e9rentes largeurs et couleurs<\/p>\n<\/li>\n<li data-start=\"1499\" data-end=\"1560\">\n<p data-start=\"1501\" data-end=\"1560\"><strong data-start=\"1501\" data-end=\"1515\">Impression<\/strong> : Haute pr\u00e9cision, textes, logos et motifs<\/p>\n<\/li>\n<li data-start=\"1561\" data-end=\"1650\">\n<p data-start=\"1563\" data-end=\"1650\"><strong data-start=\"1563\" data-end=\"1578\">Utilisation<\/strong> : Facile et rapide, adapt\u00e9e aux professionnels et semi-professionnels<\/p>\n<\/li>\n<li data-start=\"1651\" data-end=\"1708\">\n<p data-start=\"1653\" data-end=\"1708\"><strong data-start=\"1653\" data-end=\"1665\">R\u00e9sultat<\/strong> : Marquage \u00e9l\u00e9gant, durable et r\u00e9sistant<\/p>\n<\/li>\n<\/ul>\n","protected":false},"featured_media":15244,"comment_status":"open","ping_status":"closed","template":"","meta":{"_acf_changed":false,"_monsterinsights_skip_tracking":false,"_monsterinsights_sitenote_active":false,"_monsterinsights_sitenote_note":"","_monsterinsights_sitenote_category":0,"_uf_show_specific_survey":0,"_uf_disable_surveys":false,"_joinchat":[]},"product_brand":[],"product_cat":[384],"product_tag":[],"class_list":{"0":"post-15133","1":"product","2":"type-product","3":"status-publish","4":"has-post-thumbnail","6":"product_cat-fournitures-dimpression","8":"first","9":"instock","10":"sale","11":"shipping-taxable","12":"purchasable","13":"product-type-simple"},"acf":[],"jetpack_sharing_enabled":true,"_links":{"self":[{"href":"https:\/\/digistar.ma\/index.php?rest_route=\/wp\/v2\/product\/15133","targetHints":{"allow":["GET"]}}],"collection":[{"href":"https:\/\/digistar.ma\/index.php?rest_route=\/wp\/v2\/product"}],"about":[{"href":"https:\/\/digistar.ma\/index.php?rest_route=\/wp\/v2\/types\/product"}],"replies":[{"embeddable":true,"href":"https:\/\/digistar.ma\/index.php?rest_route=%2Fwp%2Fv2%2Fcomments&post=15133"}],"version-history":[{"count":1,"href":"https:\/\/digistar.ma\/index.php?rest_route=\/wp\/v2\/product\/15133\/revisions"}],"predecessor-version":[{"id":15245,"href":"https:\/\/digistar.ma\/index.php?rest_route=\/wp\/v2\/product\/15133\/revisions\/15245"}],"wp:featuredmedia":[{"embeddable":true,"href":"https:\/\/digistar.ma\/index.php?rest_route=\/wp\/v2\/media\/15244"}],"wp:attachment":[{"href":"https:\/\/digistar.ma\/index.php?rest_route=%2Fwp%2Fv2%2Fmedia&parent=15133"}],"wp:term":[{"taxonomy":"product_brand","embeddable":true,"href":"https:\/\/digistar.ma\/index.php?rest_route=%2Fwp%2Fv2%2Fproduct_brand&post=15133"},{"taxonomy":"product_cat","embeddable":true,"href":"https:\/\/digistar.ma\/index.php?rest_route=%2Fwp%2Fv2%2Fproduct_cat&post=15133"},{"taxonomy":"product_tag","embeddable":true,"href":"https:\/\/digistar.ma\/index.php?rest_route=%2Fwp%2Fv2%2Fproduct_tag&post=15133"}],"curies":[{"name":"wp","href":"https:\/\/api.w.org\/{rel}","templated":true}]}}