{"id":15332,"date":"2025-10-09T12:58:43","date_gmt":"2025-10-09T12:58:43","guid":{"rendered":"https:\/\/digistar.ma\/?post_type=product&#038;p=15332"},"modified":"2025-10-09T13:01:16","modified_gmt":"2025-10-09T13:01:16","slug":"tablette-graphique-a-stylet-wacom-intuos-pro-medium-bluetooth-ptk670k0b","status":"publish","type":"product","link":"https:\/\/digistar.ma\/?product=tablette-graphique-a-stylet-wacom-intuos-pro-medium-bluetooth-ptk670k0b","title":{"rendered":"Tablette Graphique \u00e0 stylet Wacom Intuos Pro Medium Bluetooth PTK670K0B"},"content":{"rendered":"<h3>Tablette Graphique \u00e0 stylet Wacom Intuos Pro Medium Bluetooth PTK670K0B<\/h3>\n<h2 class=\"h2-master\">Pr\u00e9cision et facilit\u00e9<\/h2>\n<section>R\u00e9alisez des projets en toute s\u00e9r\u00e9nit\u00e9 avec la tablette graphique\u00a0<strong>Wacom Intuos Pro Medium<\/strong>. Equip\u00e9e de touches ExpressKeys, d&#8217;un stylet Pro Pen 3 avec 8192 niveaux de pression et d&#8217;un repose-stylet, ce mod\u00e8le poss\u00e8de de solides arguments pour vous accompagner au quotidien. D\u00e9couvrez la qualit\u00e9 professionnelle de Wacom sur votre PC ou Mac via l&#8217;USB ou une connexion sans fil Bluetooth.<\/section>\n<section>\n<div class=\"desc-image\"><img decoding=\"async\" src=\"https:\/\/media.ldlc.com\/bo\/images\/fiches\/Tablette_graphique\/wacom\/Intuos_Pro_Large\/1.jpg\" alt=\"\" \/><\/div>\n<div class=\"desc-text\">\n<h2>Format adapt\u00e9<\/h2>\n<p>La tablette graphique Intuos Pro Medium<strong>\u00a0<\/strong>offre une\u00a0<strong>surface active de 263 x 148 mm<\/strong>\u00a0pour un\u00a0<strong>format de 291 x 206 mm<\/strong>. Son design moderne int\u00e8gre \u00e9galement une\u00a0<strong>\u00e9paisseur de 4 \u00e0 7 mm<\/strong>.<\/p>\n<p>Con\u00e7ue pour les professionnels qui exigent un espace de travail optimal, la tablette Wacom Intuos Pro Medium offre un contr\u00f4le \u00e9tendu pour le montage vid\u00e9o, la mod\u00e9lisation 3D et l&#8217;animation.<\/p>\n<\/div>\n<\/section>\n<section>\n<div class=\"desc-text\">\n<h2>Gagnez en efficacit\u00e9<\/h2>\n<p>La tablette\u00a0<strong>Intuos Pro<\/strong>\u00a0dispose de\u00a0<strong>touches ExpressKeys<\/strong>\u00a0configurables qui offrent un acc\u00e8s rapide et sans effort aux raccourcis essentiels. Positionn\u00e9es des deux c\u00f4t\u00e9s pour un confort maximal, elles minimisent les mouvements tout en pr\u00e9servant l&#8217;efficacit\u00e9.<\/p>\n<p>En outre, leur forme concave am\u00e9liore la facilit\u00e9 d&#8217;utilisation et, dans les applications n\u00e9cessitant des r\u00e9glages pr\u00e9cis, elles peuvent fonctionner comme des curseurs directionnels, garantissant un contr\u00f4le fluide.<\/p>\n<\/div>\n<div class=\"desc-image\"><img decoding=\"async\" src=\"https:\/\/media.ldlc.com\/bo\/images\/fiches\/Tablette_graphique\/wacom\/Intuos_Pro_Large\/2.jpg\" alt=\"\" \/><\/div>\n<\/section>\n<section>\n<div class=\"desc-image\"><img decoding=\"async\" src=\"https:\/\/media.ldlc.com\/bo\/images\/fiches\/Tablette_graphique\/wacom\/Intuos_Pro_Large\/3.jpg\" alt=\"\" \/><\/div>\n<div class=\"desc-text\">\n<h2>Stylet Pro Pen 3<\/h2>\n<p>Le stylet Wacom\u00a0<strong>Pro Pen 3<\/strong>\u00a0est livr\u00e9 avec votre tablette pour une ma\u00eetrise totale de ses capacit\u00e9s. Dot\u00e9 d&#8217;une pr\u00e9cision exceptionnelle et de\u00a0<strong>8192 niveaux de pression<\/strong>\u00a0sur la pointe et la gomme, ce stylet vous accompagnera dans tous vos projets.<\/p>\n<p>De plus, il est dot\u00e9 d&#8217;une\u00a0<strong>am\u00e9lioration de l&#8217;inclinaison de +\/- 60 degr\u00e9s<\/strong>\u00a0pour qu&#8217;il d\u00e9tecte chaque nuance et chaque changement, afin que le moindre effleurement apparaisse \u00e0 l&#8217;\u00e9cran.<\/p>\n<\/div>\n<\/section>\n","protected":false},"excerpt":{"rendered":"<ul>\n<li><b>Tablette graphique de 291 x 206 x 4\/7 mm<\/b><\/li>\n<li><strong>Surface active : 263 x 148 mm<\/strong><\/li>\n<li><strong>Stylet Wacom Pro Pen 2<\/strong>\u00a0avec\u00a0<strong>8192 niveaux de pression pour une pr\u00e9cision extr\u00eame<\/strong><\/li>\n<li><strong>Porte-stylet inclus<\/strong><\/li>\n<li><b>Touches ExpressKeys personnalisables<\/b><\/li>\n<li>Utilisation ambidextre<\/li>\n<li>Connexion par USB ou Bluetooth<\/li>\n<li>Jusqu&#8217;\u00e0 16 heures d&#8217;autonomie<\/li>\n<\/ul>\n","protected":false},"featured_media":15333,"comment_status":"open","ping_status":"closed","template":"","meta":{"_acf_changed":false,"_monsterinsights_skip_tracking":false,"_monsterinsights_sitenote_active":false,"_monsterinsights_sitenote_note":"","_monsterinsights_sitenote_category":0,"_uf_show_specific_survey":0,"_uf_disable_surveys":false,"_joinchat":[]},"product_brand":[],"product_cat":[245],"product_tag":[],"class_list":{"0":"post-15332","1":"product","2":"type-product","3":"status-publish","4":"has-post-thumbnail","6":"product_cat-tablette-graphique","8":"first","9":"instock","10":"sale","11":"shipping-taxable","12":"purchasable","13":"product-type-simple"},"acf":[],"jetpack_sharing_enabled":true,"_links":{"self":[{"href":"https:\/\/digistar.ma\/index.php?rest_route=\/wp\/v2\/product\/15332","targetHints":{"allow":["GET"]}}],"collection":[{"href":"https:\/\/digistar.ma\/index.php?rest_route=\/wp\/v2\/product"}],"about":[{"href":"https:\/\/digistar.ma\/index.php?rest_route=\/wp\/v2\/types\/product"}],"replies":[{"embeddable":true,"href":"https:\/\/digistar.ma\/index.php?rest_route=%2Fwp%2Fv2%2Fcomments&post=15332"}],"version-history":[{"count":2,"href":"https:\/\/digistar.ma\/index.php?rest_route=\/wp\/v2\/product\/15332\/revisions"}],"predecessor-version":[{"id":15339,"href":"https:\/\/digistar.ma\/index.php?rest_route=\/wp\/v2\/product\/15332\/revisions\/15339"}],"wp:featuredmedia":[{"embeddable":true,"href":"https:\/\/digistar.ma\/index.php?rest_route=\/wp\/v2\/media\/15333"}],"wp:attachment":[{"href":"https:\/\/digistar.ma\/index.php?rest_route=%2Fwp%2Fv2%2Fmedia&parent=15332"}],"wp:term":[{"taxonomy":"product_brand","embeddable":true,"href":"https:\/\/digistar.ma\/index.php?rest_route=%2Fwp%2Fv2%2Fproduct_brand&post=15332"},{"taxonomy":"product_cat","embeddable":true,"href":"https:\/\/digistar.ma\/index.php?rest_route=%2Fwp%2Fv2%2Fproduct_cat&post=15332"},{"taxonomy":"product_tag","embeddable":true,"href":"https:\/\/digistar.ma\/index.php?rest_route=%2Fwp%2Fv2%2Fproduct_tag&post=15332"}],"curies":[{"name":"wp","href":"https:\/\/api.w.org\/{rel}","templated":true}]}}