{"id":16716,"date":"2026-03-09T15:24:20","date_gmt":"2026-03-09T15:24:20","guid":{"rendered":"https:\/\/digistar.ma\/?post_type=product&#038;p=16716"},"modified":"2026-03-09T15:24:21","modified_gmt":"2026-03-09T15:24:21","slug":"flex-de-decoupe-textile-dore-50cm-x-5m-pour-transfert-a-chaud","status":"publish","type":"product","link":"https:\/\/digistar.ma\/?product=flex-de-decoupe-textile-dore-50cm-x-5m-pour-transfert-a-chaud","title":{"rendered":"Flex de D\u00e9coupe Textile Dor\u00e9 50cm x 5m pour Transfert \u00e0 Chaud"},"content":{"rendered":"<h3>Flex de D\u00e9coupe Textile Dor\u00e9 50cm x 5m pour Transfert \u00e0 Chaud<\/h3>\n<h3 data-section-id=\"7geirn\" data-start=\"366\" data-end=\"432\">Flex textile dor\u00e9 pour personnalisation textile professionnelle<\/h3>\n<p data-start=\"434\" data-end=\"622\">Le <strong data-start=\"437\" data-end=\"481\">flex de d\u00e9coupe textile dor\u00e9 50 cm x 5 m<\/strong> est un <strong data-start=\"489\" data-end=\"527\">vinyle thermocollant haute qualit\u00e9<\/strong> con\u00e7u pour la <strong data-start=\"542\" data-end=\"587\">personnalisation de v\u00eatements et textiles<\/strong> avec un rendu brillant et \u00e9l\u00e9gant.<\/p>\n<p data-start=\"624\" data-end=\"849\">Ce flex est id\u00e9al pour r\u00e9aliser des <strong data-start=\"660\" data-end=\"702\">logos, textes et designs personnalis\u00e9s<\/strong> sur diff\u00e9rents supports textiles. Il se d\u00e9coupe facilement avec un <strong data-start=\"770\" data-end=\"792\">plotter de d\u00e9coupe<\/strong> et s\u2019applique rapidement gr\u00e2ce \u00e0 une <strong data-start=\"830\" data-end=\"848\">presse \u00e0 chaud<\/strong>.<\/p>\n<p data-start=\"851\" data-end=\"974\">Gr\u00e2ce \u00e0 sa <strong data-start=\"862\" data-end=\"910\">forte adh\u00e9rence et sa r\u00e9sistance aux lavages<\/strong>, ce flex garantit un marquage textile durable et professionnel.<\/p>\n<h2 data-section-id=\"19dle6\" data-start=\"1336\" data-end=\"1363\">\ud83d\udc55 Compatibilit\u00e9 textile<\/h2>\n<p data-start=\"1365\" data-end=\"1410\">Ce flex thermocollant peut \u00eatre utilis\u00e9 sur :<\/p>\n<ul data-start=\"1412\" data-end=\"1545\">\n<li data-section-id=\"17m6fiu\" data-start=\"1412\" data-end=\"1424\">\n<p data-start=\"1414\" data-end=\"1424\">T-shirts<\/p>\n<\/li>\n<li data-section-id=\"18no27\" data-start=\"1425\" data-end=\"1435\">\n<p data-start=\"1427\" data-end=\"1435\">Sweats<\/p>\n<\/li>\n<li data-section-id=\"625xtd\" data-start=\"1436\" data-end=\"1445\">\n<p data-start=\"1438\" data-end=\"1445\">Coton<\/p>\n<\/li>\n<li data-section-id=\"qjs3b\" data-start=\"1446\" data-end=\"1459\">\n<p data-start=\"1448\" data-end=\"1459\">Polyester<\/p>\n<\/li>\n<li data-section-id=\"mdw0o4\" data-start=\"1460\" data-end=\"1487\">\n<p data-start=\"1462\" data-end=\"1487\">M\u00e9lange coton\/polyester<\/p>\n<\/li>\n<li data-section-id=\"nf44i1\" data-start=\"1488\" data-end=\"1505\">\n<p data-start=\"1490\" data-end=\"1505\">Sacs en tissu<\/p>\n<\/li>\n<li data-section-id=\"1ia1ixm\" data-start=\"1506\" data-end=\"1519\">\n<p data-start=\"1508\" data-end=\"1519\">Uniformes<\/p>\n<\/li>\n<li data-section-id=\"877k9v\" data-start=\"1520\" data-end=\"1545\">\n<p data-start=\"1522\" data-end=\"1545\">V\u00eatements promotionnels<\/p>\n<\/li>\n<\/ul>\n","protected":false},"excerpt":{"rendered":"<ul>\n<li data-section-id=\"1a8ohp0\" data-start=\"1016\" data-end=\"1045\">\n<p data-start=\"1018\" data-end=\"1045\"><strong data-start=\"1018\" data-end=\"1031\">Couleur :<\/strong> Dor\u00e9 (Gold)<\/p>\n<\/li>\n<li data-section-id=\"q7jjqb\" data-start=\"1046\" data-end=\"1069\">\n<p data-start=\"1048\" data-end=\"1069\"><strong data-start=\"1048\" data-end=\"1061\">Largeur :<\/strong> 50 cm<\/p>\n<\/li>\n<li data-section-id=\"14oaj1r\" data-start=\"1070\" data-end=\"1097\">\n<p data-start=\"1072\" data-end=\"1097\"><strong data-start=\"1072\" data-end=\"1086\">Longueur :<\/strong> 5 m\u00e8tres<\/p>\n<\/li>\n<li data-section-id=\"1vic5gw\" data-start=\"1098\" data-end=\"1148\">\n<p data-start=\"1100\" data-end=\"1148\"><strong data-start=\"1100\" data-end=\"1110\">Type :<\/strong> Flex thermocollant \/ vinyle textile<\/p>\n<\/li>\n<li data-section-id=\"10acer0\" data-start=\"1149\" data-end=\"1188\">\n<p data-start=\"1151\" data-end=\"1188\"><strong data-start=\"1151\" data-end=\"1168\">Application :<\/strong> Transfert \u00e0 chaud<\/p>\n<\/li>\n<li data-section-id=\"1plnash\" data-start=\"1189\" data-end=\"1217\"><strong data-start=\"1220\" data-end=\"1233\">D\u00e9coupe :<\/strong> Plotter de d\u00e9coupe<\/li>\n<li data-section-id=\"1s05xx1\" data-start=\"1255\" data-end=\"1283\">\n<p data-start=\"1257\" data-end=\"1283\"><strong data-start=\"1257\" data-end=\"1274\">\u00c9chenillage :<\/strong> Facile<\/p>\n<\/li>\n<li data-section-id=\"1uq9me7\" data-start=\"1284\" data-end=\"1329\">\n<p data-start=\"1286\" data-end=\"1329\"><strong data-start=\"1286\" data-end=\"1302\">R\u00e9sistance :<\/strong> Excellente tenue au lavage<\/p>\n<\/li>\n<\/ul>\n","protected":false},"featured_media":16717,"comment_status":"open","ping_status":"closed","template":"","meta":{"_acf_changed":false,"_monsterinsights_skip_tracking":false,"_monsterinsights_sitenote_active":false,"_monsterinsights_sitenote_note":"","_monsterinsights_sitenote_category":0,"_uf_show_specific_survey":0,"_uf_disable_surveys":false,"_joinchat":[]},"product_brand":[],"product_cat":[384],"product_tag":[],"class_list":{"0":"post-16716","1":"product","2":"type-product","3":"status-publish","4":"has-post-thumbnail","6":"product_cat-fournitures-dimpression","8":"first","9":"instock","10":"sale","11":"shipping-taxable","12":"purchasable","13":"product-type-simple"},"acf":[],"jetpack_sharing_enabled":true,"_links":{"self":[{"href":"https:\/\/digistar.ma\/index.php?rest_route=\/wp\/v2\/product\/16716","targetHints":{"allow":["GET"]}}],"collection":[{"href":"https:\/\/digistar.ma\/index.php?rest_route=\/wp\/v2\/product"}],"about":[{"href":"https:\/\/digistar.ma\/index.php?rest_route=\/wp\/v2\/types\/product"}],"replies":[{"embeddable":true,"href":"https:\/\/digistar.ma\/index.php?rest_route=%2Fwp%2Fv2%2Fcomments&post=16716"}],"version-history":[{"count":2,"href":"https:\/\/digistar.ma\/index.php?rest_route=\/wp\/v2\/product\/16716\/revisions"}],"predecessor-version":[{"id":16722,"href":"https:\/\/digistar.ma\/index.php?rest_route=\/wp\/v2\/product\/16716\/revisions\/16722"}],"wp:featuredmedia":[{"embeddable":true,"href":"https:\/\/digistar.ma\/index.php?rest_route=\/wp\/v2\/media\/16717"}],"wp:attachment":[{"href":"https:\/\/digistar.ma\/index.php?rest_route=%2Fwp%2Fv2%2Fmedia&parent=16716"}],"wp:term":[{"taxonomy":"product_brand","embeddable":true,"href":"https:\/\/digistar.ma\/index.php?rest_route=%2Fwp%2Fv2%2Fproduct_brand&post=16716"},{"taxonomy":"product_cat","embeddable":true,"href":"https:\/\/digistar.ma\/index.php?rest_route=%2Fwp%2Fv2%2Fproduct_cat&post=16716"},{"taxonomy":"product_tag","embeddable":true,"href":"https:\/\/digistar.ma\/index.php?rest_route=%2Fwp%2Fv2%2Fproduct_tag&post=16716"}],"curies":[{"name":"wp","href":"https:\/\/api.w.org\/{rel}","templated":true}]}}