{"id":16846,"date":"2026-03-15T23:36:06","date_gmt":"2026-03-15T23:36:06","guid":{"rendered":"https:\/\/digistar.ma\/?post_type=product&#038;p=16846"},"modified":"2026-03-15T23:38:25","modified_gmt":"2026-03-15T23:38:25","slug":"papier-de-sublimation-a4-jojo-transfer-paper-haute-qualite","status":"publish","type":"product","link":"https:\/\/digistar.ma\/?product=papier-de-sublimation-a4-jojo-transfer-paper-haute-qualite","title":{"rendered":"Papier de Sublimation A4 JoJo Transfer Paper Haute Qualit\u00e9"},"content":{"rendered":"<h3>Papier de Sublimation A4 JoJo Transfer Paper Haute Qualit\u00e9<\/h3>\n<p data-start=\"308\" data-end=\"593\">Le <strong data-start=\"311\" data-end=\"344\">papier de sublimation A4 JoJo<\/strong> est sp\u00e9cialement con\u00e7u pour le transfert thermique haute d\u00e9finition sur diff\u00e9rents supports compatibles sublimation. Il garantit des <strong data-start=\"478\" data-end=\"538\">couleurs vives, un transfert pr\u00e9cis et un s\u00e9chage rapide<\/strong>, id\u00e9al pour les professionnels de la personnalisation.<\/p>\n<p data-start=\"595\" data-end=\"800\">Parfait pour l\u2019impression sur <strong data-start=\"625\" data-end=\"711\">tasses, textiles polyester, puzzles, coques, plaques photo et objets personnalis\u00e9s<\/strong>, ce papier assure une excellente restitution des d\u00e9tails avec les encres de sublimation.<\/p>\n<p data-start=\"802\" data-end=\"920\">Compatible avec les imprimantes jet d\u2019encre utilisant des <strong data-start=\"860\" data-end=\"888\">encres sublimation Epson<\/strong> et autres imprimantes adapt\u00e9es.<\/p>\n<p data-start=\"802\" data-end=\"920\"><img fetchpriority=\"high\" decoding=\"async\" class=\"alignnone wp-image-16849\" src=\"https:\/\/digistar.ma\/wp-content\/uploads\/2026\/03\/Papier-de-Sublimation-A4-JoJo-Transfer-Paper-Haute-Qualite-2-300x300.jpg\" alt=\"\" width=\"345\" height=\"345\" srcset=\"https:\/\/digistar.ma\/wp-content\/uploads\/2026\/03\/Papier-de-Sublimation-A4-JoJo-Transfer-Paper-Haute-Qualite-2-300x300.jpg 300w, https:\/\/digistar.ma\/wp-content\/uploads\/2026\/03\/Papier-de-Sublimation-A4-JoJo-Transfer-Paper-Haute-Qualite-2-150x150.jpg 150w, https:\/\/digistar.ma\/wp-content\/uploads\/2026\/03\/Papier-de-Sublimation-A4-JoJo-Transfer-Paper-Haute-Qualite-2-768x768.jpg 768w, https:\/\/digistar.ma\/wp-content\/uploads\/2026\/03\/Papier-de-Sublimation-A4-JoJo-Transfer-Paper-Haute-Qualite-2-600x600.jpg 600w, https:\/\/digistar.ma\/wp-content\/uploads\/2026\/03\/Papier-de-Sublimation-A4-JoJo-Transfer-Paper-Haute-Qualite-2-100x100.jpg 100w, https:\/\/digistar.ma\/wp-content\/uploads\/2026\/03\/Papier-de-Sublimation-A4-JoJo-Transfer-Paper-Haute-Qualite-2.jpg 1024w\" sizes=\"(max-width: 345px) 100vw, 345px\" \/><\/p>\n<h3 data-section-id=\"1lhszvz\" data-start=\"922\" data-end=\"942\"><strong data-start=\"926\" data-end=\"942\">Applications<\/strong><\/h3>\n<ul data-start=\"943\" data-end=\"1105\">\n<li data-section-id=\"8ibx2h\" data-start=\"943\" data-end=\"976\">\n<p data-start=\"945\" data-end=\"976\">Impression sur mugs et tasses<\/p>\n<\/li>\n<li data-section-id=\"p4qwkh\" data-start=\"977\" data-end=\"1025\">\n<p data-start=\"979\" data-end=\"1025\">Textile polyester et v\u00eatements personnalis\u00e9s<\/p>\n<\/li>\n<li data-section-id=\"17zi5od\" data-start=\"1026\" data-end=\"1050\">\n<p data-start=\"1028\" data-end=\"1050\">Objets publicitaires<\/p>\n<\/li>\n<li data-section-id=\"1vzv9a1\" data-start=\"1051\" data-end=\"1081\">\n<p data-start=\"1053\" data-end=\"1081\">Plaques aluminium et photo<\/p>\n<\/li>\n<li data-section-id=\"1upnfap\" data-start=\"1082\" data-end=\"1105\">\n<p data-start=\"1084\" data-end=\"1105\">Cadeaux personnalis\u00e9s<\/p>\n<\/li>\n<\/ul>\n","protected":false},"excerpt":{"rendered":"<ul>\n<li data-section-id=\"1al7go4\" data-start=\"1132\" data-end=\"1149\">\n<p data-start=\"1134\" data-end=\"1149\">Format : <strong data-start=\"1143\" data-end=\"1149\">A4<\/strong><\/p>\n<\/li>\n<li data-section-id=\"1al7go4\" data-start=\"1132\" data-end=\"1149\">Poids : <strong>100g<\/strong><\/li>\n<li data-section-id=\"cy22qp\" data-start=\"1150\" data-end=\"1179\">\n<p data-start=\"1152\" data-end=\"1179\">Quantit\u00e9 : <strong data-start=\"1163\" data-end=\"1179\">100 feuilles<\/strong><\/p>\n<\/li>\n<li data-section-id=\"1k4vsm3\" data-start=\"1180\" data-end=\"1217\">\n<p data-start=\"1182\" data-end=\"1217\">Type : Papier transfert sublimation<\/p>\n<\/li>\n<li data-section-id=\"z5ilch\" data-start=\"1218\" data-end=\"1234\">\n<p data-start=\"1220\" data-end=\"1234\">S\u00e9chage rapide<\/p>\n<\/li>\n<li data-section-id=\"1lj4n1l\" data-start=\"1235\" data-end=\"1265\">\n<p data-start=\"1237\" data-end=\"1265\">Haute pr\u00e9cision des couleurs<\/p>\n<\/li>\n<li data-section-id=\"1cftxzr\" data-start=\"1266\" data-end=\"1293\">\n<p data-start=\"1268\" data-end=\"1293\">Compatible presse \u00e0 chaud<\/p>\n<\/li>\n<\/ul>\n","protected":false},"featured_media":16852,"comment_status":"open","ping_status":"closed","template":"","meta":{"_acf_changed":false,"_monsterinsights_skip_tracking":false,"_monsterinsights_sitenote_active":false,"_monsterinsights_sitenote_note":"","_monsterinsights_sitenote_category":0,"_uf_show_specific_survey":0,"_uf_disable_surveys":false,"_joinchat":[]},"product_brand":[],"product_cat":[384,385],"product_tag":[],"class_list":{"0":"post-16846","1":"product","2":"type-product","3":"status-publish","4":"has-post-thumbnail","6":"product_cat-fournitures-dimpression","7":"product_cat-sublimation","9":"first","10":"instock","11":"sale","12":"shipping-taxable","13":"purchasable","14":"product-type-simple"},"acf":[],"jetpack_sharing_enabled":true,"_links":{"self":[{"href":"https:\/\/digistar.ma\/index.php?rest_route=\/wp\/v2\/product\/16846","targetHints":{"allow":["GET"]}}],"collection":[{"href":"https:\/\/digistar.ma\/index.php?rest_route=\/wp\/v2\/product"}],"about":[{"href":"https:\/\/digistar.ma\/index.php?rest_route=\/wp\/v2\/types\/product"}],"replies":[{"embeddable":true,"href":"https:\/\/digistar.ma\/index.php?rest_route=%2Fwp%2Fv2%2Fcomments&post=16846"}],"version-history":[{"count":1,"href":"https:\/\/digistar.ma\/index.php?rest_route=\/wp\/v2\/product\/16846\/revisions"}],"predecessor-version":[{"id":16853,"href":"https:\/\/digistar.ma\/index.php?rest_route=\/wp\/v2\/product\/16846\/revisions\/16853"}],"wp:featuredmedia":[{"embeddable":true,"href":"https:\/\/digistar.ma\/index.php?rest_route=\/wp\/v2\/media\/16852"}],"wp:attachment":[{"href":"https:\/\/digistar.ma\/index.php?rest_route=%2Fwp%2Fv2%2Fmedia&parent=16846"}],"wp:term":[{"taxonomy":"product_brand","embeddable":true,"href":"https:\/\/digistar.ma\/index.php?rest_route=%2Fwp%2Fv2%2Fproduct_brand&post=16846"},{"taxonomy":"product_cat","embeddable":true,"href":"https:\/\/digistar.ma\/index.php?rest_route=%2Fwp%2Fv2%2Fproduct_cat&post=16846"},{"taxonomy":"product_tag","embeddable":true,"href":"https:\/\/digistar.ma\/index.php?rest_route=%2Fwp%2Fv2%2Fproduct_tag&post=16846"}],"curies":[{"name":"wp","href":"https:\/\/api.w.org\/{rel}","templated":true}]}}