{"id":16872,"date":"2026-03-16T01:08:53","date_gmt":"2026-03-16T01:08:53","guid":{"rendered":"https:\/\/digistar.ma\/?post_type=product&#038;p=16872"},"modified":"2026-03-20T00:20:10","modified_gmt":"2026-03-20T00:20:10","slug":"tete-dimpression-epson-tx800-pour-imprimante-grand-format","status":"publish","type":"product","link":"https:\/\/digistar.ma\/?product=tete-dimpression-epson-tx800-pour-imprimante-grand-format","title":{"rendered":"T\u00eate d\u2019Impression Epson TX800 pour Imprimante Grand Format"},"content":{"rendered":"<h3>T\u00eate d\u2019Impression Epson TX800 pour Imprimante Grand Format<\/h3>\n<p data-start=\"272\" data-end=\"463\">La <strong data-start=\"275\" data-end=\"308\">t\u00eate d\u2019impression Epson TX800<\/strong> est une t\u00eate d\u2019impression haute pr\u00e9cision utilis\u00e9e dans les imprimantes <strong data-start=\"381\" data-end=\"424\">Eco-Solvent et imprimantes grand format<\/strong> destin\u00e9es \u00e0 l\u2019impression publicitaire.<\/p>\n<p data-start=\"465\" data-end=\"663\">Elle permet d\u2019obtenir une <strong data-start=\"491\" data-end=\"526\">excellente qualit\u00e9 d\u2019impression<\/strong>, des couleurs vives et une grande pr\u00e9cision des d\u00e9tails, id\u00e9ale pour les professionnels de la signal\u00e9tique et de l\u2019impression num\u00e9rique.<\/p>\n<p data-start=\"665\" data-end=\"805\">La t\u00eate Epson TX800 est souvent utilis\u00e9e dans les machines d\u2019impression pour <strong data-start=\"742\" data-end=\"804\">vinyle adh\u00e9sif, b\u00e2ches publicitaires, stickers et affiches<\/strong>.<\/p>\n<p data-start=\"807\" data-end=\"968\">Gr\u00e2ce \u00e0 la technologie jet d\u2019encre Epson, cette t\u00eate offre une <strong data-start=\"870\" data-end=\"925\">projection d\u2019encre stable et une performance fiable<\/strong>, adapt\u00e9e aux productions professionnelles.<\/p>\n<h3 data-section-id=\"1lhszvz\" data-start=\"970\" data-end=\"990\"><strong data-start=\"974\" data-end=\"990\">Applications<\/strong><\/h3>\n<ul data-start=\"991\" data-end=\"1173\">\n<li data-section-id=\"a3fyym\" data-start=\"991\" data-end=\"1019\">\n<p data-start=\"993\" data-end=\"1019\">Impression <strong data-start=\"1004\" data-end=\"1019\">Eco-Solvent<\/strong><\/p>\n<\/li>\n<li data-section-id=\"1ibcg1a\" data-start=\"1020\" data-end=\"1055\">\n<p data-start=\"1022\" data-end=\"1055\">Impression sur <strong data-start=\"1037\" data-end=\"1055\">vinyle adh\u00e9sif<\/strong><\/p>\n<\/li>\n<li data-section-id=\"qieqha\" data-start=\"1056\" data-end=\"1093\">\n<p data-start=\"1058\" data-end=\"1093\">Impression <strong data-start=\"1069\" data-end=\"1093\">b\u00e2ches publicitaires<\/strong><\/p>\n<\/li>\n<li data-section-id=\"1kp611\" data-start=\"1094\" data-end=\"1131\">\n<p data-start=\"1096\" data-end=\"1131\">Impression <strong data-start=\"1107\" data-end=\"1131\">stickers et affiches<\/strong><\/p>\n<\/li>\n<li data-section-id=\"1s51mhw\" data-start=\"1132\" data-end=\"1173\">\n<p data-start=\"1134\" data-end=\"1173\">Signal\u00e9tique et impression grand format<\/p>\n<\/li>\n<\/ul>\n","protected":false},"excerpt":{"rendered":"<ul>\n<li data-section-id=\"1pfuvom\" data-start=\"1200\" data-end=\"1226\">\n<p data-start=\"1202\" data-end=\"1226\">Mod\u00e8le : <strong data-start=\"1211\" data-end=\"1226\">Epson TX800<\/strong><\/p>\n<\/li>\n<li data-section-id=\"lmgkbu\" data-start=\"1227\" data-end=\"1269\">\n<p data-start=\"1229\" data-end=\"1269\">Type : <strong data-start=\"1236\" data-end=\"1269\">t\u00eate d\u2019impression jet d\u2019encre<\/strong><\/p>\n<\/li>\n<li data-section-id=\"tb2761\" data-start=\"1270\" data-end=\"1300\">\n<p data-start=\"1272\" data-end=\"1300\">Haute pr\u00e9cision d\u2019impression<\/p>\n<\/li>\n<li data-section-id=\"1029iil\" data-start=\"1301\" data-end=\"1321\">\n<p data-start=\"1303\" data-end=\"1321\">Performance stable<\/p>\n<\/li>\n<li data-section-id=\"lzb82k\" data-start=\"1322\" data-end=\"1359\">\n<p data-start=\"1324\" data-end=\"1359\">Compatible imprimantes grand format<\/p>\n<\/li>\n<li data-section-id=\"a069vn\" data-start=\"1360\" data-end=\"1389\">\n<p data-start=\"1362\" data-end=\"1389\">Utilisation professionnelle<\/p>\n<\/li>\n<\/ul>\n","protected":false},"featured_media":16873,"comment_status":"open","ping_status":"closed","template":"","meta":{"_acf_changed":false,"_monsterinsights_skip_tracking":false,"_monsterinsights_sitenote_active":false,"_monsterinsights_sitenote_note":"","_monsterinsights_sitenote_category":0,"_uf_show_specific_survey":0,"_uf_disable_surveys":false,"_joinchat":[]},"product_brand":[],"product_cat":[238,384,252],"product_tag":[],"class_list":{"0":"post-16872","1":"product","2":"type-product","3":"status-publish","4":"has-post-thumbnail","6":"product_cat-consommables","7":"product_cat-fournitures-dimpression","8":"product_cat-tete-dimpression","10":"first","11":"instock","12":"sale","13":"shipping-taxable","14":"purchasable","15":"product-type-simple"},"acf":[],"jetpack_sharing_enabled":true,"_links":{"self":[{"href":"https:\/\/digistar.ma\/index.php?rest_route=\/wp\/v2\/product\/16872","targetHints":{"allow":["GET"]}}],"collection":[{"href":"https:\/\/digistar.ma\/index.php?rest_route=\/wp\/v2\/product"}],"about":[{"href":"https:\/\/digistar.ma\/index.php?rest_route=\/wp\/v2\/types\/product"}],"replies":[{"embeddable":true,"href":"https:\/\/digistar.ma\/index.php?rest_route=%2Fwp%2Fv2%2Fcomments&post=16872"}],"version-history":[{"count":2,"href":"https:\/\/digistar.ma\/index.php?rest_route=\/wp\/v2\/product\/16872\/revisions"}],"predecessor-version":[{"id":16880,"href":"https:\/\/digistar.ma\/index.php?rest_route=\/wp\/v2\/product\/16872\/revisions\/16880"}],"wp:featuredmedia":[{"embeddable":true,"href":"https:\/\/digistar.ma\/index.php?rest_route=\/wp\/v2\/media\/16873"}],"wp:attachment":[{"href":"https:\/\/digistar.ma\/index.php?rest_route=%2Fwp%2Fv2%2Fmedia&parent=16872"}],"wp:term":[{"taxonomy":"product_brand","embeddable":true,"href":"https:\/\/digistar.ma\/index.php?rest_route=%2Fwp%2Fv2%2Fproduct_brand&post=16872"},{"taxonomy":"product_cat","embeddable":true,"href":"https:\/\/digistar.ma\/index.php?rest_route=%2Fwp%2Fv2%2Fproduct_cat&post=16872"},{"taxonomy":"product_tag","embeddable":true,"href":"https:\/\/digistar.ma\/index.php?rest_route=%2Fwp%2Fv2%2Fproduct_tag&post=16872"}],"curies":[{"name":"wp","href":"https:\/\/api.w.org\/{rel}","templated":true}]}}